{"id":15,"date":"2024-10-05T21:12:39","date_gmt":"2024-10-05T19:12:39","guid":{"rendered":"http:\/\/de-vv.com\/bonconseil\/?page_id=15"},"modified":"2024-10-06T11:35:49","modified_gmt":"2024-10-06T09:35:49","slug":"contact","status":"publish","type":"page","link":"http:\/\/de-vv.com\/bonconseil\/contact\/","title":{"rendered":"Contact"},"content":{"rendered":"[vc_row type=\u00a0\u00bbfull_width_content\u00a0\u00bb full_screen_row_position=\u00a0\u00bbmiddle\u00a0\u00bb equal_height=\u00a0\u00bbyes\u00a0\u00bb column_margin=\u00a0\u00bbnone\u00a0\u00bb scene_position=\u00a0\u00bbcenter\u00a0\u00bb text_color=\u00a0\u00bbdark\u00a0\u00bb text_align=\u00a0\u00bbleft\u00a0\u00bb class=\u00a0\u00bbmargin-form\u00a0\u00bb overlay_strength=\u00a0\u00bb0.3&Prime; shape_divider_position=\u00a0\u00bbbottom\u00a0\u00bb bg_image_animation=\u00a0\u00bbnone\u00a0\u00bb shape_type=\u00a0\u00bb\u00a0\u00bb][vc_column column_padding=\u00a0\u00bbpadding-4-percent\u00a0\u00bb column_padding_position=\u00a0\u00bball\u00a0\u00bb background_color_opacity=\u00a0\u00bb1&Prime; background_hover_color_opacity=\u00a0\u00bb1&Prime; font_color=\u00a0\u00bb#040404&Prime; column_link_target=\u00a0\u00bb_self\u00a0\u00bb column_shadow=\u00a0\u00bbnone\u00a0\u00bb column_border_radius=\u00a0\u00bbnone\u00a0\u00bb width=\u00a0\u00bb2\/3&Prime; tablet_width_inherit=\u00a0\u00bbdefault\u00a0\u00bb tablet_text_alignment=\u00a0\u00bbdefault\u00a0\u00bb phone_text_alignment=\u00a0\u00bbdefault\u00a0\u00bb overlay_strength=\u00a0\u00bb0.3&Prime; column_border_width=\u00a0\u00bbnone\u00a0\u00bb column_border_style=\u00a0\u00bbsolid\u00a0\u00bb bg_image_animation=\u00a0\u00bbnone\u00a0\u00bb][vc_column_text css=\u00a0\u00bb.vc_custom_1728206698806{padding-bottom: 20px !important;}\u00a0\u00bb]\n<h1 style=\"color: #007fa0;\">Contactez nous<\/h1>\n<p>Vous avez une question sur nos formations ? Vous souhaitez conna\u00eetre la d\u00e9marche \u00e0 suivre pour vous inscrire ? Envoyez nous un message avec vos coordonn\u00e9es, nous vous recontacterons au plus vite.[\/vc_column_text][vc_raw_html]JTNDaWZyYW1lJTIwc2FuZGJveCUzRCUyN2FsbG93LXNjcmlwdHMlMjBhbGxvdy1mb3JtcyUyMGFsbG93LXNhbWUtb3JpZ2luJTIwYWxsb3ctcG9wdXBzJTI3JTIwc3JjJTNEJTI3aHR0cHMlM0ElMkYlMkZ3d3cudnJvb212cm9vbS5mciUyRm1lZXRpbmdzLWNvbnRhY3QlM0ZzY2hvb2xfaWQlM0Q2NjdkNGM3OGQzNmI0YTAwYWJiYzQwMGElMjZmcyUzRGV5SnRaV1YwYVc1blUzVmlhbVZqZEhNaU9sdDdJbTVoYldVaU9pSlFaWEp0YVhNZ1FpRGlnSk1nWW0lMkZEcm5SbElHMWhiblZsYkd4bEluMHNleUp1WVcxbElqb2lVR1Z5YldseklFSXhJbjBzZXlKdVlXMWxJam9pVUdWeWJXbHpJRUlnNG9DVElHSnZ3NjUwWlNCaGRYUnZiV0YwYVhGMVpTSjlMSHNpYm1GdFpTSTZJa052WkdVZ2RXNXBjWFZsYldWdWRDSjlMSHNpYm1GdFpTSTZJbFZ1WlNCaGRYUnlaU0JtYjNKdFlYUnBiMjRpZlN4N0ltNWhiV1VpT2lKR2IzSnRZWFJwYjI0Z01USTFJR050TXlKOUxIc2libUZ0WlNJNklrTnZibVIxYVhSbElHRmpZMjl0Y0dGbmJzT3BaU0o5WFN3aWMyTm9iMjlzY3lJNlczc2lhV1FpT2lJMk5qZGtOR00zT0dRek5tSTBZVEF3WVdKaVl6UXdNR0VpTENKMGFYUnNaU0k2SWtGMWRHOHR3NmxqYjJ4bElHUjFJRUp2YmlCRGIyNXpaV2xzSWl3aWMzUnlaV1YwSWpvaU1UTWdZWFpsYm5WbElFcGxZVzRnU21GMWNzT29jeUlzSW1OcGRIa2lPaUpQZFd4c2FXNXpJaXdpZW1sd1kyOWtaU0k2SWpZNU5qQXdJbjFkTENKelpXTjBhVzl1Y3lJNlczc2lhV1FpT2pFc0ltNWhiV1VpT2lKUWNzT3BibTl0SWl3aVlYSmxZU0k2SW1acGNuTjBibUZ0WlNJc0ltbHpRMmhsWTJ0bFpDSTZkSEoxWlN3aWFYTkVjbTl3Wkc5M2JpSTZabUZzYzJVc0luQnNZV05sYUc5c1pHVnlJam9pVFdGeWRHbHVJbjBzZXlKcFpDSTZNaXdpYm1GdFpTSTZJazV2YlNJc0ltRnlaV0VpT2lKc1lYTjBibUZ0WlNJc0ltbHpRMmhsWTJ0bFpDSTZkSEoxWlN3aWFYTkVjbTl3Wkc5M2JpSTZabUZzYzJVc0luQnNZV05sYUc5c1pHVnlJam9pUkhWd2IyNTBJbjBzZXlKcFpDSTZNeXdpYm1GdFpTSTZJbFREcVd6RHFYQm9iMjVsSWl3aVlYSmxZU0k2SW5Cb2IyNWxJaXdpYVhORGFHVmphMlZrSWpwMGNuVmxMQ0pwYzBSeWIzQmtiM2R1SWpwbVlXeHpaU3dpY0d4aFkyVm9iMnhrWlhJaU9pSXJNek1nTXlBek15QXpNeUF6TXlBek15SjlMSHNpYVdRaU9qUXNJbTVoYldVaU9pSkZiV0ZwYkNJc0ltRnlaV0VpT2lKbGJXRnBiQ0lzSW1selEyaGxZMnRsWkNJNmRISjFaU3dpYVhORWNtOXdaRzkzYmlJNlptRnNjMlVzSW5Cc1lXTmxhRzlzWkdWeUlqb2laWGhsYlhCc1pVQmxlR1Z0Y0d4bExtTnZiU0o5TEhzaWFXUWlPalVzSW01aGJXVWlPaUpHYjNKdFlYUnBiMjRnYzI5MWFHRnBkTU9wWlNJc0ltRnlaV0VpT2lKbWIzSnRZWFJwYjI0aUxDSnBjME5vWldOclpXUWlPblJ5ZFdVc0ltbHpSSEp2Y0dSdmQyNGlPblJ5ZFdVc0luQnNZV05sYUc5c1pHVnlJam9pVThPcGJHVmpkR2x2Ym01bGVpQjFibVVnWm05eWJXRjBhVzl1SW4wc2V5SnBaQ0k2Tml3aWJtRnRaU0k2SWxCbGNtMWxkSFJ5WlNERG9DQnM0b0NadzZsc3c2aDJaU0JrWlNCenc2bHNaV04wYVc5dWJtVnlJSFZ1WlNCaFoyVnVZMlVpTENKaGNtVmhJam9pWVdkbGJtTjVJaXdpYVhORGFHVmphMlZrSWpwbVlXeHpaU3dpYVhORWNtOXdaRzkzYmlJNmRISjFaU3dpY0d4aFkyVm9iMnhrWlhJaU9pSlR3NmxzWldOMGFXOXVibVY2SUhWdVpTQmhaMlZ1WTJVaWZTeDdJbWxrSWpvM0xDSnVZVzFsSWpvaVRXVnpjMkZuWlNCd1pYSnpiMjV1WVd4cGM4T3BJaXdpWVhKbFlTSTZJbTFsYzNOaFoyVWlMQ0pwYzBOb1pXTnJaV1FpT25SeWRXVXNJbWx6UkhKdmNHUnZkMjRpT21aaGJITmxMQ0p3YkdGalpXaHZiR1JsY2lJNklpSjlYU3dpWm05eWJVTnZiRzl5Y3lJNlczc2lhV1FpT2pFc0ltNWhiV1VpT2lKQmNuSnB3Nmh5WlNCd2JHRnVJaXdpWVhKbFlTSTZJbUpoWTJ0bmNtOTFibVJEYjJ4dmNpSXNJbU52Ykc5eUlqb2lJMlptWm1abVppSjlMSHNpYVdRaU9qSXNJbTVoYldVaU9pSkRhR0Z0Y0hNaUxDSmhjbVZoSWpvaVptbGxiR1J6UTI5c2IzSWlMQ0pqYjJ4dmNpSTZJaU5tWm1ZNVpXWWlmU3g3SW1sa0lqb3pMQ0p1WVcxbElqb2lWR1Y0ZEdVZ0tNT3BkR2x4ZFdWMGRHVnpLU0lzSW1GeVpXRWlPaUpzWVdKbGJITkRiMnh2Y2lJc0ltTnZiRzl5SWpvaUl6TXpNek16TXlKOUxIc2lhV1FpT2pRc0ltNWhiV1VpT2lKVVpYaDBaU0FvWTJoaGJYQnpLU0lzSW1GeVpXRWlPaUptYVdWc1pITlVaWGgwUTI5c2IzSWlMQ0pqYjJ4dmNpSTZJaU16TXpNek16TWlmU3g3SW1sa0lqbzFMQ0p1WVcxbElqb2lRbTkxZEc5dUlpd2lZWEpsWVNJNkltSjFkSFJ2YmtOdmJHOXlJaXdpWTI5c2IzSWlPaUlqTURBM1ptRXdJbjBzZXlKcFpDSTZOaXdpYm1GdFpTSTZJbFJsZUhSbElDaGliM1YwYjI0cElpd2lZWEpsWVNJNkltSjFkSFJ2YmxSbGVIUkRiMnh2Y2lJc0ltTnZiRzl5SWpvaUkwWkdSa1pHUmlKOVhYMCUzRCUyNyUyMHdpZHRoJTNEJTI3MTAwJTI1JTI3JTIwc2Nyb2xsaW5nJTNEJTI3bm8lMjclMjBhbGxvd2Z1bGxzY3JlZW4lMjBpZCUzRCUyN2luaWZyYW1lJTI3JTIwc3R5bGUlM0QlMjdib3JkZXItc3R5bGUlM0ElMjBub25lJTNCJTIwb3ZlcmZsb3clM0ElMjBzY3JvbGwlM0IlMjBvdmVyZmxvdy14JTNBJTIwaGlkZGVuJTNCJTIwaGVpZ2h0JTNBJTIwMTIwdmglM0IlMjclM0UlM0MlMkZpZnJhbWUlM0U=[\/vc_raw_html][\/vc_column][vc_column column_padding=\u00a0\u00bbpadding-4-percent\u00a0\u00bb column_padding_position=\u00a0\u00bball\u00a0\u00bb background_color_opacity=\u00a0\u00bb1&Prime; background_hover_color_opacity=\u00a0\u00bb1&Prime; background_image=\u00a0\u00bb55&Prime; column_link_target=\u00a0\u00bb_self\u00a0\u00bb column_shadow=\u00a0\u00bbnone\u00a0\u00bb column_border_radius=\u00a0\u00bbnone\u00a0\u00bb width=\u00a0\u00bb1\/3&Prime; tablet_width_inherit=\u00a0\u00bbdefault\u00a0\u00bb tablet_text_alignment=\u00a0\u00bbdefault\u00a0\u00bb phone_text_alignment=\u00a0\u00bbdefault\u00a0\u00bb color_overlay=\u00a0\u00bb#000000&Prime; overlay_strength=\u00a0\u00bb0.5&Prime; column_border_width=\u00a0\u00bbnone\u00a0\u00bb column_border_style=\u00a0\u00bbsolid\u00a0\u00bb bg_image_animation=\u00a0\u00bbnone\u00a0\u00bb][vc_row_inner column_margin=\u00a0\u00bbdefault\u00a0\u00bb bottom_padding=\u00a0\u00bb12&Prime; text_align=\u00a0\u00bbleft\u00a0\u00bb][vc_column_inner column_padding=\u00a0\u00bbno-extra-padding\u00a0\u00bb column_padding_position=\u00a0\u00bball\u00a0\u00bb background_color_opacity=\u00a0\u00bb1&Prime; background_hover_color_opacity=\u00a0\u00bb1&Prime; font_color=\u00a0\u00bb#ffffff\u00a0\u00bb column_shadow=\u00a0\u00bbnone\u00a0\u00bb column_border_radius=\u00a0\u00bbnone\u00a0\u00bb column_link_target=\u00a0\u00bb_self\u00a0\u00bb width=\u00a0\u00bb1\/1&Prime; tablet_width_inherit=\u00a0\u00bbdefault\u00a0\u00bb overlay_strength=\u00a0\u00bb0.3&Prime; column_border_width=\u00a0\u00bbnone\u00a0\u00bb column_border_style=\u00a0\u00bbsolid\u00a0\u00bb bg_image_animation=\u00a0\u00bbnone\u00a0\u00bb][vc_column_text css=\u00a0\u00bb.vc_custom_1728207132598{padding-bottom: 12px !important;}\u00a0\u00bb]\n<h4><i class=\"fa fa-map-signs\" style=\"color: #fad200;\"><\/i> O\u00f9 sommes-nous ?<\/h4>\n<p>Venez nous rencontrer dans notre agence d&rsquo;Oullins :<br \/>\n13 avenue Jean Jaur\u00e8s<br \/>\n69600 Oullins-Pierre-B\u00e9nite[\/vc_column_text][\/vc_column_inner][\/vc_row_inner][vc_row_inner column_margin=\u00a0\u00bbdefault\u00a0\u00bb bottom_padding=\u00a0\u00bb12&Prime; text_align=\u00a0\u00bbleft\u00a0\u00bb][vc_column_inner column_padding=\u00a0\u00bbno-extra-padding\u00a0\u00bb column_padding_position=\u00a0\u00bball\u00a0\u00bb background_color_opacity=\u00a0\u00bb1&Prime; background_hover_color_opacity=\u00a0\u00bb1&Prime; font_color=\u00a0\u00bb#ffffff\u00a0\u00bb column_shadow=\u00a0\u00bbnone\u00a0\u00bb column_border_radius=\u00a0\u00bbnone\u00a0\u00bb bottom_margin=\u00a0\u00bb30&Prime; column_link_target=\u00a0\u00bb_self\u00a0\u00bb width=\u00a0\u00bb1\/1&Prime; tablet_width_inherit=\u00a0\u00bbdefault\u00a0\u00bb overlay_strength=\u00a0\u00bb0.3&Prime; column_border_width=\u00a0\u00bbnone\u00a0\u00bb column_border_style=\u00a0\u00bbsolid\u00a0\u00bb bg_image_animation=\u00a0\u00bbnone\u00a0\u00bb][vc_column_text]\n<h4><i class=\"fa fa-comments\" style=\"color: #fad200;\"><\/i> Nos coordonn\u00e9es<\/h4>\n<p><a style=\"color: #fad200!important;\" href=\"tel:09.87.06.96.05\">09 87 06 96 05<\/a><br \/>\n<a style=\"color: #fad200!important;\" href=\"mailto:aebc-secretariat@hotmail.com\">Envoyer un mail<\/a>[\/vc_column_text][\/vc_column_inner][\/vc_row_inner][vc_row_inner column_margin=\u00a0\u00bbdefault\u00a0\u00bb text_align=\u00a0\u00bbleft\u00a0\u00bb][vc_column_inner column_padding=\u00a0\u00bbno-extra-padding\u00a0\u00bb column_padding_position=\u00a0\u00bball\u00a0\u00bb background_color_opacity=\u00a0\u00bb1&Prime; background_hover_color_opacity=\u00a0\u00bb1&Prime; font_color=\u00a0\u00bb#ffffff\u00a0\u00bb column_shadow=\u00a0\u00bbnone\u00a0\u00bb column_border_radius=\u00a0\u00bbnone\u00a0\u00bb column_link_target=\u00a0\u00bb_self\u00a0\u00bb width=\u00a0\u00bb1\/1&Prime; tablet_width_inherit=\u00a0\u00bbdefault\u00a0\u00bb overlay_strength=\u00a0\u00bb0.3&Prime; column_border_width=\u00a0\u00bbnone\u00a0\u00bb column_border_style=\u00a0\u00bbsolid\u00a0\u00bb bg_image_animation=\u00a0\u00bbnone\u00a0\u00bb][vc_column_text]\n<h4><i class=\"fa fa-clock\" style=\"color: #fad200;\"><\/i> Nos horaires<\/h4>\n<p>Notre agence est ouverte :<br \/>\n&#8211; Du lundi au vendredi de 15h30 \u00e0 18h<br \/>\n&#8211; Le samedi de 10h \u00e0 14h[\/vc_column_text][\/vc_column_inner][\/vc_row_inner][\/vc_column][\/vc_row]\n","protected":false},"excerpt":{"rendered":"<p>[vc_row type=\u00a0\u00bbfull_width_content\u00a0\u00bb full_screen_row_position=\u00a0\u00bbmiddle\u00a0\u00bb equal_height=\u00a0\u00bbyes\u00a0\u00bb column_margin=\u00a0\u00bbnone\u00a0\u00bb scene_position=\u00a0\u00bbcenter\u00a0\u00bb text_color=\u00a0\u00bbdark\u00a0\u00bb text_align=\u00a0\u00bbleft\u00a0\u00bb class=\u00a0\u00bbmargin-form\u00a0\u00bb overlay_strength=\u00a0\u00bb0.3&Prime; shape_divider_position=\u00a0\u00bbbottom\u00a0\u00bb bg_image_animation=\u00a0\u00bbnone\u00a0\u00bb shape_type=\u00a0\u00bb\u00a0\u00bb][vc_column column_padding=\u00a0\u00bbpadding-4-percent\u00a0\u00bb column_padding_position=\u00a0\u00bball\u00a0\u00bb background_color_opacity=\u00a0\u00bb1&Prime; background_hover_color_opacity=\u00a0\u00bb1&Prime; font_color=\u00a0\u00bb#040404&Prime; column_link_target=\u00a0\u00bb_self\u00a0\u00bb column_shadow=\u00a0\u00bbnone\u00a0\u00bb column_border_radius=\u00a0\u00bbnone\u00a0\u00bb width=\u00a0\u00bb2\/3&Prime; tablet_width_inherit=\u00a0\u00bbdefault\u00a0\u00bb tablet_text_alignment=\u00a0\u00bbdefault\u00a0\u00bb phone_text_alignment=\u00a0\u00bbdefault\u00a0\u00bb overlay_strength=\u00a0\u00bb0.3&Prime; column_border_width=\u00a0\u00bbnone\u00a0\u00bb column_border_style=\u00a0\u00bbsolid\u00a0\u00bb bg_image_animation=\u00a0\u00bbnone\u00a0\u00bb][vc_column_text css=\u00a0\u00bb.vc_custom_1728206698806{padding-bottom:&#8230;<\/p>\n","protected":false},"author":1,"featured_media":0,"parent":0,"menu_order":0,"comment_status":"closed","ping_status":"closed","template":"","meta":{"footnotes":""},"class_list":["post-15","page","type-page","status-publish"],"yoast_head":"<!-- This site is optimized with the Yoast SEO plugin v23.6 - https:\/\/yoast.com\/wordpress\/plugins\/seo\/ -->\n<title>Contact - Auto-\u00e9cole du Bon Conseil<\/title>\n<meta name=\"robots\" content=\"noindex, follow, max-snippet:-1, max-image-preview:large, max-video-preview:-1\" \/>\n<meta property=\"og:locale\" content=\"fr_FR\" \/>\n<meta property=\"og:type\" content=\"article\" \/>\n<meta property=\"og:title\" content=\"Contact - Auto-\u00e9cole du Bon Conseil\" \/>\n<meta property=\"og:description\" content=\"[vc_row type=\u00a0\u00bbfull_width_content\u00a0\u00bb full_screen_row_position=\u00a0\u00bbmiddle\u00a0\u00bb equal_height=\u00a0\u00bbyes\u00a0\u00bb column_margin=\u00a0\u00bbnone\u00a0\u00bb scene_position=\u00a0\u00bbcenter\u00a0\u00bb text_color=\u00a0\u00bbdark\u00a0\u00bb text_align=\u00a0\u00bbleft\u00a0\u00bb class=\u00a0\u00bbmargin-form\u00a0\u00bb overlay_strength=\u00a0\u00bb0.3&Prime; shape_divider_position=\u00a0\u00bbbottom\u00a0\u00bb bg_image_animation=\u00a0\u00bbnone\u00a0\u00bb shape_type=\u00a0\u00bb\u00a0\u00bb][vc_column column_padding=\u00a0\u00bbpadding-4-percent\u00a0\u00bb column_padding_position=\u00a0\u00bball\u00a0\u00bb background_color_opacity=\u00a0\u00bb1&Prime; background_hover_color_opacity=\u00a0\u00bb1&Prime; font_color=\u00a0\u00bb#040404&Prime; column_link_target=\u00a0\u00bb_self\u00a0\u00bb column_shadow=\u00a0\u00bbnone\u00a0\u00bb column_border_radius=\u00a0\u00bbnone\u00a0\u00bb width=\u00a0\u00bb2\/3&Prime; tablet_width_inherit=\u00a0\u00bbdefault\u00a0\u00bb tablet_text_alignment=\u00a0\u00bbdefault\u00a0\u00bb phone_text_alignment=\u00a0\u00bbdefault\u00a0\u00bb overlay_strength=\u00a0\u00bb0.3&Prime; column_border_width=\u00a0\u00bbnone\u00a0\u00bb column_border_style=\u00a0\u00bbsolid\u00a0\u00bb bg_image_animation=\u00a0\u00bbnone\u00a0\u00bb][vc_column_text css=\u00a0\u00bb.vc_custom_1728206698806{padding-bottom:...\" \/>\n<meta property=\"og:url\" content=\"http:\/\/de-vv.com\/bonconseil\/contact\/\" \/>\n<meta property=\"og:site_name\" content=\"Auto-\u00e9cole du Bon Conseil\" \/>\n<meta property=\"article:modified_time\" content=\"2024-10-06T09:35:49+00:00\" \/>\n<meta name=\"twitter:card\" content=\"summary_large_image\" \/>\n<meta name=\"twitter:label1\" content=\"Dur\u00e9e de lecture estim\u00e9e\" \/>\n\t<meta name=\"twitter:data1\" content=\"1 minute\" \/>\n<script type=\"application\/ld+json\" class=\"yoast-schema-graph\">{\"@context\":\"https:\/\/schema.org\",\"@graph\":[{\"@type\":\"WebPage\",\"@id\":\"http:\/\/de-vv.com\/bonconseil\/contact\/\",\"url\":\"http:\/\/de-vv.com\/bonconseil\/contact\/\",\"name\":\"Contact - Auto-\u00e9cole du Bon Conseil\",\"isPartOf\":{\"@id\":\"http:\/\/de-vv.com\/bonconseil\/#website\"},\"datePublished\":\"2024-10-05T19:12:39+00:00\",\"dateModified\":\"2024-10-06T09:35:49+00:00\",\"breadcrumb\":{\"@id\":\"http:\/\/de-vv.com\/bonconseil\/contact\/#breadcrumb\"},\"inLanguage\":\"fr-FR\",\"potentialAction\":[{\"@type\":\"ReadAction\",\"target\":[\"http:\/\/de-vv.com\/bonconseil\/contact\/\"]}]},{\"@type\":\"BreadcrumbList\",\"@id\":\"http:\/\/de-vv.com\/bonconseil\/contact\/#breadcrumb\",\"itemListElement\":[{\"@type\":\"ListItem\",\"position\":1,\"name\":\"Accueil\",\"item\":\"http:\/\/de-vv.com\/bonconseil\/\"},{\"@type\":\"ListItem\",\"position\":2,\"name\":\"Contact\"}]},{\"@type\":\"WebSite\",\"@id\":\"http:\/\/de-vv.com\/bonconseil\/#website\",\"url\":\"http:\/\/de-vv.com\/bonconseil\/\",\"name\":\"Auto-\u00e9cole du Bon Conseil\",\"description\":\"ton auto-\u00e9cole \u00e0 Oullins (69)\",\"potentialAction\":[{\"@type\":\"SearchAction\",\"target\":{\"@type\":\"EntryPoint\",\"urlTemplate\":\"http:\/\/de-vv.com\/bonconseil\/?s={search_term_string}\"},\"query-input\":{\"@type\":\"PropertyValueSpecification\",\"valueRequired\":true,\"valueName\":\"search_term_string\"}}],\"inLanguage\":\"fr-FR\"}]}<\/script>\n<!-- \/ Yoast SEO plugin. -->","yoast_head_json":{"title":"Contact - Auto-\u00e9cole du Bon Conseil","robots":{"index":"noindex","follow":"follow","max-snippet":"max-snippet:-1","max-image-preview":"max-image-preview:large","max-video-preview":"max-video-preview:-1"},"og_locale":"fr_FR","og_type":"article","og_title":"Contact - Auto-\u00e9cole du Bon Conseil","og_description":"[vc_row type=\u00a0\u00bbfull_width_content\u00a0\u00bb full_screen_row_position=\u00a0\u00bbmiddle\u00a0\u00bb equal_height=\u00a0\u00bbyes\u00a0\u00bb column_margin=\u00a0\u00bbnone\u00a0\u00bb scene_position=\u00a0\u00bbcenter\u00a0\u00bb text_color=\u00a0\u00bbdark\u00a0\u00bb text_align=\u00a0\u00bbleft\u00a0\u00bb class=\u00a0\u00bbmargin-form\u00a0\u00bb overlay_strength=\u00a0\u00bb0.3&Prime; shape_divider_position=\u00a0\u00bbbottom\u00a0\u00bb bg_image_animation=\u00a0\u00bbnone\u00a0\u00bb shape_type=\u00a0\u00bb\u00a0\u00bb][vc_column column_padding=\u00a0\u00bbpadding-4-percent\u00a0\u00bb column_padding_position=\u00a0\u00bball\u00a0\u00bb background_color_opacity=\u00a0\u00bb1&Prime; background_hover_color_opacity=\u00a0\u00bb1&Prime; font_color=\u00a0\u00bb#040404&Prime; column_link_target=\u00a0\u00bb_self\u00a0\u00bb column_shadow=\u00a0\u00bbnone\u00a0\u00bb column_border_radius=\u00a0\u00bbnone\u00a0\u00bb width=\u00a0\u00bb2\/3&Prime; tablet_width_inherit=\u00a0\u00bbdefault\u00a0\u00bb tablet_text_alignment=\u00a0\u00bbdefault\u00a0\u00bb phone_text_alignment=\u00a0\u00bbdefault\u00a0\u00bb overlay_strength=\u00a0\u00bb0.3&Prime; column_border_width=\u00a0\u00bbnone\u00a0\u00bb column_border_style=\u00a0\u00bbsolid\u00a0\u00bb bg_image_animation=\u00a0\u00bbnone\u00a0\u00bb][vc_column_text css=\u00a0\u00bb.vc_custom_1728206698806{padding-bottom:...","og_url":"http:\/\/de-vv.com\/bonconseil\/contact\/","og_site_name":"Auto-\u00e9cole du Bon Conseil","article_modified_time":"2024-10-06T09:35:49+00:00","twitter_card":"summary_large_image","twitter_misc":{"Dur\u00e9e de lecture estim\u00e9e":"1 minute"},"schema":{"@context":"https:\/\/schema.org","@graph":[{"@type":"WebPage","@id":"http:\/\/de-vv.com\/bonconseil\/contact\/","url":"http:\/\/de-vv.com\/bonconseil\/contact\/","name":"Contact - Auto-\u00e9cole du Bon Conseil","isPartOf":{"@id":"http:\/\/de-vv.com\/bonconseil\/#website"},"datePublished":"2024-10-05T19:12:39+00:00","dateModified":"2024-10-06T09:35:49+00:00","breadcrumb":{"@id":"http:\/\/de-vv.com\/bonconseil\/contact\/#breadcrumb"},"inLanguage":"fr-FR","potentialAction":[{"@type":"ReadAction","target":["http:\/\/de-vv.com\/bonconseil\/contact\/"]}]},{"@type":"BreadcrumbList","@id":"http:\/\/de-vv.com\/bonconseil\/contact\/#breadcrumb","itemListElement":[{"@type":"ListItem","position":1,"name":"Accueil","item":"http:\/\/de-vv.com\/bonconseil\/"},{"@type":"ListItem","position":2,"name":"Contact"}]},{"@type":"WebSite","@id":"http:\/\/de-vv.com\/bonconseil\/#website","url":"http:\/\/de-vv.com\/bonconseil\/","name":"Auto-\u00e9cole du Bon Conseil","description":"ton auto-\u00e9cole \u00e0 Oullins (69)","potentialAction":[{"@type":"SearchAction","target":{"@type":"EntryPoint","urlTemplate":"http:\/\/de-vv.com\/bonconseil\/?s={search_term_string}"},"query-input":{"@type":"PropertyValueSpecification","valueRequired":true,"valueName":"search_term_string"}}],"inLanguage":"fr-FR"}]}},"_links":{"self":[{"href":"http:\/\/de-vv.com\/bonconseil\/wp-json\/wp\/v2\/pages\/15"}],"collection":[{"href":"http:\/\/de-vv.com\/bonconseil\/wp-json\/wp\/v2\/pages"}],"about":[{"href":"http:\/\/de-vv.com\/bonconseil\/wp-json\/wp\/v2\/types\/page"}],"author":[{"embeddable":true,"href":"http:\/\/de-vv.com\/bonconseil\/wp-json\/wp\/v2\/users\/1"}],"replies":[{"embeddable":true,"href":"http:\/\/de-vv.com\/bonconseil\/wp-json\/wp\/v2\/comments?post=15"}],"version-history":[{"count":6,"href":"http:\/\/de-vv.com\/bonconseil\/wp-json\/wp\/v2\/pages\/15\/revisions"}],"predecessor-version":[{"id":57,"href":"http:\/\/de-vv.com\/bonconseil\/wp-json\/wp\/v2\/pages\/15\/revisions\/57"}],"wp:attachment":[{"href":"http:\/\/de-vv.com\/bonconseil\/wp-json\/wp\/v2\/media?parent=15"}],"curies":[{"name":"wp","href":"https:\/\/api.w.org\/{rel}","templated":true}]}}