{"id":70,"date":"2024-09-29T09:47:31","date_gmt":"2024-09-29T07:47:31","guid":{"rendered":"http:\/\/de-vv.com\/croissy\/?page_id=70"},"modified":"2024-09-29T17:18:43","modified_gmt":"2024-09-29T15:18:43","slug":"tarifs-a-lunite","status":"publish","type":"page","link":"http:\/\/de-vv.com\/croissy\/tarifs-a-lunite\/","title":{"rendered":"Tarifs \u00e0 l&rsquo;unit\u00e9"},"content":{"rendered":"[vc_row type=\u00a0\u00bbfull_width_content\u00a0\u00bb full_screen_row_position=\u00a0\u00bbmiddle\u00a0\u00bb equal_height=\u00a0\u00bbyes\u00a0\u00bb column_margin=\u00a0\u00bbnone\u00a0\u00bb scene_position=\u00a0\u00bbcenter\u00a0\u00bb text_color=\u00a0\u00bbdark\u00a0\u00bb text_align=\u00a0\u00bbleft\u00a0\u00bb class=\u00a0\u00bbmargin-form\u00a0\u00bb overlay_strength=\u00a0\u00bb0.3&Prime; shape_divider_position=\u00a0\u00bbbottom\u00a0\u00bb bg_image_animation=\u00a0\u00bbnone\u00a0\u00bb shape_type=\u00a0\u00bb\u00a0\u00bb][vc_column column_padding=\u00a0\u00bbpadding-4-percent\u00a0\u00bb column_padding_position=\u00a0\u00bball\u00a0\u00bb background_color_opacity=\u00a0\u00bb1&Prime; background_hover_color_opacity=\u00a0\u00bb1&Prime; font_color=\u00a0\u00bb#040404&Prime; column_link_target=\u00a0\u00bb_self\u00a0\u00bb column_shadow=\u00a0\u00bbnone\u00a0\u00bb column_border_radius=\u00a0\u00bbnone\u00a0\u00bb width=\u00a0\u00bb2\/3&Prime; tablet_width_inherit=\u00a0\u00bbdefault\u00a0\u00bb tablet_text_alignment=\u00a0\u00bbdefault\u00a0\u00bb phone_text_alignment=\u00a0\u00bbdefault\u00a0\u00bb overlay_strength=\u00a0\u00bb0.3&Prime; column_border_width=\u00a0\u00bbnone\u00a0\u00bb column_border_style=\u00a0\u00bbsolid\u00a0\u00bb bg_image_animation=\u00a0\u00bbnone\u00a0\u00bb][vc_column_text css=\u00a0\u00bb.vc_custom_1727596286362{padding-bottom: 20px !important;}\u00a0\u00bb]\n<h1 style=\"color: #53af39;\">Tarifs \u00e0 l&rsquo;unit\u00e9<\/h1>\n<p>Retrouvez ci-dessous nos tarifs \u00e0 l\u2019unit\u00e9. Ces tarifs sont exprim\u00e9s en euros (\u20ac), toutes taxes comprises. Ils sont valables jusqu\u2019au 31 d\u00e9cembre 2024.[\/vc_column_text][vc_column_text]\n<h4 style=\"color: #53af39;\">FRAIS ADMINISTRATIFS<\/h4>\n[\/vc_column_text][nectar_food_menu_item style=\u00a0\u00bbline_between\u00a0\u00bb item_name_heading_tag=\u00a0\u00bbh4&Prime; item_name=\u00a0\u00bbFrais de dossier\u00a0\u00bb item_price=\u00a0\u00bb100\u20ac\u00a0\u00bb][nectar_food_menu_item style=\u00a0\u00bbline_between\u00a0\u00bb item_name_heading_tag=\u00a0\u00bbh4&Prime; item_name=\u00a0\u00bbAccompagnement \u00e0 l\u2019examen B\u00a0\u00bb item_price=\u00a0\u00bb64\u20ac\u00a0\u00bb][nectar_food_menu_item style=\u00a0\u00bbline_between\u00a0\u00bb item_name_heading_tag=\u00a0\u00bbh4&Prime; item_name=\u00a0\u00bbAccompagnement examen Permis BEA (automatique)\u00a0\u00bb item_price=\u00a0\u00bb66\u20ac\u00a0\u00bb][nectar_food_menu_item style=\u00a0\u00bbline_between\u00a0\u00bb item_name_heading_tag=\u00a0\u00bbh4&Prime; item_name=\u00a0\u00bbD\u00e9marches ANTS &#8211; Cr\u00e9ation permis\u00a0\u00bb item_price=\u00a0\u00bb50\u20ac\u00a0\u00bb][vc_column_text]\n<h4 style=\"color: #53af39;\">TH\u00c9ORIE<\/h4>\n[\/vc_column_text][nectar_food_menu_item style=\u00a0\u00bbline_between\u00a0\u00bb item_name_heading_tag=\u00a0\u00bbh4&Prime; item_name=\u00a0\u00bbCode en salle + code en ligne (6 mois)\u00a0\u00bb item_price=\u00a0\u00bb100\u20ac\u00a0\u00bb][nectar_food_menu_item style=\u00a0\u00bbline_between\u00a0\u00bb item_name_heading_tag=\u00a0\u00bbh4&Prime; item_name=\u00a0\u00bbCode en ligne (6 mois)\u00a0\u00bb item_price=\u00a0\u00bb39,90\u20ac\u00a0\u00bb][vc_column_text]\n<h4 style=\"color: #53af39;\">PRATIQUE<\/h4>\n[\/vc_column_text][nectar_food_menu_item style=\u00a0\u00bbline_between\u00a0\u00bb item_name_heading_tag=\u00a0\u00bbh4&Prime; item_name=\u00a0\u00bb\u00c9valuation sur simulateur\u00a0\u00bb item_price=\u00a0\u00bb50\u20ac\u00a0\u00bb][nectar_food_menu_item style=\u00a0\u00bbline_between\u00a0\u00bb item_name_heading_tag=\u00a0\u00bbh4&Prime; item_name=\u00a0\u00bb\u00c9valuation en voiture (bo\u00eete manuelle)\u00a0\u00bb item_price=\u00a0\u00bb64\u20ac\u00a0\u00bb][nectar_food_menu_item style=\u00a0\u00bbline_between\u00a0\u00bb item_name_heading_tag=\u00a0\u00bbh4&Prime; item_name=\u00a0\u00bb\u00c9valuation en voiture (bo\u00eete automatique)\u00a0\u00bb item_price=\u00a0\u00bb66\u20ac\u00a0\u00bb][nectar_food_menu_item style=\u00a0\u00bbline_between\u00a0\u00bb item_name_heading_tag=\u00a0\u00bbh4&Prime; item_name=\u00a0\u00bbLe\u00e7on de conduite (55 min., bo\u00eete manuelle)\u00a0\u00bb item_price=\u00a0\u00bb64\u20ac\u00a0\u00bb][nectar_food_menu_item style=\u00a0\u00bbline_between\u00a0\u00bb item_name_heading_tag=\u00a0\u00bbh4&Prime; item_name=\u00a0\u00bbLe\u00e7on de conduite (55 min., bo\u00eete automatique)\u00a0\u00bb item_price=\u00a0\u00bb66\u20ac\u00a0\u00bb][nectar_food_menu_item style=\u00a0\u00bbline_between\u00a0\u00bb item_name_heading_tag=\u00a0\u00bbh4&Prime; item_name=\u00a0\u00bbForfait 10 le\u00e7ons de conduite (bo\u00eete manuelle)\u00a0\u00bb item_price=\u00a0\u00bb600\u20ac\u00a0\u00bb][nectar_food_menu_item style=\u00a0\u00bbline_between\u00a0\u00bb item_name_heading_tag=\u00a0\u00bbh4&Prime; item_name=\u00a0\u00bbForfait 10 le\u00e7ons de conduite (bo\u00eete automatique)\u00a0\u00bb item_price=\u00a0\u00bb620\u20ac\u00a0\u00bb][nectar_food_menu_item style=\u00a0\u00bbline_between\u00a0\u00bb item_name_heading_tag=\u00a0\u00bbh4&Prime; item_name=\u00a0\u00bbRDV pr\u00e9alable (2H) + un disque AAC\u00a0\u00bb item_price=\u00a0\u00bb250\u20ac\u00a0\u00bb][vc_column_text]\n<h4 style=\"color: #53af39;\">FOURNITURES P\u00c9DAGOGIQUES<\/h4>\n[\/vc_column_text][nectar_food_menu_item style=\u00a0\u00bbline_between\u00a0\u00bb item_name_heading_tag=\u00a0\u00bbh4&Prime; item_name=\u00a0\u00bbLivre de code\u00a0\u00bb item_price=\u00a0\u00bb20\u20ac\u00a0\u00bb][vc_column_text]\n<h4 style=\"color: #53af39;\">RENDEZ-VOUS P\u00c9DAGOGIQUES AAC<\/h4>\n[\/vc_column_text][nectar_food_menu_item style=\u00a0\u00bbline_between\u00a0\u00bb item_name_heading_tag=\u00a0\u00bbh4&Prime; item_name=\u00a0\u00bbTh\u00e9orique (2 heures)\u00a0\u00bb item_price=\u00a0\u00bb70\u20ac\u00a0\u00bb][nectar_food_menu_item style=\u00a0\u00bbline_between\u00a0\u00bb item_name_heading_tag=\u00a0\u00bbh4&Prime; item_name=\u00a0\u00bbPratique (55 min., bo\u00eete manuelle)\u00a0\u00bb item_price=\u00a0\u00bb64\u20ac\u00a0\u00bb][nectar_food_menu_item style=\u00a0\u00bbline_between\u00a0\u00bb item_name_heading_tag=\u00a0\u00bbh4&Prime; item_name=\u00a0\u00bbPratique (55 min., bo\u00eete automatique)\u00a0\u00bb item_price=\u00a0\u00bb66\u20ac\u00a0\u00bb][\/vc_column][vc_column column_padding=\u00a0\u00bbpadding-4-percent\u00a0\u00bb column_padding_position=\u00a0\u00bball\u00a0\u00bb background_color_opacity=\u00a0\u00bb1&Prime; background_hover_color_opacity=\u00a0\u00bb1&Prime; background_image=\u00a0\u00bb63&Prime; enable_bg_scale=\u00a0\u00bbtrue\u00a0\u00bb column_link_target=\u00a0\u00bb_self\u00a0\u00bb column_shadow=\u00a0\u00bbnone\u00a0\u00bb column_border_radius=\u00a0\u00bbnone\u00a0\u00bb width=\u00a0\u00bb1\/3&Prime; tablet_width_inherit=\u00a0\u00bbdefault\u00a0\u00bb tablet_text_alignment=\u00a0\u00bbdefault\u00a0\u00bb phone_text_alignment=\u00a0\u00bbdefault\u00a0\u00bb color_overlay=\u00a0\u00bb#000000&Prime; overlay_strength=\u00a0\u00bb0.5&Prime; column_border_width=\u00a0\u00bbnone\u00a0\u00bb column_border_style=\u00a0\u00bbsolid\u00a0\u00bb bg_image_animation=\u00a0\u00bbnone\u00a0\u00bb][vc_row_inner column_margin=\u00a0\u00bbdefault\u00a0\u00bb bottom_padding=\u00a0\u00bb12&Prime; text_align=\u00a0\u00bbleft\u00a0\u00bb][vc_column_inner column_padding=\u00a0\u00bbno-extra-padding\u00a0\u00bb column_padding_position=\u00a0\u00bball\u00a0\u00bb background_color_opacity=\u00a0\u00bb1&Prime; background_hover_color_opacity=\u00a0\u00bb1&Prime; font_color=\u00a0\u00bb#ffffff\u00a0\u00bb column_shadow=\u00a0\u00bbnone\u00a0\u00bb column_border_radius=\u00a0\u00bbnone\u00a0\u00bb column_link_target=\u00a0\u00bb_self\u00a0\u00bb width=\u00a0\u00bb1\/1&Prime; tablet_width_inherit=\u00a0\u00bbdefault\u00a0\u00bb overlay_strength=\u00a0\u00bb0.3&Prime; column_border_width=\u00a0\u00bbnone\u00a0\u00bb column_border_style=\u00a0\u00bbsolid\u00a0\u00bb bg_image_animation=\u00a0\u00bbnone\u00a0\u00bb][vc_column_text css=\u00a0\u00bb.vc_custom_1727596526735{padding-bottom: 12px !important;}\u00a0\u00bb]\n<h4><i class=\"fa fa-map-signs\" style=\"color: #53af39;\"><\/i> O\u00f9 sommes-nous ?<\/h4>\n<p>Venez nous rencontrer dans notre agence de Croissy :<br \/>\n7 rue des Ponts<br \/>\n78290 Croissy-sur-Seine[\/vc_column_text][\/vc_column_inner][\/vc_row_inner][vc_row_inner column_margin=\u00a0\u00bbdefault\u00a0\u00bb bottom_padding=\u00a0\u00bb12&Prime; text_align=\u00a0\u00bbleft\u00a0\u00bb][vc_column_inner column_padding=\u00a0\u00bbno-extra-padding\u00a0\u00bb column_padding_position=\u00a0\u00bball\u00a0\u00bb background_color_opacity=\u00a0\u00bb1&Prime; background_hover_color_opacity=\u00a0\u00bb1&Prime; font_color=\u00a0\u00bb#ffffff\u00a0\u00bb column_shadow=\u00a0\u00bbnone\u00a0\u00bb column_border_radius=\u00a0\u00bbnone\u00a0\u00bb bottom_margin=\u00a0\u00bb30&Prime; column_link_target=\u00a0\u00bb_self\u00a0\u00bb width=\u00a0\u00bb1\/1&Prime; tablet_width_inherit=\u00a0\u00bbdefault\u00a0\u00bb overlay_strength=\u00a0\u00bb0.3&Prime; column_border_width=\u00a0\u00bbnone\u00a0\u00bb column_border_style=\u00a0\u00bbsolid\u00a0\u00bb bg_image_animation=\u00a0\u00bbnone\u00a0\u00bb][vc_column_text]\n<h4><i class=\"fa fa-comments\" style=\"color: #53af39;\"><\/i> Nos coordonn\u00e9es<\/h4>\n<p><a href=\"tel:01.39.76.33.38\">01 39 76 33 38<\/a><br \/>\n<a href=\"mailto:contact@auto-ecole-croissy.fr\">Envoyer un mail<\/a>[\/vc_column_text][\/vc_column_inner][\/vc_row_inner][vc_row_inner column_margin=\u00a0\u00bbdefault\u00a0\u00bb text_align=\u00a0\u00bbleft\u00a0\u00bb][vc_column_inner column_padding=\u00a0\u00bbno-extra-padding\u00a0\u00bb column_padding_position=\u00a0\u00bball\u00a0\u00bb background_color_opacity=\u00a0\u00bb1&Prime; background_hover_color_opacity=\u00a0\u00bb1&Prime; font_color=\u00a0\u00bb#ffffff\u00a0\u00bb column_shadow=\u00a0\u00bbnone\u00a0\u00bb column_border_radius=\u00a0\u00bbnone\u00a0\u00bb column_link_target=\u00a0\u00bb_self\u00a0\u00bb width=\u00a0\u00bb1\/1&Prime; tablet_width_inherit=\u00a0\u00bbdefault\u00a0\u00bb overlay_strength=\u00a0\u00bb0.3&Prime; column_border_width=\u00a0\u00bbnone\u00a0\u00bb column_border_style=\u00a0\u00bbsolid\u00a0\u00bb bg_image_animation=\u00a0\u00bbnone\u00a0\u00bb][vc_column_text]\n<h4><i class=\"fa fa-clock\" style=\"color: #53af39;\"><\/i> Nos horaires<\/h4>\n<p>Notre agence est ouverte :<br \/>\n&#8211; Du mardi au vendredi de 11h \u00e0 14h et de 15h \u00e0 19h<br \/>\n&#8211; Le samedi de 10h \u00e0 13h et de 15h \u00e0 18h[\/vc_column_text][\/vc_column_inner][\/vc_row_inner][\/vc_column][\/vc_row]\n","protected":false},"excerpt":{"rendered":"<p>[vc_row type=\u00a0\u00bbfull_width_content\u00a0\u00bb full_screen_row_position=\u00a0\u00bbmiddle\u00a0\u00bb equal_height=\u00a0\u00bbyes\u00a0\u00bb column_margin=\u00a0\u00bbnone\u00a0\u00bb scene_position=\u00a0\u00bbcenter\u00a0\u00bb text_color=\u00a0\u00bbdark\u00a0\u00bb text_align=\u00a0\u00bbleft\u00a0\u00bb class=\u00a0\u00bbmargin-form\u00a0\u00bb overlay_strength=\u00a0\u00bb0.3&Prime; shape_divider_position=\u00a0\u00bbbottom\u00a0\u00bb bg_image_animation=\u00a0\u00bbnone\u00a0\u00bb shape_type=\u00a0\u00bb\u00a0\u00bb][vc_column column_padding=\u00a0\u00bbpadding-4-percent\u00a0\u00bb column_padding_position=\u00a0\u00bball\u00a0\u00bb background_color_opacity=\u00a0\u00bb1&Prime; background_hover_color_opacity=\u00a0\u00bb1&Prime; font_color=\u00a0\u00bb#040404&Prime; column_link_target=\u00a0\u00bb_self\u00a0\u00bb column_shadow=\u00a0\u00bbnone\u00a0\u00bb column_border_radius=\u00a0\u00bbnone\u00a0\u00bb width=\u00a0\u00bb2\/3&Prime; tablet_width_inherit=\u00a0\u00bbdefault\u00a0\u00bb tablet_text_alignment=\u00a0\u00bbdefault\u00a0\u00bb phone_text_alignment=\u00a0\u00bbdefault\u00a0\u00bb overlay_strength=\u00a0\u00bb0.3&Prime; column_border_width=\u00a0\u00bbnone\u00a0\u00bb column_border_style=\u00a0\u00bbsolid\u00a0\u00bb bg_image_animation=\u00a0\u00bbnone\u00a0\u00bb][vc_column_text css=\u00a0\u00bb.vc_custom_1727596286362{padding-bottom:&#8230;<\/p>\n","protected":false},"author":1,"featured_media":87,"parent":0,"menu_order":0,"comment_status":"closed","ping_status":"closed","template":"","meta":{"footnotes":""},"class_list":["post-70","page","type-page","status-publish","has-post-thumbnail"],"yoast_head":"<!-- This site is optimized with the Yoast SEO plugin v25.6 - https:\/\/yoast.com\/wordpress\/plugins\/seo\/ -->\n<title>Tarifs \u00e0 l&#039;unit\u00e9 - Auto-\u00e9cole Croissy Centre \u00e0 Croissy-sur-Seine<\/title>\n<meta name=\"description\" content=\"Consultez les tarifs \u00e0 l&#039;unit\u00e9 de l&#039;auto-\u00e9cole Croissy Centre, votre auto-\u00e9coles \u00e0 Croissy-sur-Seine. Contactez nous en cas de question.\" \/>\n<meta name=\"robots\" content=\"noindex, follow, max-snippet:-1, max-image-preview:large, max-video-preview:-1\" \/>\n<meta property=\"og:locale\" content=\"fr_FR\" \/>\n<meta property=\"og:type\" content=\"article\" \/>\n<meta property=\"og:title\" content=\"Tarifs \u00e0 l&#039;unit\u00e9 - Auto-\u00e9cole Croissy Centre \u00e0 Croissy-sur-Seine\" \/>\n<meta property=\"og:description\" content=\"Consultez les tarifs \u00e0 l&#039;unit\u00e9 de l&#039;auto-\u00e9cole Croissy Centre, votre auto-\u00e9coles \u00e0 Croissy-sur-Seine. Contactez nous en cas de question.\" \/>\n<meta property=\"og:url\" content=\"http:\/\/de-vv.com\/croissy\/tarifs-a-lunite\/\" \/>\n<meta property=\"og:site_name\" content=\"Auto-\u00e9cole Croissy Centre\" \/>\n<meta property=\"article:modified_time\" content=\"2024-09-29T15:18:43+00:00\" \/>\n<meta property=\"og:image\" content=\"http:\/\/de-vv.com\/croissy\/wp-content\/uploads\/2024\/09\/cropped-Logo-Auto-ecole-Croissy-Centre-black.png\" \/>\n\t<meta property=\"og:image:width\" content=\"512\" \/>\n\t<meta property=\"og:image:height\" content=\"512\" \/>\n\t<meta property=\"og:image:type\" content=\"image\/png\" \/>\n<meta name=\"twitter:card\" content=\"summary_large_image\" \/>\n<meta name=\"twitter:label1\" content=\"Dur\u00e9e de lecture estim\u00e9e\" \/>\n\t<meta name=\"twitter:data1\" content=\"2 minutes\" \/>\n<script type=\"application\/ld+json\" class=\"yoast-schema-graph\">{\"@context\":\"https:\/\/schema.org\",\"@graph\":[{\"@type\":\"WebPage\",\"@id\":\"http:\/\/de-vv.com\/croissy\/tarifs-a-lunite\/\",\"url\":\"http:\/\/de-vv.com\/croissy\/tarifs-a-lunite\/\",\"name\":\"Tarifs \u00e0 l'unit\u00e9 - Auto-\u00e9cole Croissy Centre \u00e0 Croissy-sur-Seine\",\"isPartOf\":{\"@id\":\"http:\/\/de-vv.com\/croissy\/#website\"},\"primaryImageOfPage\":{\"@id\":\"http:\/\/de-vv.com\/croissy\/tarifs-a-lunite\/#primaryimage\"},\"image\":{\"@id\":\"http:\/\/de-vv.com\/croissy\/tarifs-a-lunite\/#primaryimage\"},\"thumbnailUrl\":\"http:\/\/de-vv.com\/croissy\/wp-content\/uploads\/2024\/09\/cropped-Logo-Auto-ecole-Croissy-Centre-black.png\",\"datePublished\":\"2024-09-29T07:47:31+00:00\",\"dateModified\":\"2024-09-29T15:18:43+00:00\",\"description\":\"Consultez les tarifs \u00e0 l'unit\u00e9 de l'auto-\u00e9cole Croissy Centre, votre auto-\u00e9coles \u00e0 Croissy-sur-Seine. Contactez nous en cas de question.\",\"breadcrumb\":{\"@id\":\"http:\/\/de-vv.com\/croissy\/tarifs-a-lunite\/#breadcrumb\"},\"inLanguage\":\"fr-FR\",\"potentialAction\":[{\"@type\":\"ReadAction\",\"target\":[\"http:\/\/de-vv.com\/croissy\/tarifs-a-lunite\/\"]}]},{\"@type\":\"ImageObject\",\"inLanguage\":\"fr-FR\",\"@id\":\"http:\/\/de-vv.com\/croissy\/tarifs-a-lunite\/#primaryimage\",\"url\":\"http:\/\/de-vv.com\/croissy\/wp-content\/uploads\/2024\/09\/cropped-Logo-Auto-ecole-Croissy-Centre-black.png\",\"contentUrl\":\"http:\/\/de-vv.com\/croissy\/wp-content\/uploads\/2024\/09\/cropped-Logo-Auto-ecole-Croissy-Centre-black.png\",\"width\":512,\"height\":512,\"caption\":\"Logo Auto-\u00e9cole Croissy Centre black\"},{\"@type\":\"BreadcrumbList\",\"@id\":\"http:\/\/de-vv.com\/croissy\/tarifs-a-lunite\/#breadcrumb\",\"itemListElement\":[{\"@type\":\"ListItem\",\"position\":1,\"name\":\"Accueil\",\"item\":\"http:\/\/de-vv.com\/croissy\/\"},{\"@type\":\"ListItem\",\"position\":2,\"name\":\"Tarifs \u00e0 l&rsquo;unit\u00e9\"}]},{\"@type\":\"WebSite\",\"@id\":\"http:\/\/de-vv.com\/croissy\/#website\",\"url\":\"http:\/\/de-vv.com\/croissy\/\",\"name\":\"Auto-\u00e9cole Croissy Centre\",\"description\":\"Votre auto-\u00e9cole \u00e0 Croissy-sur-Seine\",\"potentialAction\":[{\"@type\":\"SearchAction\",\"target\":{\"@type\":\"EntryPoint\",\"urlTemplate\":\"http:\/\/de-vv.com\/croissy\/?s={search_term_string}\"},\"query-input\":{\"@type\":\"PropertyValueSpecification\",\"valueRequired\":true,\"valueName\":\"search_term_string\"}}],\"inLanguage\":\"fr-FR\"}]}<\/script>\n<!-- \/ Yoast SEO plugin. -->","yoast_head_json":{"title":"Tarifs \u00e0 l'unit\u00e9 - Auto-\u00e9cole Croissy Centre \u00e0 Croissy-sur-Seine","description":"Consultez les tarifs \u00e0 l'unit\u00e9 de l'auto-\u00e9cole Croissy Centre, votre auto-\u00e9coles \u00e0 Croissy-sur-Seine. Contactez nous en cas de question.","robots":{"index":"noindex","follow":"follow","max-snippet":"max-snippet:-1","max-image-preview":"max-image-preview:large","max-video-preview":"max-video-preview:-1"},"og_locale":"fr_FR","og_type":"article","og_title":"Tarifs \u00e0 l'unit\u00e9 - Auto-\u00e9cole Croissy Centre \u00e0 Croissy-sur-Seine","og_description":"Consultez les tarifs \u00e0 l'unit\u00e9 de l'auto-\u00e9cole Croissy Centre, votre auto-\u00e9coles \u00e0 Croissy-sur-Seine. Contactez nous en cas de question.","og_url":"http:\/\/de-vv.com\/croissy\/tarifs-a-lunite\/","og_site_name":"Auto-\u00e9cole Croissy Centre","article_modified_time":"2024-09-29T15:18:43+00:00","og_image":[{"width":512,"height":512,"url":"http:\/\/de-vv.com\/croissy\/wp-content\/uploads\/2024\/09\/cropped-Logo-Auto-ecole-Croissy-Centre-black.png","type":"image\/png"}],"twitter_card":"summary_large_image","twitter_misc":{"Dur\u00e9e de lecture estim\u00e9e":"2 minutes"},"schema":{"@context":"https:\/\/schema.org","@graph":[{"@type":"WebPage","@id":"http:\/\/de-vv.com\/croissy\/tarifs-a-lunite\/","url":"http:\/\/de-vv.com\/croissy\/tarifs-a-lunite\/","name":"Tarifs \u00e0 l'unit\u00e9 - Auto-\u00e9cole Croissy Centre \u00e0 Croissy-sur-Seine","isPartOf":{"@id":"http:\/\/de-vv.com\/croissy\/#website"},"primaryImageOfPage":{"@id":"http:\/\/de-vv.com\/croissy\/tarifs-a-lunite\/#primaryimage"},"image":{"@id":"http:\/\/de-vv.com\/croissy\/tarifs-a-lunite\/#primaryimage"},"thumbnailUrl":"http:\/\/de-vv.com\/croissy\/wp-content\/uploads\/2024\/09\/cropped-Logo-Auto-ecole-Croissy-Centre-black.png","datePublished":"2024-09-29T07:47:31+00:00","dateModified":"2024-09-29T15:18:43+00:00","description":"Consultez les tarifs \u00e0 l'unit\u00e9 de l'auto-\u00e9cole Croissy Centre, votre auto-\u00e9coles \u00e0 Croissy-sur-Seine. Contactez nous en cas de question.","breadcrumb":{"@id":"http:\/\/de-vv.com\/croissy\/tarifs-a-lunite\/#breadcrumb"},"inLanguage":"fr-FR","potentialAction":[{"@type":"ReadAction","target":["http:\/\/de-vv.com\/croissy\/tarifs-a-lunite\/"]}]},{"@type":"ImageObject","inLanguage":"fr-FR","@id":"http:\/\/de-vv.com\/croissy\/tarifs-a-lunite\/#primaryimage","url":"http:\/\/de-vv.com\/croissy\/wp-content\/uploads\/2024\/09\/cropped-Logo-Auto-ecole-Croissy-Centre-black.png","contentUrl":"http:\/\/de-vv.com\/croissy\/wp-content\/uploads\/2024\/09\/cropped-Logo-Auto-ecole-Croissy-Centre-black.png","width":512,"height":512,"caption":"Logo Auto-\u00e9cole Croissy Centre black"},{"@type":"BreadcrumbList","@id":"http:\/\/de-vv.com\/croissy\/tarifs-a-lunite\/#breadcrumb","itemListElement":[{"@type":"ListItem","position":1,"name":"Accueil","item":"http:\/\/de-vv.com\/croissy\/"},{"@type":"ListItem","position":2,"name":"Tarifs \u00e0 l&rsquo;unit\u00e9"}]},{"@type":"WebSite","@id":"http:\/\/de-vv.com\/croissy\/#website","url":"http:\/\/de-vv.com\/croissy\/","name":"Auto-\u00e9cole Croissy Centre","description":"Votre auto-\u00e9cole \u00e0 Croissy-sur-Seine","potentialAction":[{"@type":"SearchAction","target":{"@type":"EntryPoint","urlTemplate":"http:\/\/de-vv.com\/croissy\/?s={search_term_string}"},"query-input":{"@type":"PropertyValueSpecification","valueRequired":true,"valueName":"search_term_string"}}],"inLanguage":"fr-FR"}]}},"_links":{"self":[{"href":"http:\/\/de-vv.com\/croissy\/wp-json\/wp\/v2\/pages\/70"}],"collection":[{"href":"http:\/\/de-vv.com\/croissy\/wp-json\/wp\/v2\/pages"}],"about":[{"href":"http:\/\/de-vv.com\/croissy\/wp-json\/wp\/v2\/types\/page"}],"author":[{"embeddable":true,"href":"http:\/\/de-vv.com\/croissy\/wp-json\/wp\/v2\/users\/1"}],"replies":[{"embeddable":true,"href":"http:\/\/de-vv.com\/croissy\/wp-json\/wp\/v2\/comments?post=70"}],"version-history":[{"count":4,"href":"http:\/\/de-vv.com\/croissy\/wp-json\/wp\/v2\/pages\/70\/revisions"}],"predecessor-version":[{"id":106,"href":"http:\/\/de-vv.com\/croissy\/wp-json\/wp\/v2\/pages\/70\/revisions\/106"}],"wp:featuredmedia":[{"embeddable":true,"href":"http:\/\/de-vv.com\/croissy\/wp-json\/wp\/v2\/media\/87"}],"wp:attachment":[{"href":"http:\/\/de-vv.com\/croissy\/wp-json\/wp\/v2\/media?parent=70"}],"curies":[{"name":"wp","href":"https:\/\/api.w.org\/{rel}","templated":true}]}}