{"id":153,"date":"2024-07-07T10:44:59","date_gmt":"2024-07-07T08:44:59","guid":{"rendered":"http:\/\/de-vv.com\/drivingup\/?page_id=153"},"modified":"2024-07-07T11:34:35","modified_gmt":"2024-07-07T09:34:35","slug":"auto-ecole-meudon","status":"publish","type":"page","link":"http:\/\/de-vv.com\/drivingup\/auto-ecole-meudon\/","title":{"rendered":"Auto-\u00e9cole Meudon"},"content":{"rendered":"[vc_row type=\u00a0\u00bbfull_width_background\u00a0\u00bb full_screen_row_position=\u00a0\u00bbmiddle\u00a0\u00bb equal_height=\u00a0\u00bbyes\u00a0\u00bb content_placement=\u00a0\u00bbmiddle\u00a0\u00bb column_margin=\u00a0\u00bbdefault\u00a0\u00bb bg_image=\u00a0\u00bb413&Prime; bg_position=\u00a0\u00bbcenter center\u00a0\u00bb bg_repeat=\u00a0\u00bbno-repeat\u00a0\u00bb scene_position=\u00a0\u00bbcenter\u00a0\u00bb text_color=\u00a0\u00bblight\u00a0\u00bb text_align=\u00a0\u00bbleft\u00a0\u00bb bottom_padding=\u00a0\u00bb0&Prime; enable_gradient=\u00a0\u00bbtrue\u00a0\u00bb color_overlay=\u00a0\u00bb#281b59&Prime; color_overlay_2=\u00a0\u00bb#c10058&Prime; gradient_direction=\u00a0\u00bbleft_to_right\u00a0\u00bb overlay_strength=\u00a0\u00bb1&Prime; shape_divider_position=\u00a0\u00bbbottom\u00a0\u00bb bg_image_animation=\u00a0\u00bbnone\u00a0\u00bb shape_type=\u00a0\u00bb\u00a0\u00bb][vc_column column_padding=\u00a0\u00bbpadding-2-percent\u00a0\u00bb column_padding_position=\u00a0\u00bball\u00a0\u00bb background_color_opacity=\u00a0\u00bb1&Prime; background_hover_color_opacity=\u00a0\u00bb1&Prime; column_link_target=\u00a0\u00bb_self\u00a0\u00bb column_shadow=\u00a0\u00bbnone\u00a0\u00bb column_border_radius=\u00a0\u00bbnone\u00a0\u00bb width=\u00a0\u00bb2\/3&Prime; tablet_width_inherit=\u00a0\u00bbdefault\u00a0\u00bb tablet_text_alignment=\u00a0\u00bbdefault\u00a0\u00bb phone_text_alignment=\u00a0\u00bbdefault\u00a0\u00bb overlay_strength=\u00a0\u00bb0.3&Prime; column_border_width=\u00a0\u00bbnone\u00a0\u00bb column_border_style=\u00a0\u00bbsolid\u00a0\u00bb bg_image_animation=\u00a0\u00bbnone\u00a0\u00bb][vc_column_text]\n<h1>Votre auto-\u00e9cole \u00e0 Meudon<\/h1>\n<p>L&rsquo;Auto-\u00e9cole Meudon V\u00e9lizy est situ\u00e9e \u00e0 Meudon-la-For\u00eat depuis pr\u00e8s de 10 ans ! Passez votre permis de conduire sur bo\u00eete manuelle ou sur bo\u00eete automatique.[\/vc_column_text][nectar_btn size=\u00a0\u00bbmedium\u00a0\u00bb button_style=\u00a0\u00bbregular\u00a0\u00bb button_color_2=\u00a0\u00bbExtra-Color-1&Prime; solid_text_color_override=\u00a0\u00bb#281b59&Prime; icon_family=\u00a0\u00bbfontawesome\u00a0\u00bb url=\u00a0\u00bbhttp:\/\/de-vv.com\/drivingup\/contact\/\u00a0\u00bb text=\u00a0\u00bbEnvoyer un message\u00a0\u00bb icon_fontawesome=\u00a0\u00bbfa fa-envelope-open-o\u00a0\u00bb margin_right=\u00a0\u00bb12&Prime;][nectar_btn size=\u00a0\u00bbmedium\u00a0\u00bb button_style=\u00a0\u00bbregular\u00a0\u00bb button_color_2=\u00a0\u00bbAccent-Color\u00a0\u00bb icon_family=\u00a0\u00bbfontawesome\u00a0\u00bb url=\u00a0\u00bbtel:01.46.30.51.13&Prime; text=\u00a0\u00bb01 46 30 51 13&Prime; icon_fontawesome=\u00a0\u00bbfa fa-mobile\u00a0\u00bb][\/vc_column][vc_column centered_text=\u00a0\u00bbtrue\u00a0\u00bb column_padding=\u00a0\u00bbno-extra-padding\u00a0\u00bb column_padding_position=\u00a0\u00bball\u00a0\u00bb background_color_opacity=\u00a0\u00bb1&Prime; background_hover_color_opacity=\u00a0\u00bb1&Prime; column_link_target=\u00a0\u00bb_self\u00a0\u00bb column_shadow=\u00a0\u00bbnone\u00a0\u00bb column_border_radius=\u00a0\u00bbnone\u00a0\u00bb top_margin=\u00a0\u00bb30&Prime; bottom_margin=\u00a0\u00bb0&Prime; width=\u00a0\u00bb1\/3&Prime; tablet_width_inherit=\u00a0\u00bbdefault\u00a0\u00bb tablet_text_alignment=\u00a0\u00bbdefault\u00a0\u00bb phone_text_alignment=\u00a0\u00bbdefault\u00a0\u00bb overlay_strength=\u00a0\u00bb0.3&Prime; column_border_width=\u00a0\u00bbnone\u00a0\u00bb column_border_style=\u00a0\u00bbsolid\u00a0\u00bb bg_image_animation=\u00a0\u00bbnone\u00a0\u00bb][vc_raw_html]JTNDaWZyYW1lJTIwc2FuZGJveCUzRCUyN2FsbG93LXNjcmlwdHMlMjBhbGxvdy1mb3JtcyUyMGFsbG93LXNhbWUtb3JpZ2luJTI3JTIwc3JjJTNEJTI3aHR0cHMlM0ElMkYlMkZ3d3cudnJvb212cm9vbS5mciUyRm1lZXRpbmdzLWJvb2tpbmclM0ZzY2hvb2xfaWQlM0Q1YTZiMzk1ZjhiOTE5ZjAwMDQyNGM2YTUlMjclMjB3aWR0aCUzRCUyNzMzNnB4JTI3JTIwaGVpZ2h0JTNEJTI3NTAwcHglMjclMjBpZCUzRCUyN2luaWZyYW1lJTI3JTIwc3R5bGUlM0QlMjdib3JkZXItc3R5bGUlM0ElMjBub25lJTNCJTIwb3ZlcmZsb3clM0ElMjBzY3JvbGwlMjclM0UlM0MlMkZpZnJhbWUlM0U=[\/vc_raw_html][\/vc_column][\/vc_row][vc_row type=\u00a0\u00bbin_container\u00a0\u00bb full_screen_row_position=\u00a0\u00bbmiddle\u00a0\u00bb column_margin=\u00a0\u00bbdefault\u00a0\u00bb scene_position=\u00a0\u00bbcenter\u00a0\u00bb text_color=\u00a0\u00bbdark\u00a0\u00bb text_align=\u00a0\u00bbleft\u00a0\u00bb overlay_strength=\u00a0\u00bb0.3&Prime; shape_divider_position=\u00a0\u00bbbottom\u00a0\u00bb bg_image_animation=\u00a0\u00bbnone\u00a0\u00bb][vc_column column_padding=\u00a0\u00bbpadding-2-percent\u00a0\u00bb column_padding_position=\u00a0\u00bball\u00a0\u00bb background_color_opacity=\u00a0\u00bb1&Prime; background_hover_color_opacity=\u00a0\u00bb1&Prime; column_link_target=\u00a0\u00bb_self\u00a0\u00bb column_shadow=\u00a0\u00bbnone\u00a0\u00bb column_border_radius=\u00a0\u00bbnone\u00a0\u00bb width=\u00a0\u00bb1\/1&Prime; tablet_width_inherit=\u00a0\u00bbdefault\u00a0\u00bb tablet_text_alignment=\u00a0\u00bbdefault\u00a0\u00bb phone_text_alignment=\u00a0\u00bbdefault\u00a0\u00bb overlay_strength=\u00a0\u00bb0.3&Prime; column_border_width=\u00a0\u00bbnone\u00a0\u00bb column_border_style=\u00a0\u00bbsolid\u00a0\u00bb bg_image_animation=\u00a0\u00bbnone\u00a0\u00bb][vc_column_text]\n<h2>Passez le permis \u00e0 Meudon<\/h2>\n<p id=\"acceleree\">Vous habitez \u00e0 <strong>Meudon<\/strong>\u00a0et vous cherchez une <strong>auto-\u00e9cole<\/strong> afin de passer votre <strong>permis de conduire<\/strong>? L\u2019Auto-\u00e9cole Meudon V\u00e9lizy est faite pour vous !<\/p>\n<p id=\"acceleree\">Que vous habitiez dans le quartier <strong>Meudon Centre<\/strong>, <strong>Bellevue<\/strong>, <strong>Le Val-Fleury<\/strong>, <strong>Meudon-sur-Seine<\/strong> ou <strong>Meudon-la-For\u00eat<\/strong>, notre agence est tr\u00e8s facilement accessible \u00e0 pied ou en transports en commun (voir notre <a href=\"http:\/\/de-vv.com\/drivingup\/contact\/\">plan d\u2019acc\u00e8s<\/a>). Notre agence est situ\u00e9e \u00e0 l&rsquo;int\u00e9rieur du Centre commercial Joli Mai.<\/p>\n<p id=\"acceleree\">Vous \u00eates \u00e9tudiant au <strong>Lyc\u00e9e Rabelais<\/strong>, au <strong>Lyc\u00e9e La Source, <\/strong>au <strong>Lyc\u00e9es Notre-Dame<\/strong>\u00a0ou au <b>Lyc\u00e9e Saint-Philippe<\/b>. Nous nous ferons un plaisir de vous former \u00e0 la conduite et vous pr\u00e9parer \u00e0 l\u2019examen du permis de conduire.<\/p>\n<h2>Apprenez \u00e0 conduire \u00e0 Meudon<\/h2>\n<p id=\"acceleree\">L\u2019Auto-\u00e9cole Meudon V\u00e9lizy forme les habitants de <strong>Meudon<\/strong>\u00a0\u00e0 la conduite et \u00e0 la s\u00e9curit\u00e9 routi\u00e8re, quelle que soit leur situation. Nous proposons des formations au permis de conduire traditionnelles, en <a href=\"http:\/\/de-vv.com\/drivingup\/conduite-accompagnee\/\"><strong>conduite accompagn\u00e9e<\/strong><\/a>\u00a0(d\u00e8s 15 ans) ou en <strong>conduite supervis\u00e9e<\/strong>\u00a0(\u00e0 partir de 18 ans).<\/p>\n<p>Ces formations peuvent avoir lieu sur un v\u00e9hicule \u00e9quip\u00e9e d\u2019une <a href=\"http:\/\/de-vv.com\/drivingup\/permis-boite-manuelle\/\"><strong>bo\u00eete de vitesse manuelle<\/strong><\/a> ou d\u2019une <a href=\"http:\/\/de-vv.com\/drivingup\/permis-boite-automatique\/\"><strong>bo\u00eete automatique<\/strong><\/a>. Nous nous adressons \u00e9galement aux personnes ayant un <a href=\"http:\/\/de-vv.com\/drivingup\/annulation-permis-etranger\/\"><strong>permis de conduire \u00e9tranger<\/strong><\/a> ou vous \u00eates en situation d\u2019<a href=\"http:\/\/de-vv.com\/drivingup\/annulation-permis-etranger\/\"><strong>annulation de permis<\/strong><\/a>.<\/p>\n<h2>Passez le permis en acc\u00e9l\u00e9r\u00e9 \u00e0 Meudon<\/h2>\n<p>Vous habitez \u00e0 <strong>Meudon<\/strong>\u00a0et vous cherchez une <strong>auto-\u00e9cole<\/strong> qui vous permette de passer le <strong>permis de conduire rapidement<\/strong>. L\u2019Auto-\u00e9cole Meudon V\u00e9lizy est sp\u00e9cialis\u00e9e dans le <strong>permis de conduire en acc\u00e9l\u00e9r\u00e9<\/strong>. Nous proposons des stages <strong>code de la route en acc\u00e9l\u00e9r\u00e9<\/strong> sur 3 jours et des <strong>stages de conduite en acc\u00e9l\u00e9r\u00e9<\/strong> sur 10 jours (20 le\u00e7ons de conduite) et 20 jours (30 le\u00e7ons). Notre formule qui comprend de l\u2019\u00e9coute p\u00e9dagogique et une pr\u00e9paration intensive en vue de l\u2019examen permet d\u2019obtenir un <strong>excellent taux de r\u00e9ussite<\/strong>.[\/vc_column_text][\/vc_column][\/vc_row][vc_row type=\u00a0\u00bbfull_width_background\u00a0\u00bb full_screen_row_position=\u00a0\u00bbmiddle\u00a0\u00bb equal_height=\u00a0\u00bbyes\u00a0\u00bb content_placement=\u00a0\u00bbmiddle\u00a0\u00bb column_margin=\u00a0\u00bbdefault\u00a0\u00bb bg_color=\u00a0\u00bb#281b59&Prime; scene_position=\u00a0\u00bbcenter\u00a0\u00bb text_color=\u00a0\u00bblight\u00a0\u00bb text_align=\u00a0\u00bbleft\u00a0\u00bb enable_gradient=\u00a0\u00bbtrue\u00a0\u00bb color_overlay=\u00a0\u00bb#006b9f\u00a0\u00bb gradient_direction=\u00a0\u00bbleft_to_right\u00a0\u00bb overlay_strength=\u00a0\u00bb0.3&Prime; shape_divider_position=\u00a0\u00bbbottom\u00a0\u00bb bg_image_animation=\u00a0\u00bbnone\u00a0\u00bb shape_type=\u00a0\u00bb\u00a0\u00bb][vc_column centered_text=\u00a0\u00bbtrue\u00a0\u00bb column_padding=\u00a0\u00bbpadding-2-percent\u00a0\u00bb column_padding_position=\u00a0\u00bbtop-bottom\u00a0\u00bb background_color_opacity=\u00a0\u00bb1&Prime; background_hover_color_opacity=\u00a0\u00bb1&Prime; column_link_target=\u00a0\u00bb_self\u00a0\u00bb column_shadow=\u00a0\u00bbnone\u00a0\u00bb column_border_radius=\u00a0\u00bbnone\u00a0\u00bb width=\u00a0\u00bb1\/4&Prime; tablet_width_inherit=\u00a0\u00bbdefault\u00a0\u00bb tablet_text_alignment=\u00a0\u00bbdefault\u00a0\u00bb phone_text_alignment=\u00a0\u00bbdefault\u00a0\u00bb overlay_strength=\u00a0\u00bb0.3&Prime; column_border_width=\u00a0\u00bbnone\u00a0\u00bb column_border_style=\u00a0\u00bbsolid\u00a0\u00bb bg_image_animation=\u00a0\u00bbnone\u00a0\u00bb][vc_raw_html]JTNDaWZyYW1lJTIwc2FuZGJveCUzRCUyN2FsbG93LXNjcmlwdHMlMjBhbGxvdy1mb3JtcyUyMGFsbG93LXNhbWUtb3JpZ2luJTI3JTIwc3JjJTNEJTI3aHR0cHMlM0ElMkYlMkZ3d3cudnJvb212cm9vbS5mciUyRnJhdGluZ3MlMkZjb21wYWN0JTNGc2Nob29sX2lkJTNENWE2YjM5NWY4YjkxOWYwMDA0MjRjNmE1JTI2cG9zaXRpdmUlM0R0cnVlJTI3JTIwd2lkdGglM0QlMjcxNzRweCUyNyUyMGhlaWdodCUzRCUyNzE3NHB4JTI3JTIwaWQlM0QlMjd2dlJhdGluZ0lmcmFtZSUyNyUyMHN0eWxlJTNEJTI3Ym9yZGVyLXN0eWxlJTNBJTIwbm9uZSUzQiUyNyUzRSUzQyUyRmlmcmFtZSUzRQ==[\/vc_raw_html][\/vc_column][vc_column column_padding=\u00a0\u00bbpadding-2-percent\u00a0\u00bb column_padding_position=\u00a0\u00bball\u00a0\u00bb background_color_opacity=\u00a0\u00bb1&Prime; background_hover_color_opacity=\u00a0\u00bb1&Prime; column_link_target=\u00a0\u00bb_self\u00a0\u00bb column_shadow=\u00a0\u00bbnone\u00a0\u00bb column_border_radius=\u00a0\u00bbnone\u00a0\u00bb width=\u00a0\u00bb3\/4&Prime; tablet_width_inherit=\u00a0\u00bbdefault\u00a0\u00bb tablet_text_alignment=\u00a0\u00bbdefault\u00a0\u00bb phone_text_alignment=\u00a0\u00bbdefault\u00a0\u00bb overlay_strength=\u00a0\u00bb0.3&Prime; column_border_width=\u00a0\u00bbnone\u00a0\u00bb column_border_style=\u00a0\u00bbsolid\u00a0\u00bb bg_image_animation=\u00a0\u00bbnone\u00a0\u00bb][vc_column_text]\n<h3>Nos anciens \u00e9l\u00e8ves donnent leur avis !<\/h3>\n<p>Consultez les commentaires laiss\u00e9s par les anciens \u00e9l\u00e8ves ayant fait confiance \u00e0 l&rsquo;Auto-\u00e9cole Meudon V\u00e9lizy. Ce sont eux qui parlent le mieux de nous ! Consultez les avis laiss\u00e9s sur VroomVroom et sur Google. <a href=\"https:\/\/www.vroomvroom.fr\/auto-ecoles\/hauts-de-seine\/meudon-la-foret\/inri-s-meudon\">Lire les avis<\/a>.[\/vc_column_text][\/vc_column][\/vc_row][vc_row type=\u00a0\u00bbin_container\u00a0\u00bb full_screen_row_position=\u00a0\u00bbmiddle\u00a0\u00bb equal_height=\u00a0\u00bbyes\u00a0\u00bb content_placement=\u00a0\u00bbmiddle\u00a0\u00bb column_margin=\u00a0\u00bbdefault\u00a0\u00bb scene_position=\u00a0\u00bbcenter\u00a0\u00bb text_color=\u00a0\u00bbdark\u00a0\u00bb text_align=\u00a0\u00bbleft\u00a0\u00bb overlay_strength=\u00a0\u00bb0.3&Prime; shape_divider_position=\u00a0\u00bbbottom\u00a0\u00bb bg_image_animation=\u00a0\u00bbnone\u00a0\u00bb shape_type=\u00a0\u00bb\u00a0\u00bb][vc_column centered_text=\u00a0\u00bbtrue\u00a0\u00bb column_padding=\u00a0\u00bbpadding-2-percent\u00a0\u00bb column_padding_position=\u00a0\u00bball\u00a0\u00bb background_color_opacity=\u00a0\u00bb1&Prime; background_hover_color_opacity=\u00a0\u00bb1&Prime; column_link_target=\u00a0\u00bb_self\u00a0\u00bb column_shadow=\u00a0\u00bbnone\u00a0\u00bb column_border_radius=\u00a0\u00bbnone\u00a0\u00bb width=\u00a0\u00bb1\/4&Prime; tablet_width_inherit=\u00a0\u00bbdefault\u00a0\u00bb tablet_text_alignment=\u00a0\u00bbdefault\u00a0\u00bb phone_text_alignment=\u00a0\u00bbdefault\u00a0\u00bb overlay_strength=\u00a0\u00bb0.3&Prime; column_border_width=\u00a0\u00bbnone\u00a0\u00bb column_border_style=\u00a0\u00bbsolid\u00a0\u00bb bg_image_animation=\u00a0\u00bbnone\u00a0\u00bb][image_with_animation image_url=\u00a0\u00bb105&Prime; alignment=\u00a0\u00bbcenter\u00a0\u00bb animation=\u00a0\u00bbFade In\u00a0\u00bb hover_animation=\u00a0\u00bbnone\u00a0\u00bb border_radius=\u00a0\u00bbnone\u00a0\u00bb box_shadow=\u00a0\u00bbnone\u00a0\u00bb image_loading=\u00a0\u00bbdefault\u00a0\u00bb max_width=\u00a0\u00bb75%\u00a0\u00bb max_width_mobile=\u00a0\u00bbdefault\u00a0\u00bb][\/vc_column][vc_column column_padding=\u00a0\u00bbpadding-2-percent\u00a0\u00bb column_padding_position=\u00a0\u00bball\u00a0\u00bb background_color_opacity=\u00a0\u00bb1&Prime; background_hover_color_opacity=\u00a0\u00bb1&Prime; column_link_target=\u00a0\u00bb_self\u00a0\u00bb column_shadow=\u00a0\u00bbnone\u00a0\u00bb column_border_radius=\u00a0\u00bbnone\u00a0\u00bb width=\u00a0\u00bb3\/4&Prime; tablet_width_inherit=\u00a0\u00bbdefault\u00a0\u00bb tablet_text_alignment=\u00a0\u00bbdefault\u00a0\u00bb phone_text_alignment=\u00a0\u00bbdefault\u00a0\u00bb overlay_strength=\u00a0\u00bb0.3&Prime; column_border_width=\u00a0\u00bbnone\u00a0\u00bb column_border_style=\u00a0\u00bbsolid\u00a0\u00bb bg_image_animation=\u00a0\u00bbnone\u00a0\u00bb][vc_column_text]\n<h3>L&rsquo;Auto-\u00e9cole Meudon V\u00e9lizy est certifi\u00e9e Qualiopi<\/h3>\n<p>L&rsquo;Auto-\u00e9cole Meudon V\u00e9lizy est un organisme de formation et dispose de la certification Qualiopi au titre de la cat\u00e9gorie Actions de formation. En savoir plus sur la <a href=\"https:\/\/travail-emploi.gouv.fr\/formation-professionnelle\/acteurs-cadre-et-qualite-de-la-formation-professionnelle\/article\/qualiopi-marque-de-certification-qualite-des-prestataires-de-formation\" target=\"_blank\" rel=\"noopener\">certification Qualiopi<\/a>.[\/vc_column_text][\/vc_column][\/vc_row][vc_row type=\u00a0\u00bbfull_width_background\u00a0\u00bb full_screen_row_position=\u00a0\u00bbmiddle\u00a0\u00bb column_margin=\u00a0\u00bbdefault\u00a0\u00bb bg_image=\u00a0\u00bb117&Prime; bg_position=\u00a0\u00bbcenter center\u00a0\u00bb bg_repeat=\u00a0\u00bbno-repeat\u00a0\u00bb scene_position=\u00a0\u00bbcenter\u00a0\u00bb text_color=\u00a0\u00bblight\u00a0\u00bb text_align=\u00a0\u00bbleft\u00a0\u00bb color_overlay=\u00a0\u00bb#000000&Prime; overlay_strength=\u00a0\u00bb0.3&Prime; shape_divider_position=\u00a0\u00bbbottom\u00a0\u00bb bg_image_animation=\u00a0\u00bbnone\u00a0\u00bb shape_type=\u00a0\u00bb\u00a0\u00bb][vc_column centered_text=\u00a0\u00bbtrue\u00a0\u00bb column_padding=\u00a0\u00bbpadding-2-percent\u00a0\u00bb column_padding_position=\u00a0\u00bball\u00a0\u00bb background_color_opacity=\u00a0\u00bb1&Prime; background_hover_color_opacity=\u00a0\u00bb1&Prime; column_link_target=\u00a0\u00bb_self\u00a0\u00bb column_shadow=\u00a0\u00bbnone\u00a0\u00bb column_border_radius=\u00a0\u00bbnone\u00a0\u00bb width=\u00a0\u00bb1\/1&Prime; tablet_width_inherit=\u00a0\u00bbdefault\u00a0\u00bb tablet_text_alignment=\u00a0\u00bbdefault\u00a0\u00bb phone_text_alignment=\u00a0\u00bbdefault\u00a0\u00bb overlay_strength=\u00a0\u00bb0.3&Prime; column_border_width=\u00a0\u00bbnone\u00a0\u00bb column_border_style=\u00a0\u00bbsolid\u00a0\u00bb bg_image_animation=\u00a0\u00bbnone\u00a0\u00bb][vc_column_text]\n<h2>Vous avez une question ?<\/h2>\n[\/vc_column_text][vc_column_text css=\u00a0\u00bb.vc_custom_1700296227596{padding-bottom: 20px !important;}\u00a0\u00bb]\n<p>Vous avez une question sur nos formations ? Vous souhaitez conna\u00eetre la d\u00e9marche \u00e0 suivre pour vous inscrire ? Envoyez nous un message avec vos coordonn\u00e9es, nous vous recontacterons au plus vite.<\/p>\n[\/vc_column_text][nectar_btn size=\u00a0\u00bblarge\u00a0\u00bb button_style=\u00a0\u00bbregular\u00a0\u00bb button_color_2=\u00a0\u00bbExtra-Color-2&Prime; icon_family=\u00a0\u00bbfontawesome\u00a0\u00bb margin_right=\u00a0\u00bb12&Prime; url=\u00a0\u00bbhttp:\/\/de-vv.com\/drivingup\/contact\/\u00a0\u00bb text=\u00a0\u00bbEnvoyer un message\u00a0\u00bb icon_fontawesome=\u00a0\u00bbfa fa-envelope-open-o\u00a0\u00bb][nectar_btn size=\u00a0\u00bblarge\u00a0\u00bb button_style=\u00a0\u00bbregular\u00a0\u00bb button_color_2=\u00a0\u00bbAccent-Color\u00a0\u00bb icon_family=\u00a0\u00bbfontawesome\u00a0\u00bb url=\u00a0\u00bbtel:01.46.30.51.13&Prime; text=\u00a0\u00bb01 46 30 51 13&Prime; icon_fontawesome=\u00a0\u00bbfa fa-mobile\u00a0\u00bb][\/vc_column][\/vc_row]\n","protected":false},"excerpt":{"rendered":"<p>[vc_row type=\u00a0\u00bbfull_width_background\u00a0\u00bb full_screen_row_position=\u00a0\u00bbmiddle\u00a0\u00bb equal_height=\u00a0\u00bbyes\u00a0\u00bb content_placement=\u00a0\u00bbmiddle\u00a0\u00bb column_margin=\u00a0\u00bbdefault\u00a0\u00bb bg_image=\u00a0\u00bb413&Prime; bg_position=\u00a0\u00bbcenter center\u00a0\u00bb bg_repeat=\u00a0\u00bbno-repeat\u00a0\u00bb scene_position=\u00a0\u00bbcenter\u00a0\u00bb text_color=\u00a0\u00bblight\u00a0\u00bb text_align=\u00a0\u00bbleft\u00a0\u00bb bottom_padding=\u00a0\u00bb0&Prime; enable_gradient=\u00a0\u00bbtrue\u00a0\u00bb color_overlay=\u00a0\u00bb#281b59&Prime; color_overlay_2=\u00a0\u00bb#c10058&Prime; gradient_direction=\u00a0\u00bbleft_to_right\u00a0\u00bb overlay_strength=\u00a0\u00bb1&Prime; shape_divider_position=\u00a0\u00bbbottom\u00a0\u00bb bg_image_animation=\u00a0\u00bbnone\u00a0\u00bb shape_type=\u00a0\u00bb\u00a0\u00bb][vc_column column_padding=\u00a0\u00bbpadding-2-percent\u00a0\u00bb column_padding_position=\u00a0\u00bball\u00a0\u00bb background_color_opacity=\u00a0\u00bb1&Prime; background_hover_color_opacity=\u00a0\u00bb1&Prime; column_link_target=\u00a0\u00bb_self\u00a0\u00bb column_shadow=\u00a0\u00bbnone\u00a0\u00bb column_border_radius=\u00a0\u00bbnone\u00a0\u00bb width=\u00a0\u00bb2\/3&Prime;&#8230;<\/p>\n","protected":false},"author":1,"featured_media":122,"parent":0,"menu_order":0,"comment_status":"closed","ping_status":"closed","template":"","meta":{"_joinchat":[],"footnotes":""},"yoast_head":"<!-- This site is optimized with the Yoast SEO plugin v24.5 - https:\/\/yoast.com\/wordpress\/plugins\/seo\/ -->\n<title>Auto-\u00e9cole Meudon - Auto-\u00e9cole Meudon V\u00e9lizy<\/title>\n<meta name=\"description\" content=\"Quelle est la meilleure auto-\u00e9cole \u00e0 Meudon ? L&#039;Auto-\u00e9cole Meudon V\u00e9lizy vous forme au permis de conduire. Financement CPF\" \/>\n<meta name=\"robots\" content=\"noindex, follow, max-snippet:-1, max-image-preview:large, max-video-preview:-1\" \/>\n<meta property=\"og:locale\" content=\"fr_FR\" \/>\n<meta property=\"og:type\" content=\"article\" \/>\n<meta property=\"og:title\" content=\"Auto-\u00e9cole Meudon - Auto-\u00e9cole Meudon V\u00e9lizy\" \/>\n<meta property=\"og:description\" content=\"Quelle est la meilleure auto-\u00e9cole \u00e0 Meudon ? L&#039;Auto-\u00e9cole Meudon V\u00e9lizy vous forme au permis de conduire. Financement CPF\" \/>\n<meta property=\"og:url\" content=\"http:\/\/de-vv.com\/drivingup\/auto-ecole-meudon\/\" \/>\n<meta property=\"og:site_name\" content=\"Auto-\u00e9cole Meudon V\u00e9lizy\" \/>\n<meta property=\"article:modified_time\" content=\"2024-07-07T09:34:35+00:00\" \/>\n<meta property=\"og:image\" content=\"http:\/\/de-vv.com\/drivingup\/wp-content\/uploads\/2024\/07\/permis_boite_vitesse_manuelle.png\" \/>\n\t<meta property=\"og:image:width\" content=\"3840\" \/>\n\t<meta property=\"og:image:height\" content=\"2759\" \/>\n\t<meta property=\"og:image:type\" content=\"image\/png\" \/>\n<meta name=\"twitter:card\" content=\"summary_large_image\" \/>\n<meta name=\"twitter:label1\" content=\"Dur\u00e9e de lecture estim\u00e9e\" \/>\n\t<meta name=\"twitter:data1\" content=\"4 minutes\" \/>\n<script type=\"application\/ld+json\" class=\"yoast-schema-graph\">{\"@context\":\"https:\/\/schema.org\",\"@graph\":[{\"@type\":\"WebPage\",\"@id\":\"http:\/\/de-vv.com\/drivingup\/auto-ecole-meudon\/\",\"url\":\"http:\/\/de-vv.com\/drivingup\/auto-ecole-meudon\/\",\"name\":\"Auto-\u00e9cole Meudon - Auto-\u00e9cole Meudon V\u00e9lizy\",\"isPartOf\":{\"@id\":\"https:\/\/de-vv.com\/drivingup\/#website\"},\"primaryImageOfPage\":{\"@id\":\"http:\/\/de-vv.com\/drivingup\/auto-ecole-meudon\/#primaryimage\"},\"image\":{\"@id\":\"http:\/\/de-vv.com\/drivingup\/auto-ecole-meudon\/#primaryimage\"},\"thumbnailUrl\":\"http:\/\/de-vv.com\/drivingup\/wp-content\/uploads\/2024\/07\/permis_boite_vitesse_manuelle.png\",\"datePublished\":\"2024-07-07T08:44:59+00:00\",\"dateModified\":\"2024-07-07T09:34:35+00:00\",\"description\":\"Quelle est la meilleure auto-\u00e9cole \u00e0 Meudon ? L'Auto-\u00e9cole Meudon V\u00e9lizy vous forme au permis de conduire. Financement CPF\",\"breadcrumb\":{\"@id\":\"http:\/\/de-vv.com\/drivingup\/auto-ecole-meudon\/#breadcrumb\"},\"inLanguage\":\"fr-FR\",\"potentialAction\":[{\"@type\":\"ReadAction\",\"target\":[\"http:\/\/de-vv.com\/drivingup\/auto-ecole-meudon\/\"]}]},{\"@type\":\"ImageObject\",\"inLanguage\":\"fr-FR\",\"@id\":\"http:\/\/de-vv.com\/drivingup\/auto-ecole-meudon\/#primaryimage\",\"url\":\"http:\/\/de-vv.com\/drivingup\/wp-content\/uploads\/2024\/07\/permis_boite_vitesse_manuelle.png\",\"contentUrl\":\"http:\/\/de-vv.com\/drivingup\/wp-content\/uploads\/2024\/07\/permis_boite_vitesse_manuelle.png\",\"width\":3840,\"height\":2759,\"caption\":\"permis bo\u00eete manuelle Meudon Velizy\"},{\"@type\":\"BreadcrumbList\",\"@id\":\"http:\/\/de-vv.com\/drivingup\/auto-ecole-meudon\/#breadcrumb\",\"itemListElement\":[{\"@type\":\"ListItem\",\"position\":1,\"name\":\"Accueil\",\"item\":\"https:\/\/de-vv.com\/drivingup\/\"},{\"@type\":\"ListItem\",\"position\":2,\"name\":\"Auto-\u00e9cole Meudon\"}]},{\"@type\":\"WebSite\",\"@id\":\"https:\/\/de-vv.com\/drivingup\/#website\",\"url\":\"https:\/\/de-vv.com\/drivingup\/\",\"name\":\"Auto-\u00e9cole Meudon V\u00e9lizy\",\"description\":\"by Driving Up\",\"potentialAction\":[{\"@type\":\"SearchAction\",\"target\":{\"@type\":\"EntryPoint\",\"urlTemplate\":\"https:\/\/de-vv.com\/drivingup\/?s={search_term_string}\"},\"query-input\":{\"@type\":\"PropertyValueSpecification\",\"valueRequired\":true,\"valueName\":\"search_term_string\"}}],\"inLanguage\":\"fr-FR\"}]}<\/script>\n<!-- \/ Yoast SEO plugin. -->","yoast_head_json":{"title":"Auto-\u00e9cole Meudon - Auto-\u00e9cole Meudon V\u00e9lizy","description":"Quelle est la meilleure auto-\u00e9cole \u00e0 Meudon ? L'Auto-\u00e9cole Meudon V\u00e9lizy vous forme au permis de conduire. Financement CPF","robots":{"index":"noindex","follow":"follow","max-snippet":"max-snippet:-1","max-image-preview":"max-image-preview:large","max-video-preview":"max-video-preview:-1"},"og_locale":"fr_FR","og_type":"article","og_title":"Auto-\u00e9cole Meudon - Auto-\u00e9cole Meudon V\u00e9lizy","og_description":"Quelle est la meilleure auto-\u00e9cole \u00e0 Meudon ? L'Auto-\u00e9cole Meudon V\u00e9lizy vous forme au permis de conduire. Financement CPF","og_url":"http:\/\/de-vv.com\/drivingup\/auto-ecole-meudon\/","og_site_name":"Auto-\u00e9cole Meudon V\u00e9lizy","article_modified_time":"2024-07-07T09:34:35+00:00","og_image":[{"width":3840,"height":2759,"url":"http:\/\/de-vv.com\/drivingup\/wp-content\/uploads\/2024\/07\/permis_boite_vitesse_manuelle.png","type":"image\/png"}],"twitter_card":"summary_large_image","twitter_misc":{"Dur\u00e9e de lecture estim\u00e9e":"4 minutes"},"schema":{"@context":"https:\/\/schema.org","@graph":[{"@type":"WebPage","@id":"http:\/\/de-vv.com\/drivingup\/auto-ecole-meudon\/","url":"http:\/\/de-vv.com\/drivingup\/auto-ecole-meudon\/","name":"Auto-\u00e9cole Meudon - Auto-\u00e9cole Meudon V\u00e9lizy","isPartOf":{"@id":"https:\/\/de-vv.com\/drivingup\/#website"},"primaryImageOfPage":{"@id":"http:\/\/de-vv.com\/drivingup\/auto-ecole-meudon\/#primaryimage"},"image":{"@id":"http:\/\/de-vv.com\/drivingup\/auto-ecole-meudon\/#primaryimage"},"thumbnailUrl":"http:\/\/de-vv.com\/drivingup\/wp-content\/uploads\/2024\/07\/permis_boite_vitesse_manuelle.png","datePublished":"2024-07-07T08:44:59+00:00","dateModified":"2024-07-07T09:34:35+00:00","description":"Quelle est la meilleure auto-\u00e9cole \u00e0 Meudon ? L'Auto-\u00e9cole Meudon V\u00e9lizy vous forme au permis de conduire. Financement CPF","breadcrumb":{"@id":"http:\/\/de-vv.com\/drivingup\/auto-ecole-meudon\/#breadcrumb"},"inLanguage":"fr-FR","potentialAction":[{"@type":"ReadAction","target":["http:\/\/de-vv.com\/drivingup\/auto-ecole-meudon\/"]}]},{"@type":"ImageObject","inLanguage":"fr-FR","@id":"http:\/\/de-vv.com\/drivingup\/auto-ecole-meudon\/#primaryimage","url":"http:\/\/de-vv.com\/drivingup\/wp-content\/uploads\/2024\/07\/permis_boite_vitesse_manuelle.png","contentUrl":"http:\/\/de-vv.com\/drivingup\/wp-content\/uploads\/2024\/07\/permis_boite_vitesse_manuelle.png","width":3840,"height":2759,"caption":"permis bo\u00eete manuelle Meudon Velizy"},{"@type":"BreadcrumbList","@id":"http:\/\/de-vv.com\/drivingup\/auto-ecole-meudon\/#breadcrumb","itemListElement":[{"@type":"ListItem","position":1,"name":"Accueil","item":"https:\/\/de-vv.com\/drivingup\/"},{"@type":"ListItem","position":2,"name":"Auto-\u00e9cole Meudon"}]},{"@type":"WebSite","@id":"https:\/\/de-vv.com\/drivingup\/#website","url":"https:\/\/de-vv.com\/drivingup\/","name":"Auto-\u00e9cole Meudon V\u00e9lizy","description":"by Driving Up","potentialAction":[{"@type":"SearchAction","target":{"@type":"EntryPoint","urlTemplate":"https:\/\/de-vv.com\/drivingup\/?s={search_term_string}"},"query-input":{"@type":"PropertyValueSpecification","valueRequired":true,"valueName":"search_term_string"}}],"inLanguage":"fr-FR"}]}},"_links":{"self":[{"href":"http:\/\/de-vv.com\/drivingup\/wp-json\/wp\/v2\/pages\/153"}],"collection":[{"href":"http:\/\/de-vv.com\/drivingup\/wp-json\/wp\/v2\/pages"}],"about":[{"href":"http:\/\/de-vv.com\/drivingup\/wp-json\/wp\/v2\/types\/page"}],"author":[{"embeddable":true,"href":"http:\/\/de-vv.com\/drivingup\/wp-json\/wp\/v2\/users\/1"}],"replies":[{"embeddable":true,"href":"http:\/\/de-vv.com\/drivingup\/wp-json\/wp\/v2\/comments?post=153"}],"version-history":[{"count":3,"href":"http:\/\/de-vv.com\/drivingup\/wp-json\/wp\/v2\/pages\/153\/revisions"}],"predecessor-version":[{"id":166,"href":"http:\/\/de-vv.com\/drivingup\/wp-json\/wp\/v2\/pages\/153\/revisions\/166"}],"wp:featuredmedia":[{"embeddable":true,"href":"http:\/\/de-vv.com\/drivingup\/wp-json\/wp\/v2\/media\/122"}],"wp:attachment":[{"href":"http:\/\/de-vv.com\/drivingup\/wp-json\/wp\/v2\/media?parent=153"}],"curies":[{"name":"wp","href":"https:\/\/api.w.org\/{rel}","templated":true}]}}