{"id":82,"date":"2024-05-30T15:54:14","date_gmt":"2024-05-30T13:54:14","guid":{"rendered":"https:\/\/de-vv.com\/felixfaure\/?page_id=82"},"modified":"2024-06-26T20:14:15","modified_gmt":"2024-06-26T18:14:15","slug":"tarifs-a-lunite","status":"publish","type":"page","link":"http:\/\/de-vv.com\/felixfaure\/tarifs-a-lunite\/","title":{"rendered":"Tarifs \u00e0 l&rsquo;unit\u00e9"},"content":{"rendered":"[vc_row type=\u00a0\u00bbfull_width_content\u00a0\u00bb full_screen_row_position=\u00a0\u00bbmiddle\u00a0\u00bb equal_height=\u00a0\u00bbyes\u00a0\u00bb column_margin=\u00a0\u00bb20px\u00a0\u00bb bg_color=\u00a0\u00bb#ffffff\u00a0\u00bb scene_position=\u00a0\u00bbcenter\u00a0\u00bb text_color=\u00a0\u00bbdark\u00a0\u00bb text_align=\u00a0\u00bbleft\u00a0\u00bb class=\u00a0\u00bbmargin-form\u00a0\u00bb overlay_strength=\u00a0\u00bb0.3&Prime; shape_divider_position=\u00a0\u00bbbottom\u00a0\u00bb bg_image_animation=\u00a0\u00bbnone\u00a0\u00bb shape_type=\u00a0\u00bb\u00a0\u00bb][vc_column column_padding=\u00a0\u00bbpadding-4-percent\u00a0\u00bb column_padding_position=\u00a0\u00bbleft-right\u00a0\u00bb background_color_opacity=\u00a0\u00bb1&Prime; background_hover_color_opacity=\u00a0\u00bb1&Prime; font_color=\u00a0\u00bb#040404&Prime; column_link_target=\u00a0\u00bb_self\u00a0\u00bb column_shadow=\u00a0\u00bbnone\u00a0\u00bb column_border_radius=\u00a0\u00bbnone\u00a0\u00bb width=\u00a0\u00bb2\/3&Prime; tablet_width_inherit=\u00a0\u00bbdefault\u00a0\u00bb tablet_text_alignment=\u00a0\u00bbdefault\u00a0\u00bb phone_text_alignment=\u00a0\u00bbdefault\u00a0\u00bb overlay_strength=\u00a0\u00bb0.3&Prime; column_border_width=\u00a0\u00bbnone\u00a0\u00bb column_border_style=\u00a0\u00bbsolid\u00a0\u00bb bg_image_animation=\u00a0\u00bbnone\u00a0\u00bb][vc_column_text css=\u00a0\u00bb.vc_custom_1718791479151{padding-bottom: 20px !important;}\u00a0\u00bb]\n<h2 style=\"color: #006b9f;\">Tarifs \u00e0 l&rsquo;unit\u00e9<\/h2>\n<p>Retrouvez ci-dessous les tarifs de nos prestations \u00e0 l\u2019unit\u00e9. Tarifs exprim\u00e9s en euros (\u20ac), toutes taxes comprises (TTC), valables jusqu\u2019au 31 d\u00e9cembre 2024.[\/vc_column_text][nectar_food_menu_item style=\u00a0\u00bbdefault\u00a0\u00bb item_name_heading_tag=\u00a0\u00bbh6&Prime; item_name=\u00a0\u00bb\u00c9valuation de d\u00e9part\u00a0\u00bb item_price=\u00a0\u00bb62\u20ac\u00a0\u00bb][nectar_food_menu_item style=\u00a0\u00bbdefault\u00a0\u00bb item_name_heading_tag=\u00a0\u00bbh6&Prime; item_name=\u00a0\u00bbD\u00e9marches administratives (mise sous mandat)\u00a0\u00bb item_price=\u00a0\u00bb150\u20ac\u00a0\u00bb][nectar_food_menu_item style=\u00a0\u00bbdefault\u00a0\u00bb item_name_heading_tag=\u00a0\u00bbh6&Prime; item_name=\u00a0\u00bbD\u00e9marches administratives (suite ajournement)\u00a0\u00bb item_price=\u00a0\u00bb70\u20ac\u00a0\u00bb][nectar_food_menu_item style=\u00a0\u00bbdefault\u00a0\u00bb item_name_heading_tag=\u00a0\u00bbh6&Prime; item_name=\u00a0\u00bbD\u00e9marche fabrication du permis\u00a0\u00bb item_price=\u00a0\u00bb30\u20ac\u00a0\u00bb][nectar_food_menu_item style=\u00a0\u00bbdefault\u00a0\u00bb item_name_heading_tag=\u00a0\u00bbh6&Prime; item_name=\u00a0\u00bbLe\u00e7on de conduite B ou BEA (55 minutes)\u00a0\u00bb item_price=\u00a0\u00bb62\u20ac\u00a0\u00bb][nectar_food_menu_item style=\u00a0\u00bbdefault\u00a0\u00bb item_name_heading_tag=\u00a0\u00bbh6&Prime; item_name=\u00a0\u00bbLe\u00e7on de perfectionnement \u00e0 la conduite\u00a0\u00bb item_price=\u00a0\u00bb70\u20ac\u00a0\u00bb][nectar_food_menu_item style=\u00a0\u00bbdefault\u00a0\u00bb item_name_heading_tag=\u00a0\u00bbh6&Prime; item_name=\u00a0\u00bbLe\u00e7on d&rsquo;\u00e9coute p\u00e9dagogique\u00a0\u00bb item_price=\u00a0\u00bb29\u20ac\u00a0\u00bb][nectar_food_menu_item style=\u00a0\u00bbdefault\u00a0\u00bb item_name_heading_tag=\u00a0\u00bbh6&Prime; item_name=\u00a0\u00bbRendez-vous p\u00e9dagogique AAC\/Supervis\u00e9e\u00a0\u00bb item_price=\u00a0\u00bb150\u20ac\u00a0\u00bb][nectar_food_menu_item style=\u00a0\u00bbdefault\u00a0\u00bb item_name_heading_tag=\u00a0\u00bbh6&Prime; item_name=\u00a0\u00bbFrais d&rsquo;accompagnement \u00e0 l&rsquo;examen pratique B\/BEA\u00a0\u00bb item_price=\u00a0\u00bb62\u20ac\u00a0\u00bb][nectar_food_menu_item style=\u00a0\u00bbdefault\u00a0\u00bb item_name_heading_tag=\u00a0\u00bbh6&Prime; item_name=\u00a0\u00bbBilan de comp\u00e9tences (2h)\u00a0\u00bb item_price=\u00a0\u00bb140\u20ac\u00a0\u00bb][nectar_food_menu_item style=\u00a0\u00bbdefault\u00a0\u00bb item_name_heading_tag=\u00a0\u00bbh6&Prime; item_name=\u00a0\u00bbAcc\u00e8s \u00e0 la salle de code (1 mois)\u00a0\u00bb item_price=\u00a0\u00bb70\u20ac\u00a0\u00bb][nectar_food_menu_item style=\u00a0\u00bbdefault\u00a0\u00bb item_name_heading_tag=\u00a0\u00bbh6&Prime; item_name=\u00a0\u00bbFournitures p\u00e9dagogiques (Livret d&rsquo;apprentissage, fiche de suivi, livre de code)\u00a0\u00bb item_price=\u00a0\u00bb80\u20ac\u00a0\u00bb][nectar_food_menu_item style=\u00a0\u00bbdefault\u00a0\u00bb item_name_heading_tag=\u00a0\u00bbh6&Prime; item_name=\u00a0\u00bbCode en ligne 1\/2\/3 mois\u00a0\u00bb item_price=\u00a0\u00bb20\/30\/40\u20ac\u00a0\u00bb][nectar_food_menu_item style=\u00a0\u00bbdefault\u00a0\u00bb item_name_heading_tag=\u00a0\u00bbh6&Prime; item_name=\u00a0\u00bbFormation post-permis &#8211; 7 heures\u00a0\u00bb item_price=\u00a0\u00bb140\u20ac\u00a0\u00bb][divider line_type=\u00a0\u00bbNo Line\u00a0\u00bb][\/vc_column][vc_column column_padding=\u00a0\u00bbpadding-4-percent\u00a0\u00bb column_padding_position=\u00a0\u00bball\u00a0\u00bb background_color_opacity=\u00a0\u00bb1&Prime; background_hover_color_opacity=\u00a0\u00bb1&Prime; background_image=\u00a0\u00bb413&Prime; enable_bg_scale=\u00a0\u00bbtrue\u00a0\u00bb font_color=\u00a0\u00bb#ffffff\u00a0\u00bb column_link_target=\u00a0\u00bb_self\u00a0\u00bb column_shadow=\u00a0\u00bbnone\u00a0\u00bb column_border_radius=\u00a0\u00bbnone\u00a0\u00bb width=\u00a0\u00bb1\/3&Prime; tablet_width_inherit=\u00a0\u00bbdefault\u00a0\u00bb tablet_text_alignment=\u00a0\u00bbdefault\u00a0\u00bb phone_text_alignment=\u00a0\u00bbdefault\u00a0\u00bb color_overlay=\u00a0\u00bb#000000&Prime; overlay_strength=\u00a0\u00bb0.3&Prime; column_border_width=\u00a0\u00bbnone\u00a0\u00bb column_border_style=\u00a0\u00bbsolid\u00a0\u00bb bg_image_animation=\u00a0\u00bbnone\u00a0\u00bb][vc_row_inner column_margin=\u00a0\u00bbdefault\u00a0\u00bb bottom_padding=\u00a0\u00bb25&Prime; text_align=\u00a0\u00bbleft\u00a0\u00bb][vc_column_inner column_padding=\u00a0\u00bbno-extra-padding\u00a0\u00bb column_padding_position=\u00a0\u00bball\u00a0\u00bb background_color_opacity=\u00a0\u00bb1&Prime; background_hover_color_opacity=\u00a0\u00bb1&Prime; font_color=\u00a0\u00bb#ffffff\u00a0\u00bb column_shadow=\u00a0\u00bbnone\u00a0\u00bb column_border_radius=\u00a0\u00bbnone\u00a0\u00bb column_link_target=\u00a0\u00bb_self\u00a0\u00bb width=\u00a0\u00bb1\/1&Prime; tablet_width_inherit=\u00a0\u00bbdefault\u00a0\u00bb overlay_strength=\u00a0\u00bb0.3&Prime; column_border_width=\u00a0\u00bbnone\u00a0\u00bb column_border_style=\u00a0\u00bbsolid\u00a0\u00bb bg_image_animation=\u00a0\u00bbnone\u00a0\u00bb][vc_column_text]\n<h4><i class=\"fa fa-map-signs\" style=\"color: #006b9f;\"><\/i> O\u00f9 sommes-nous ?<\/h4>\n<p>25 avenue F\u00e9lix Faure<br \/>\n75015 Paris<\/p>\n<p><a style=\"color: #006b9f;\" href=\"https:\/\/www.google.com\/maps\/dir\/\/Auto+Ecole+Felix+Faure+Paris+15+%F0%9F%9A%A6,+25+Av.+F%C3%A9lix+Faure,+75015+Paris\/@48.8417806,2.2075203,12z\/data=!3m1!4b1!4m9!4m8!1m0!1m5!1m1!1s0x47e67013d334d441:0x3aab7ba4e4a35ce3!2m2!1d2.2899208!2d48.84181!3e2?entry=ttu\" target=\"_blank\" rel=\"noopener\">Plan d&rsquo;acc\u00e8s<\/a>[\/vc_column_text][\/vc_column_inner][\/vc_row_inner][vc_row_inner column_margin=\u00a0\u00bbdefault\u00a0\u00bb bottom_padding=\u00a0\u00bb12&Prime; text_align=\u00a0\u00bbleft\u00a0\u00bb][vc_column_inner column_padding=\u00a0\u00bbno-extra-padding\u00a0\u00bb column_padding_position=\u00a0\u00bball\u00a0\u00bb background_color_opacity=\u00a0\u00bb1&Prime; background_hover_color_opacity=\u00a0\u00bb1&Prime; font_color=\u00a0\u00bb#ffffff\u00a0\u00bb column_shadow=\u00a0\u00bbnone\u00a0\u00bb column_border_radius=\u00a0\u00bbnone\u00a0\u00bb bottom_margin=\u00a0\u00bb30&Prime; column_link_target=\u00a0\u00bb_self\u00a0\u00bb width=\u00a0\u00bb1\/1&Prime; tablet_width_inherit=\u00a0\u00bbdefault\u00a0\u00bb overlay_strength=\u00a0\u00bb0.3&Prime; column_border_width=\u00a0\u00bbnone\u00a0\u00bb column_border_style=\u00a0\u00bbsolid\u00a0\u00bb bg_image_animation=\u00a0\u00bbnone\u00a0\u00bb][vc_column_text]\n<h4><i class=\"fa fa-comments\" style=\"color: #006b9f;\"><\/i> Nos coordonn\u00e9es<\/h4>\n<p><span style=\"font-size: 12pt;\"><a style=\"font-weight: 600; color: #006b9f;\" href=\"tel:01.45.58.35.36\">01 45 58 35 36<\/a><\/span><br \/>\n<span style=\"font-size: 12pt;\"><a style=\"font-weight: 600; color: #006b9f;\" href=\"mailto:aefelixfaure75@gmail.com\">Envoyer un mail<\/a><\/span>[\/vc_column_text][\/vc_column_inner][\/vc_row_inner][vc_row_inner column_margin=\u00a0\u00bbdefault\u00a0\u00bb text_align=\u00a0\u00bbleft\u00a0\u00bb][vc_column_inner column_padding=\u00a0\u00bbno-extra-padding\u00a0\u00bb column_padding_position=\u00a0\u00bball\u00a0\u00bb background_color_opacity=\u00a0\u00bb1&Prime; background_hover_color_opacity=\u00a0\u00bb1&Prime; font_color=\u00a0\u00bb#ffffff\u00a0\u00bb column_shadow=\u00a0\u00bbnone\u00a0\u00bb column_border_radius=\u00a0\u00bbnone\u00a0\u00bb column_link_target=\u00a0\u00bb_self\u00a0\u00bb width=\u00a0\u00bb1\/1&Prime; tablet_width_inherit=\u00a0\u00bbdefault\u00a0\u00bb overlay_strength=\u00a0\u00bb0.3&Prime; column_border_width=\u00a0\u00bbnone\u00a0\u00bb column_border_style=\u00a0\u00bbsolid\u00a0\u00bb bg_image_animation=\u00a0\u00bbnone\u00a0\u00bb][vc_column_text]\n<h4><i class=\"fa fa-clock\" style=\"color: #006b9f;\"><\/i> Nos horaires<\/h4>\n<p>Nous sommes ouverts :<br \/>\ndu lundi au samedi<br \/>\nde 10h30 \u00e0 14h et de 15h \u00e0 19h[\/vc_column_text][\/vc_column_inner][\/vc_row_inner][\/vc_column][\/vc_row]\n","protected":false},"excerpt":{"rendered":"<p>[vc_row type=\u00a0\u00bbfull_width_content\u00a0\u00bb full_screen_row_position=\u00a0\u00bbmiddle\u00a0\u00bb equal_height=\u00a0\u00bbyes\u00a0\u00bb column_margin=\u00a0\u00bb20px\u00a0\u00bb bg_color=\u00a0\u00bb#ffffff\u00a0\u00bb scene_position=\u00a0\u00bbcenter\u00a0\u00bb text_color=\u00a0\u00bbdark\u00a0\u00bb text_align=\u00a0\u00bbleft\u00a0\u00bb class=\u00a0\u00bbmargin-form\u00a0\u00bb overlay_strength=\u00a0\u00bb0.3&Prime; shape_divider_position=\u00a0\u00bbbottom\u00a0\u00bb bg_image_animation=\u00a0\u00bbnone\u00a0\u00bb shape_type=\u00a0\u00bb\u00a0\u00bb][vc_column column_padding=\u00a0\u00bbpadding-4-percent\u00a0\u00bb column_padding_position=\u00a0\u00bbleft-right\u00a0\u00bb background_color_opacity=\u00a0\u00bb1&Prime; background_hover_color_opacity=\u00a0\u00bb1&Prime; font_color=\u00a0\u00bb#040404&Prime; column_link_target=\u00a0\u00bb_self\u00a0\u00bb column_shadow=\u00a0\u00bbnone\u00a0\u00bb column_border_radius=\u00a0\u00bbnone\u00a0\u00bb width=\u00a0\u00bb2\/3&Prime; tablet_width_inherit=\u00a0\u00bbdefault\u00a0\u00bb tablet_text_alignment=\u00a0\u00bbdefault\u00a0\u00bb phone_text_alignment=\u00a0\u00bbdefault\u00a0\u00bb overlay_strength=\u00a0\u00bb0.3&Prime; column_border_width=\u00a0\u00bbnone\u00a0\u00bb column_border_style=\u00a0\u00bbsolid\u00a0\u00bb bg_image_animation=\u00a0\u00bbnone\u00a0\u00bb][vc_column_text&#8230;<\/p>\n","protected":false},"author":1,"featured_media":195,"parent":0,"menu_order":0,"comment_status":"closed","ping_status":"closed","template":"","meta":{"_joinchat":[],"footnotes":""},"yoast_head":"<!-- This site is optimized with the Yoast SEO plugin v24.5 - https:\/\/yoast.com\/wordpress\/plugins\/seo\/ -->\n<title>Tarifs \u00e0 l&#039;unit\u00e9 - Auto Ecole Felix Faure - Paris 15<\/title>\n<meta name=\"description\" content=\"Vous \u00eates en formations \u00e0 l&#039;Auto Ecole Felix Faure? Voici nos prestations unitaires. En cas de questions n&#039;h\u00e9sitez pas \u00e0 nous contacter.\" \/>\n<meta name=\"robots\" content=\"noindex, follow, max-snippet:-1, max-image-preview:large, max-video-preview:-1\" \/>\n<meta property=\"og:locale\" content=\"fr_FR\" \/>\n<meta property=\"og:type\" content=\"article\" \/>\n<meta property=\"og:title\" content=\"Tarifs \u00e0 l&#039;unit\u00e9 - Auto Ecole Felix Faure - Paris 15\" \/>\n<meta property=\"og:description\" content=\"Vous \u00eates en formations \u00e0 l&#039;Auto Ecole Felix Faure? Voici nos prestations unitaires. En cas de questions n&#039;h\u00e9sitez pas \u00e0 nous contacter.\" \/>\n<meta property=\"og:url\" content=\"http:\/\/de-vv.com\/felixfaure\/tarifs-a-lunite\/\" \/>\n<meta property=\"og:site_name\" content=\"Auto Ecole Felix Faure - Paris 15\" \/>\n<meta property=\"article:modified_time\" content=\"2024-06-26T18:14:15+00:00\" \/>\n<meta property=\"og:image\" content=\"http:\/\/de-vv.com\/felixfaure\/wp-content\/uploads\/2024\/06\/Auto-ecole-Felix-Faure-Devanture.png\" \/>\n\t<meta property=\"og:image:width\" content=\"733\" \/>\n\t<meta property=\"og:image:height\" content=\"504\" \/>\n\t<meta property=\"og:image:type\" content=\"image\/png\" \/>\n<meta name=\"twitter:card\" content=\"summary_large_image\" \/>\n<meta name=\"twitter:label1\" content=\"Dur\u00e9e de lecture estim\u00e9e\" \/>\n\t<meta name=\"twitter:data1\" content=\"2 minutes\" \/>\n<script type=\"application\/ld+json\" class=\"yoast-schema-graph\">{\"@context\":\"https:\/\/schema.org\",\"@graph\":[{\"@type\":\"WebPage\",\"@id\":\"http:\/\/de-vv.com\/felixfaure\/tarifs-a-lunite\/\",\"url\":\"http:\/\/de-vv.com\/felixfaure\/tarifs-a-lunite\/\",\"name\":\"Tarifs \u00e0 l'unit\u00e9 - Auto Ecole Felix Faure - Paris 15\",\"isPartOf\":{\"@id\":\"http:\/\/de-vv.com\/felixfaure\/#website\"},\"primaryImageOfPage\":{\"@id\":\"http:\/\/de-vv.com\/felixfaure\/tarifs-a-lunite\/#primaryimage\"},\"image\":{\"@id\":\"http:\/\/de-vv.com\/felixfaure\/tarifs-a-lunite\/#primaryimage\"},\"thumbnailUrl\":\"http:\/\/de-vv.com\/felixfaure\/wp-content\/uploads\/2024\/06\/Auto-ecole-Felix-Faure-Devanture.png\",\"datePublished\":\"2024-05-30T13:54:14+00:00\",\"dateModified\":\"2024-06-26T18:14:15+00:00\",\"description\":\"Vous \u00eates en formations \u00e0 l'Auto Ecole Felix Faure? Voici nos prestations unitaires. En cas de questions n'h\u00e9sitez pas \u00e0 nous contacter.\",\"breadcrumb\":{\"@id\":\"http:\/\/de-vv.com\/felixfaure\/tarifs-a-lunite\/#breadcrumb\"},\"inLanguage\":\"fr-FR\",\"potentialAction\":[{\"@type\":\"ReadAction\",\"target\":[\"http:\/\/de-vv.com\/felixfaure\/tarifs-a-lunite\/\"]}]},{\"@type\":\"ImageObject\",\"inLanguage\":\"fr-FR\",\"@id\":\"http:\/\/de-vv.com\/felixfaure\/tarifs-a-lunite\/#primaryimage\",\"url\":\"http:\/\/de-vv.com\/felixfaure\/wp-content\/uploads\/2024\/06\/Auto-ecole-Felix-Faure-Devanture.png\",\"contentUrl\":\"http:\/\/de-vv.com\/felixfaure\/wp-content\/uploads\/2024\/06\/Auto-ecole-Felix-Faure-Devanture.png\",\"width\":733,\"height\":504,\"caption\":\"Auto-\u00e9cole F\u00e9lix Faure - Devanture\"},{\"@type\":\"BreadcrumbList\",\"@id\":\"http:\/\/de-vv.com\/felixfaure\/tarifs-a-lunite\/#breadcrumb\",\"itemListElement\":[{\"@type\":\"ListItem\",\"position\":1,\"name\":\"Accueil\",\"item\":\"http:\/\/de-vv.com\/felixfaure\/\"},{\"@type\":\"ListItem\",\"position\":2,\"name\":\"Tarifs \u00e0 l&rsquo;unit\u00e9\"}]},{\"@type\":\"WebSite\",\"@id\":\"http:\/\/de-vv.com\/felixfaure\/#website\",\"url\":\"http:\/\/de-vv.com\/felixfaure\/\",\"name\":\"Auto Ecole Felix Faure - Paris 15\",\"description\":\"Auto-\u00e9cole dans le 15\u00e8me arrondissement\",\"potentialAction\":[{\"@type\":\"SearchAction\",\"target\":{\"@type\":\"EntryPoint\",\"urlTemplate\":\"http:\/\/de-vv.com\/felixfaure\/?s={search_term_string}\"},\"query-input\":{\"@type\":\"PropertyValueSpecification\",\"valueRequired\":true,\"valueName\":\"search_term_string\"}}],\"inLanguage\":\"fr-FR\"}]}<\/script>\n<!-- \/ Yoast SEO plugin. -->","yoast_head_json":{"title":"Tarifs \u00e0 l'unit\u00e9 - Auto Ecole Felix Faure - Paris 15","description":"Vous \u00eates en formations \u00e0 l'Auto Ecole Felix Faure? Voici nos prestations unitaires. En cas de questions n'h\u00e9sitez pas \u00e0 nous contacter.","robots":{"index":"noindex","follow":"follow","max-snippet":"max-snippet:-1","max-image-preview":"max-image-preview:large","max-video-preview":"max-video-preview:-1"},"og_locale":"fr_FR","og_type":"article","og_title":"Tarifs \u00e0 l'unit\u00e9 - Auto Ecole Felix Faure - Paris 15","og_description":"Vous \u00eates en formations \u00e0 l'Auto Ecole Felix Faure? Voici nos prestations unitaires. En cas de questions n'h\u00e9sitez pas \u00e0 nous contacter.","og_url":"http:\/\/de-vv.com\/felixfaure\/tarifs-a-lunite\/","og_site_name":"Auto Ecole Felix Faure - Paris 15","article_modified_time":"2024-06-26T18:14:15+00:00","og_image":[{"width":733,"height":504,"url":"http:\/\/de-vv.com\/felixfaure\/wp-content\/uploads\/2024\/06\/Auto-ecole-Felix-Faure-Devanture.png","type":"image\/png"}],"twitter_card":"summary_large_image","twitter_misc":{"Dur\u00e9e de lecture estim\u00e9e":"2 minutes"},"schema":{"@context":"https:\/\/schema.org","@graph":[{"@type":"WebPage","@id":"http:\/\/de-vv.com\/felixfaure\/tarifs-a-lunite\/","url":"http:\/\/de-vv.com\/felixfaure\/tarifs-a-lunite\/","name":"Tarifs \u00e0 l'unit\u00e9 - Auto Ecole Felix Faure - Paris 15","isPartOf":{"@id":"http:\/\/de-vv.com\/felixfaure\/#website"},"primaryImageOfPage":{"@id":"http:\/\/de-vv.com\/felixfaure\/tarifs-a-lunite\/#primaryimage"},"image":{"@id":"http:\/\/de-vv.com\/felixfaure\/tarifs-a-lunite\/#primaryimage"},"thumbnailUrl":"http:\/\/de-vv.com\/felixfaure\/wp-content\/uploads\/2024\/06\/Auto-ecole-Felix-Faure-Devanture.png","datePublished":"2024-05-30T13:54:14+00:00","dateModified":"2024-06-26T18:14:15+00:00","description":"Vous \u00eates en formations \u00e0 l'Auto Ecole Felix Faure? Voici nos prestations unitaires. En cas de questions n'h\u00e9sitez pas \u00e0 nous contacter.","breadcrumb":{"@id":"http:\/\/de-vv.com\/felixfaure\/tarifs-a-lunite\/#breadcrumb"},"inLanguage":"fr-FR","potentialAction":[{"@type":"ReadAction","target":["http:\/\/de-vv.com\/felixfaure\/tarifs-a-lunite\/"]}]},{"@type":"ImageObject","inLanguage":"fr-FR","@id":"http:\/\/de-vv.com\/felixfaure\/tarifs-a-lunite\/#primaryimage","url":"http:\/\/de-vv.com\/felixfaure\/wp-content\/uploads\/2024\/06\/Auto-ecole-Felix-Faure-Devanture.png","contentUrl":"http:\/\/de-vv.com\/felixfaure\/wp-content\/uploads\/2024\/06\/Auto-ecole-Felix-Faure-Devanture.png","width":733,"height":504,"caption":"Auto-\u00e9cole F\u00e9lix Faure - Devanture"},{"@type":"BreadcrumbList","@id":"http:\/\/de-vv.com\/felixfaure\/tarifs-a-lunite\/#breadcrumb","itemListElement":[{"@type":"ListItem","position":1,"name":"Accueil","item":"http:\/\/de-vv.com\/felixfaure\/"},{"@type":"ListItem","position":2,"name":"Tarifs \u00e0 l&rsquo;unit\u00e9"}]},{"@type":"WebSite","@id":"http:\/\/de-vv.com\/felixfaure\/#website","url":"http:\/\/de-vv.com\/felixfaure\/","name":"Auto Ecole Felix Faure - Paris 15","description":"Auto-\u00e9cole dans le 15\u00e8me arrondissement","potentialAction":[{"@type":"SearchAction","target":{"@type":"EntryPoint","urlTemplate":"http:\/\/de-vv.com\/felixfaure\/?s={search_term_string}"},"query-input":{"@type":"PropertyValueSpecification","valueRequired":true,"valueName":"search_term_string"}}],"inLanguage":"fr-FR"}]}},"_links":{"self":[{"href":"http:\/\/de-vv.com\/felixfaure\/wp-json\/wp\/v2\/pages\/82"}],"collection":[{"href":"http:\/\/de-vv.com\/felixfaure\/wp-json\/wp\/v2\/pages"}],"about":[{"href":"http:\/\/de-vv.com\/felixfaure\/wp-json\/wp\/v2\/types\/page"}],"author":[{"embeddable":true,"href":"http:\/\/de-vv.com\/felixfaure\/wp-json\/wp\/v2\/users\/1"}],"replies":[{"embeddable":true,"href":"http:\/\/de-vv.com\/felixfaure\/wp-json\/wp\/v2\/comments?post=82"}],"version-history":[{"count":13,"href":"http:\/\/de-vv.com\/felixfaure\/wp-json\/wp\/v2\/pages\/82\/revisions"}],"predecessor-version":[{"id":602,"href":"http:\/\/de-vv.com\/felixfaure\/wp-json\/wp\/v2\/pages\/82\/revisions\/602"}],"wp:featuredmedia":[{"embeddable":true,"href":"http:\/\/de-vv.com\/felixfaure\/wp-json\/wp\/v2\/media\/195"}],"wp:attachment":[{"href":"http:\/\/de-vv.com\/felixfaure\/wp-json\/wp\/v2\/media?parent=82"}],"curies":[{"name":"wp","href":"https:\/\/api.w.org\/{rel}","templated":true}]}}