{"id":14,"date":"2024-03-03T20:08:42","date_gmt":"2024-03-03T19:08:42","guid":{"rendered":"http:\/\/de-vv.com\/leonblum\/?page_id=14"},"modified":"2024-03-17T19:46:24","modified_gmt":"2024-03-17T18:46:24","slug":"documents-a-fournir","status":"publish","type":"page","link":"http:\/\/de-vv.com\/leonblum\/documents-a-fournir\/","title":{"rendered":"Documents \u00e0 fournir"},"content":{"rendered":"[vc_row type=\u00a0\u00bbfull_width_content\u00a0\u00bb full_screen_row_position=\u00a0\u00bbmiddle\u00a0\u00bb equal_height=\u00a0\u00bbyes\u00a0\u00bb column_margin=\u00a0\u00bbnone\u00a0\u00bb bg_color=\u00a0\u00bb#ffffff\u00a0\u00bb scene_position=\u00a0\u00bbcenter\u00a0\u00bb text_color=\u00a0\u00bbdark\u00a0\u00bb text_align=\u00a0\u00bbleft\u00a0\u00bb class=\u00a0\u00bbmargin-form\u00a0\u00bb overlay_strength=\u00a0\u00bb0.3&Prime; shape_divider_position=\u00a0\u00bbbottom\u00a0\u00bb bg_image_animation=\u00a0\u00bbnone\u00a0\u00bb shape_type=\u00a0\u00bb\u00a0\u00bb][vc_column column_padding=\u00a0\u00bbpadding-4-percent\u00a0\u00bb column_padding_position=\u00a0\u00bball\u00a0\u00bb background_color_opacity=\u00a0\u00bb1&Prime; background_hover_color_opacity=\u00a0\u00bb1&Prime; font_color=\u00a0\u00bb#040404&Prime; column_link_target=\u00a0\u00bb_self\u00a0\u00bb column_shadow=\u00a0\u00bbnone\u00a0\u00bb column_border_radius=\u00a0\u00bbnone\u00a0\u00bb width=\u00a0\u00bb2\/3&Prime; tablet_width_inherit=\u00a0\u00bbdefault\u00a0\u00bb tablet_text_alignment=\u00a0\u00bbdefault\u00a0\u00bb phone_text_alignment=\u00a0\u00bbdefault\u00a0\u00bb overlay_strength=\u00a0\u00bb0.3&Prime; column_border_width=\u00a0\u00bbnone\u00a0\u00bb column_border_style=\u00a0\u00bbsolid\u00a0\u00bb bg_image_animation=\u00a0\u00bbnone\u00a0\u00bb][vc_column_text css=\u00a0\u00bb.vc_custom_1710226657547{padding-bottom: 20px !important;}\u00a0\u00bb]\n<h1>Documents \u00e0 fournir<\/h1>\n<p>Retrouvez ci-dessous la liste des documents \u00e0 nous fournir \u00e0 l\u2019inscription. Ces documents sont n\u00e9cessaires pour la constitution de votre dossier et son\u00a0<a href=\"https:\/\/permisdeconduire.ants.gouv.fr\/\" target=\"_blank\" rel=\"noopener\">enregistrement aupr\u00e8s de l\u2019ANTS<\/a>.[\/vc_column_text]<div class=\"nectar-fancy-ul\" data-list-icon=\"icon-salient-thin-line\" data-animation=\"false\" data-animation-delay=\"0\" data-color=\"accent-color\" data-spacing=\"default\" data-alignment=\"left\"> \n<h3><i>Pour l\u2019inscription au permis B<\/i><\/h3>\n<ul>\n<li>Pi\u00e8ce d\u2019identit\u00e9 ou carte de s\u00e9jour<\/li>\n<li>Pi\u00e8ce d\u2019identit\u00e9 parent pour les mineurs<\/li>\n<li>Justificatif de domicile de moins de 6 mois<\/li>\n<li>Attestation d\u2019h\u00e9bergement + pi\u00e8ce d\u2019identit\u00e9 de l\u2019h\u00e9bergeant (m\u00eame nom, m\u00eame pr\u00e9nom sur le justificatif de domicile, sur la pi\u00e8ce d\u2019identit\u00e9 et sur l\u2019attestation d&rsquo;h\u00e9bergement)<\/li>\n<li>Certificat individuel de Participation \u00e0 la Journ\u00e9e de D\u00e9fense et Citoyennet\u00e9 pour les \u2013 de 25 ans JDC<\/li>\n<li>Recensement pour les \u2013 de 17 ans<\/li>\n<li>\u00catre titulaire de l\u2019ASSR 2 ou de l\u2019ASR<\/li>\n<li>Un code e-photo (ANTS)<\/li>\n<\/ul>\n <\/div><div class=\"nectar-fancy-ul\" data-list-icon=\"icon-salient-thin-line\" data-animation=\"false\" data-animation-delay=\"0\" data-color=\"accent-color\" data-spacing=\"default\" data-alignment=\"left\"> \n<h3><i>Pour l\u2019inscription au permis A1 ou A2<\/i><\/h3>\n<ul>\n<li>Pi\u00e8ce d\u2019identit\u00e9 ou carte de s\u00e9jour<\/li>\n<li>Pi\u00e8ce d\u2019identit\u00e9 parent pour les mineurs<\/li>\n<li>Permis de conduire (si 2\u00e8me cat\u00e9gorie de permis demand\u00e9)<\/li>\n<li>Justificatif de domicile de moins de 6 mois<\/li>\n<li>Attestation d\u2019h\u00e9bergement + pi\u00e8ce d\u2019identit\u00e9 de l\u2019h\u00e9bergeant (m\u00eame nom, m\u00eame pr\u00e9nom sur le justificatif de domicile, sur la pi\u00e8ce d\u2019identit\u00e9 et sur l\u2019attestation d\u2019h\u00e9bergement)<\/li>\n<li>Certificat individuel de Participation \u00e0 la Journ\u00e9e de D\u00e9fense et Citoyennet\u00e9 pour les \u2013 de 25 ans JDC<\/li>\n<li>Recensement pour les \u2013 de 17 ans<\/li>\n<li>\u00catre titulaire de l\u2019ASSR 2 ou de l\u2019ASR<\/li>\n<li>Un code e-photo (ANTS)<\/li>\n<\/ul>\n <\/div>[\/vc_column][vc_column column_padding=\u00a0\u00bbpadding-4-percent\u00a0\u00bb column_padding_position=\u00a0\u00bball\u00a0\u00bb background_color_opacity=\u00a0\u00bb1&Prime; background_hover_color_opacity=\u00a0\u00bb1&Prime; background_image=\u00a0\u00bb32&Prime; enable_bg_scale=\u00a0\u00bbtrue\u00a0\u00bb column_link_target=\u00a0\u00bb_self\u00a0\u00bb column_shadow=\u00a0\u00bbnone\u00a0\u00bb column_border_radius=\u00a0\u00bbnone\u00a0\u00bb width=\u00a0\u00bb1\/3&Prime; tablet_width_inherit=\u00a0\u00bbdefault\u00a0\u00bb tablet_text_alignment=\u00a0\u00bbdefault\u00a0\u00bb phone_text_alignment=\u00a0\u00bbdefault\u00a0\u00bb enable_gradient=\u00a0\u00bbtrue\u00a0\u00bb color_overlay=\u00a0\u00bb#000000&Prime; gradient_direction=\u00a0\u00bbtop_to_bottom\u00a0\u00bb overlay_strength=\u00a0\u00bb0.8&Prime; column_border_width=\u00a0\u00bbnone\u00a0\u00bb column_border_style=\u00a0\u00bbsolid\u00a0\u00bb bg_image_animation=\u00a0\u00bbnone\u00a0\u00bb][vc_row_inner column_margin=\u00a0\u00bbdefault\u00a0\u00bb bottom_padding=\u00a0\u00bb12&Prime; text_align=\u00a0\u00bbleft\u00a0\u00bb][vc_column_inner column_padding=\u00a0\u00bbno-extra-padding\u00a0\u00bb column_padding_position=\u00a0\u00bball\u00a0\u00bb background_color_opacity=\u00a0\u00bb1&Prime; background_hover_color_opacity=\u00a0\u00bb1&Prime; font_color=\u00a0\u00bb#ffffff\u00a0\u00bb column_shadow=\u00a0\u00bbnone\u00a0\u00bb column_border_radius=\u00a0\u00bbnone\u00a0\u00bb column_link_target=\u00a0\u00bb_self\u00a0\u00bb width=\u00a0\u00bb1\/1&Prime; tablet_width_inherit=\u00a0\u00bbdefault\u00a0\u00bb overlay_strength=\u00a0\u00bb0.3&Prime; column_border_width=\u00a0\u00bbnone\u00a0\u00bb column_border_style=\u00a0\u00bbsolid\u00a0\u00bb bg_image_animation=\u00a0\u00bbnone\u00a0\u00bb][vc_column_text]\n<h4><i class=\"fa fa-map-signs\" style=\"color: #35a2cf;\"><\/i> O\u00f9 sommes-nous ?<\/h4>\n<p>Venez nous rencontrer dans notre agence au :<br \/>\n155 rue L\u00e9on Blum<br \/>\n69100 Villeurbanne<br \/>\n<a href=\"https:\/\/www.google.fr\/maps\/dir\/\/155+Rue+L\u00e9on+Blum,+69100+Villeurbanne\/@45.7607476,4.9020023,17z\/data=!4m18!1m8!3m7!1s0x47f4c1ad53a67b91:0xe0ad487f20a77146!2s155+Rue+L\u00e9on+Blum,+69100+Villeurbanne!3b1!8m2!3d45.7607439!4d4.9045772!16s%2Fg%2F11cnd7xcky!4m8!1m0!1m5!1m1!1s0x47f4c1ad53a67b91:0xe0ad487f20a77146!2m2!1d4.9045772!2d45.7607439!3e1?entry=ttu\" target=\"_blank\" rel=\"noopener\">Plan d&rsquo;acc\u00e8s<\/a>[\/vc_column_text][\/vc_column_inner][\/vc_row_inner][vc_row_inner column_margin=\u00a0\u00bbdefault\u00a0\u00bb bottom_padding=\u00a0\u00bb12&Prime; text_align=\u00a0\u00bbleft\u00a0\u00bb][vc_column_inner column_padding=\u00a0\u00bbno-extra-padding\u00a0\u00bb column_padding_position=\u00a0\u00bball\u00a0\u00bb background_color_opacity=\u00a0\u00bb1&Prime; background_hover_color_opacity=\u00a0\u00bb1&Prime; font_color=\u00a0\u00bb#ffffff\u00a0\u00bb column_shadow=\u00a0\u00bbnone\u00a0\u00bb column_border_radius=\u00a0\u00bbnone\u00a0\u00bb bottom_margin=\u00a0\u00bb30&Prime; column_link_target=\u00a0\u00bb_self\u00a0\u00bb width=\u00a0\u00bb1\/1&Prime; tablet_width_inherit=\u00a0\u00bbdefault\u00a0\u00bb overlay_strength=\u00a0\u00bb0.3&Prime; column_border_width=\u00a0\u00bbnone\u00a0\u00bb column_border_style=\u00a0\u00bbsolid\u00a0\u00bb bg_image_animation=\u00a0\u00bbnone\u00a0\u00bb][vc_column_text]\n<h4><i class=\"fa fa-comments\" style=\"color: #35a2cf;\"><\/i> Nos coordonn\u00e9es<\/h4>\n<p><a href=\"tel:04.51.23.20.71\">04 51 23 20 71<\/a><br \/>\n<a href=\"mailto:flashconduite2@gmail.com\">Envoyer un mail<\/a>[\/vc_column_text][\/vc_column_inner][\/vc_row_inner][vc_row_inner column_margin=\u00a0\u00bbdefault\u00a0\u00bb text_align=\u00a0\u00bbleft\u00a0\u00bb][vc_column_inner column_padding=\u00a0\u00bbno-extra-padding\u00a0\u00bb column_padding_position=\u00a0\u00bball\u00a0\u00bb background_color_opacity=\u00a0\u00bb1&Prime; background_hover_color_opacity=\u00a0\u00bb1&Prime; font_color=\u00a0\u00bb#ffffff\u00a0\u00bb column_shadow=\u00a0\u00bbnone\u00a0\u00bb column_border_radius=\u00a0\u00bbnone\u00a0\u00bb column_link_target=\u00a0\u00bb_self\u00a0\u00bb width=\u00a0\u00bb1\/1&Prime; tablet_width_inherit=\u00a0\u00bbdefault\u00a0\u00bb overlay_strength=\u00a0\u00bb0.3&Prime; column_border_width=\u00a0\u00bbnone\u00a0\u00bb column_border_style=\u00a0\u00bbsolid\u00a0\u00bb bg_image_animation=\u00a0\u00bbnone\u00a0\u00bb][vc_column_text]\n<h4><i class=\"fa fa-clock\" style=\"color: #35a2cf;\"><\/i> Nos horaires<\/h4>\n<p>Notre agence est ouverte du lundi au vendredi de 15h \u00e0 19h.<br \/>\nLe samedi de 10h \u00e0 12h.[\/vc_column_text][\/vc_column_inner][\/vc_row_inner][\/vc_column][\/vc_row]\n","protected":false},"excerpt":{"rendered":"<p>[vc_row type=\u00a0\u00bbfull_width_content\u00a0\u00bb full_screen_row_position=\u00a0\u00bbmiddle\u00a0\u00bb equal_height=\u00a0\u00bbyes\u00a0\u00bb column_margin=\u00a0\u00bbnone\u00a0\u00bb bg_color=\u00a0\u00bb#ffffff\u00a0\u00bb scene_position=\u00a0\u00bbcenter\u00a0\u00bb text_color=\u00a0\u00bbdark\u00a0\u00bb text_align=\u00a0\u00bbleft\u00a0\u00bb class=\u00a0\u00bbmargin-form\u00a0\u00bb overlay_strength=\u00a0\u00bb0.3&Prime; shape_divider_position=\u00a0\u00bbbottom\u00a0\u00bb bg_image_animation=\u00a0\u00bbnone\u00a0\u00bb shape_type=\u00a0\u00bb\u00a0\u00bb][vc_column column_padding=\u00a0\u00bbpadding-4-percent\u00a0\u00bb column_padding_position=\u00a0\u00bball\u00a0\u00bb background_color_opacity=\u00a0\u00bb1&Prime; background_hover_color_opacity=\u00a0\u00bb1&Prime; font_color=\u00a0\u00bb#040404&Prime; column_link_target=\u00a0\u00bb_self\u00a0\u00bb column_shadow=\u00a0\u00bbnone\u00a0\u00bb column_border_radius=\u00a0\u00bbnone\u00a0\u00bb width=\u00a0\u00bb2\/3&Prime; tablet_width_inherit=\u00a0\u00bbdefault\u00a0\u00bb tablet_text_alignment=\u00a0\u00bbdefault\u00a0\u00bb phone_text_alignment=\u00a0\u00bbdefault\u00a0\u00bb overlay_strength=\u00a0\u00bb0.3&Prime; column_border_width=\u00a0\u00bbnone\u00a0\u00bb column_border_style=\u00a0\u00bbsolid\u00a0\u00bb bg_image_animation=\u00a0\u00bbnone\u00a0\u00bb][vc_column_text&#8230;<\/p>\n","protected":false},"author":1,"featured_media":78,"parent":0,"menu_order":0,"comment_status":"closed","ping_status":"closed","template":"","meta":{"footnotes":""},"yoast_head":"<!-- This site is optimized with the Yoast SEO plugin v23.5 - https:\/\/yoast.com\/wordpress\/plugins\/seo\/ -->\n<title>Documents \u00e0 fournir pour inscription au permis - Auto-\u00e9cole L\u00e9on Blum \u00e0 Villeurbanne<\/title>\n<meta name=\"description\" content=\"Retrouvez la liste des documents \u00e0 fournir pour votre inscription au permis de conduire au sein de l&#039;Auto-\u00e9cole L\u00e9on Blum \u00e0 Villeurbanne.\" \/>\n<meta name=\"robots\" content=\"noindex, follow, max-snippet:-1, max-image-preview:large, max-video-preview:-1\" \/>\n<meta property=\"og:locale\" content=\"fr_FR\" \/>\n<meta property=\"og:type\" content=\"article\" \/>\n<meta property=\"og:title\" content=\"Documents \u00e0 fournir pour inscription au permis - Auto-\u00e9cole L\u00e9on Blum \u00e0 Villeurbanne\" \/>\n<meta property=\"og:description\" content=\"Retrouvez la liste des documents \u00e0 fournir pour votre inscription au permis de conduire au sein de l&#039;Auto-\u00e9cole L\u00e9on Blum \u00e0 Villeurbanne.\" \/>\n<meta property=\"og:url\" content=\"http:\/\/de-vv.com\/leonblum\/documents-a-fournir\/\" \/>\n<meta property=\"og:site_name\" content=\"Auto-\u00e9cole L\u00e9on Blum\" \/>\n<meta property=\"article:modified_time\" content=\"2024-03-17T18:46:24+00:00\" \/>\n<meta property=\"og:image\" content=\"http:\/\/de-vv.com\/leonblum\/wp-content\/uploads\/2024\/03\/auto-ecole-Leon-Blum-Villeurbanne.png\" \/>\n\t<meta property=\"og:image:width\" content=\"900\" \/>\n\t<meta property=\"og:image:height\" content=\"703\" \/>\n\t<meta property=\"og:image:type\" content=\"image\/png\" \/>\n<meta name=\"twitter:card\" content=\"summary_large_image\" \/>\n<meta name=\"twitter:label1\" content=\"Dur\u00e9e de lecture estim\u00e9e\" \/>\n\t<meta name=\"twitter:data1\" content=\"3 minutes\" \/>\n<script type=\"application\/ld+json\" class=\"yoast-schema-graph\">{\"@context\":\"https:\/\/schema.org\",\"@graph\":[{\"@type\":\"WebPage\",\"@id\":\"http:\/\/de-vv.com\/leonblum\/documents-a-fournir\/\",\"url\":\"http:\/\/de-vv.com\/leonblum\/documents-a-fournir\/\",\"name\":\"Documents \u00e0 fournir pour inscription au permis - Auto-\u00e9cole L\u00e9on Blum \u00e0 Villeurbanne\",\"isPartOf\":{\"@id\":\"https:\/\/de-vv.com\/leonblum\/#website\"},\"primaryImageOfPage\":{\"@id\":\"http:\/\/de-vv.com\/leonblum\/documents-a-fournir\/#primaryimage\"},\"image\":{\"@id\":\"http:\/\/de-vv.com\/leonblum\/documents-a-fournir\/#primaryimage\"},\"thumbnailUrl\":\"http:\/\/de-vv.com\/leonblum\/wp-content\/uploads\/2024\/03\/auto-ecole-Leon-Blum-Villeurbanne.png\",\"datePublished\":\"2024-03-03T19:08:42+00:00\",\"dateModified\":\"2024-03-17T18:46:24+00:00\",\"description\":\"Retrouvez la liste des documents \u00e0 fournir pour votre inscription au permis de conduire au sein de l'Auto-\u00e9cole L\u00e9on Blum \u00e0 Villeurbanne.\",\"breadcrumb\":{\"@id\":\"http:\/\/de-vv.com\/leonblum\/documents-a-fournir\/#breadcrumb\"},\"inLanguage\":\"fr-FR\",\"potentialAction\":[{\"@type\":\"ReadAction\",\"target\":[\"http:\/\/de-vv.com\/leonblum\/documents-a-fournir\/\"]}]},{\"@type\":\"ImageObject\",\"inLanguage\":\"fr-FR\",\"@id\":\"http:\/\/de-vv.com\/leonblum\/documents-a-fournir\/#primaryimage\",\"url\":\"http:\/\/de-vv.com\/leonblum\/wp-content\/uploads\/2024\/03\/auto-ecole-Leon-Blum-Villeurbanne.png\",\"contentUrl\":\"http:\/\/de-vv.com\/leonblum\/wp-content\/uploads\/2024\/03\/auto-ecole-Leon-Blum-Villeurbanne.png\",\"width\":900,\"height\":703,\"caption\":\"auto-\u00e9cole L\u00e9on Blum Villeurbanne\"},{\"@type\":\"BreadcrumbList\",\"@id\":\"http:\/\/de-vv.com\/leonblum\/documents-a-fournir\/#breadcrumb\",\"itemListElement\":[{\"@type\":\"ListItem\",\"position\":1,\"name\":\"Accueil\",\"item\":\"https:\/\/de-vv.com\/leonblum\/\"},{\"@type\":\"ListItem\",\"position\":2,\"name\":\"Documents \u00e0 fournir\"}]},{\"@type\":\"WebSite\",\"@id\":\"https:\/\/de-vv.com\/leonblum\/#website\",\"url\":\"https:\/\/de-vv.com\/leonblum\/\",\"name\":\"Auto-\u00e9cole L\u00e9on Blum\",\"description\":\"Un site utilisant WordPress\",\"potentialAction\":[{\"@type\":\"SearchAction\",\"target\":{\"@type\":\"EntryPoint\",\"urlTemplate\":\"https:\/\/de-vv.com\/leonblum\/?s={search_term_string}\"},\"query-input\":{\"@type\":\"PropertyValueSpecification\",\"valueRequired\":true,\"valueName\":\"search_term_string\"}}],\"inLanguage\":\"fr-FR\"}]}<\/script>\n<!-- \/ Yoast SEO plugin. -->","yoast_head_json":{"title":"Documents \u00e0 fournir pour inscription au permis - Auto-\u00e9cole L\u00e9on Blum \u00e0 Villeurbanne","description":"Retrouvez la liste des documents \u00e0 fournir pour votre inscription au permis de conduire au sein de l'Auto-\u00e9cole L\u00e9on Blum \u00e0 Villeurbanne.","robots":{"index":"noindex","follow":"follow","max-snippet":"max-snippet:-1","max-image-preview":"max-image-preview:large","max-video-preview":"max-video-preview:-1"},"og_locale":"fr_FR","og_type":"article","og_title":"Documents \u00e0 fournir pour inscription au permis - Auto-\u00e9cole L\u00e9on Blum \u00e0 Villeurbanne","og_description":"Retrouvez la liste des documents \u00e0 fournir pour votre inscription au permis de conduire au sein de l'Auto-\u00e9cole L\u00e9on Blum \u00e0 Villeurbanne.","og_url":"http:\/\/de-vv.com\/leonblum\/documents-a-fournir\/","og_site_name":"Auto-\u00e9cole L\u00e9on Blum","article_modified_time":"2024-03-17T18:46:24+00:00","og_image":[{"width":900,"height":703,"url":"http:\/\/de-vv.com\/leonblum\/wp-content\/uploads\/2024\/03\/auto-ecole-Leon-Blum-Villeurbanne.png","type":"image\/png"}],"twitter_card":"summary_large_image","twitter_misc":{"Dur\u00e9e de lecture estim\u00e9e":"3 minutes"},"schema":{"@context":"https:\/\/schema.org","@graph":[{"@type":"WebPage","@id":"http:\/\/de-vv.com\/leonblum\/documents-a-fournir\/","url":"http:\/\/de-vv.com\/leonblum\/documents-a-fournir\/","name":"Documents \u00e0 fournir pour inscription au permis - Auto-\u00e9cole L\u00e9on Blum \u00e0 Villeurbanne","isPartOf":{"@id":"https:\/\/de-vv.com\/leonblum\/#website"},"primaryImageOfPage":{"@id":"http:\/\/de-vv.com\/leonblum\/documents-a-fournir\/#primaryimage"},"image":{"@id":"http:\/\/de-vv.com\/leonblum\/documents-a-fournir\/#primaryimage"},"thumbnailUrl":"http:\/\/de-vv.com\/leonblum\/wp-content\/uploads\/2024\/03\/auto-ecole-Leon-Blum-Villeurbanne.png","datePublished":"2024-03-03T19:08:42+00:00","dateModified":"2024-03-17T18:46:24+00:00","description":"Retrouvez la liste des documents \u00e0 fournir pour votre inscription au permis de conduire au sein de l'Auto-\u00e9cole L\u00e9on Blum \u00e0 Villeurbanne.","breadcrumb":{"@id":"http:\/\/de-vv.com\/leonblum\/documents-a-fournir\/#breadcrumb"},"inLanguage":"fr-FR","potentialAction":[{"@type":"ReadAction","target":["http:\/\/de-vv.com\/leonblum\/documents-a-fournir\/"]}]},{"@type":"ImageObject","inLanguage":"fr-FR","@id":"http:\/\/de-vv.com\/leonblum\/documents-a-fournir\/#primaryimage","url":"http:\/\/de-vv.com\/leonblum\/wp-content\/uploads\/2024\/03\/auto-ecole-Leon-Blum-Villeurbanne.png","contentUrl":"http:\/\/de-vv.com\/leonblum\/wp-content\/uploads\/2024\/03\/auto-ecole-Leon-Blum-Villeurbanne.png","width":900,"height":703,"caption":"auto-\u00e9cole L\u00e9on Blum Villeurbanne"},{"@type":"BreadcrumbList","@id":"http:\/\/de-vv.com\/leonblum\/documents-a-fournir\/#breadcrumb","itemListElement":[{"@type":"ListItem","position":1,"name":"Accueil","item":"https:\/\/de-vv.com\/leonblum\/"},{"@type":"ListItem","position":2,"name":"Documents \u00e0 fournir"}]},{"@type":"WebSite","@id":"https:\/\/de-vv.com\/leonblum\/#website","url":"https:\/\/de-vv.com\/leonblum\/","name":"Auto-\u00e9cole L\u00e9on Blum","description":"Un site utilisant WordPress","potentialAction":[{"@type":"SearchAction","target":{"@type":"EntryPoint","urlTemplate":"https:\/\/de-vv.com\/leonblum\/?s={search_term_string}"},"query-input":{"@type":"PropertyValueSpecification","valueRequired":true,"valueName":"search_term_string"}}],"inLanguage":"fr-FR"}]}},"_links":{"self":[{"href":"http:\/\/de-vv.com\/leonblum\/wp-json\/wp\/v2\/pages\/14"}],"collection":[{"href":"http:\/\/de-vv.com\/leonblum\/wp-json\/wp\/v2\/pages"}],"about":[{"href":"http:\/\/de-vv.com\/leonblum\/wp-json\/wp\/v2\/types\/page"}],"author":[{"embeddable":true,"href":"http:\/\/de-vv.com\/leonblum\/wp-json\/wp\/v2\/users\/1"}],"replies":[{"embeddable":true,"href":"http:\/\/de-vv.com\/leonblum\/wp-json\/wp\/v2\/comments?post=14"}],"version-history":[{"count":5,"href":"http:\/\/de-vv.com\/leonblum\/wp-json\/wp\/v2\/pages\/14\/revisions"}],"predecessor-version":[{"id":174,"href":"http:\/\/de-vv.com\/leonblum\/wp-json\/wp\/v2\/pages\/14\/revisions\/174"}],"wp:featuredmedia":[{"embeddable":true,"href":"http:\/\/de-vv.com\/leonblum\/wp-json\/wp\/v2\/media\/78"}],"wp:attachment":[{"href":"http:\/\/de-vv.com\/leonblum\/wp-json\/wp\/v2\/media?parent=14"}],"curies":[{"name":"wp","href":"https:\/\/api.w.org\/{rel}","templated":true}]}}