{"id":191,"date":"2023-06-10T17:01:40","date_gmt":"2023-06-10T15:01:40","guid":{"rendered":"https:\/\/de-vv.com\/cermontrouge\/?page_id=191"},"modified":"2023-06-10T17:01:40","modified_gmt":"2023-06-10T15:01:40","slug":"mediateur-de-la-consommation","status":"publish","type":"page","link":"https:\/\/de-vv.com\/cermontrouge\/mediateur-de-la-consommation\/","title":{"rendered":"M\u00e9diateur de la consommation"},"content":{"rendered":"[vc_row type=\u00a0\u00bbin_container\u00a0\u00bb full_screen_row_position=\u00a0\u00bbmiddle\u00a0\u00bb column_margin=\u00a0\u00bbdefault\u00a0\u00bb scene_position=\u00a0\u00bbcenter\u00a0\u00bb text_color=\u00a0\u00bbdark\u00a0\u00bb text_align=\u00a0\u00bbleft\u00a0\u00bb overlay_strength=\u00a0\u00bb0.3&Prime; shape_divider_position=\u00a0\u00bbbottom\u00a0\u00bb bg_image_animation=\u00a0\u00bbnone\u00a0\u00bb][vc_column column_padding=\u00a0\u00bbno-extra-padding\u00a0\u00bb column_padding_position=\u00a0\u00bball\u00a0\u00bb background_color_opacity=\u00a0\u00bb1&Prime; background_hover_color_opacity=\u00a0\u00bb1&Prime; column_link_target=\u00a0\u00bb_self\u00a0\u00bb column_shadow=\u00a0\u00bbnone\u00a0\u00bb column_border_radius=\u00a0\u00bbnone\u00a0\u00bb width=\u00a0\u00bb1\/6&Prime; tablet_width_inherit=\u00a0\u00bbdefault\u00a0\u00bb tablet_text_alignment=\u00a0\u00bbdefault\u00a0\u00bb phone_text_alignment=\u00a0\u00bbdefault\u00a0\u00bb overlay_strength=\u00a0\u00bb0.3&Prime; column_border_width=\u00a0\u00bbnone\u00a0\u00bb column_border_style=\u00a0\u00bbsolid\u00a0\u00bb bg_image_animation=\u00a0\u00bbnone\u00a0\u00bb][\/vc_column][vc_column column_padding=\u00a0\u00bbpadding-3-percent\u00a0\u00bb column_padding_position=\u00a0\u00bball\u00a0\u00bb background_color_opacity=\u00a0\u00bb1&Prime; background_hover_color_opacity=\u00a0\u00bb1&Prime; column_link_target=\u00a0\u00bb_self\u00a0\u00bb column_shadow=\u00a0\u00bbnone\u00a0\u00bb column_border_radius=\u00a0\u00bbnone\u00a0\u00bb width=\u00a0\u00bb2\/3&Prime; tablet_width_inherit=\u00a0\u00bbdefault\u00a0\u00bb tablet_text_alignment=\u00a0\u00bbdefault\u00a0\u00bb phone_text_alignment=\u00a0\u00bbdefault\u00a0\u00bb overlay_strength=\u00a0\u00bb0.3&Prime; column_border_width=\u00a0\u00bbnone\u00a0\u00bb column_border_style=\u00a0\u00bbsolid\u00a0\u00bb bg_image_animation=\u00a0\u00bbnone\u00a0\u00bb][vc_column_text css=\u00a0\u00bb.vc_custom_1676063813066{padding-top: 20px !important;padding-bottom: 30px !important;}\u00a0\u00bb]\n<h2 style=\"color: #e5695a;\">M\u00e9diateur<\/h2>\n[\/vc_column_text][vc_column_text css=\u00a0\u00bb.vc_custom_1676364247270{padding-bottom: 20px !important;}\u00a0\u00bb]En application des nouvelles obligations du code de la consommation, vous \u00eates inform\u00e9s qu\u2019en cas de litige, vous pouvez vous adresser au M\u00e9diateur de Mobilians (anciennement CNPA) :<\/p>\n<ul>\n<li>par courrier, au moyen d\u2019un formulaire de saisine t\u00e9l\u00e9chargeable sur le site du m\u00e9diateur, \u00e0 l\u2019adresse : M. Paul Mauriac\u00a0 M\u00e9diateur dde Mobilians \u2013 43 BIS ROUTE DE VAUGIRARD \u2013 CS 80016 \u2013 92197 MEUDON CEDEX<\/li>\n<li>sur son site internet\u00a0<a href=\"https:\/\/www.mediateur-mobilians.fr\">www.mediateur-mobilians.fr<\/a>.<\/li>\n<\/ul>\n[\/vc_column_text][\/vc_column][vc_column column_padding=\u00a0\u00bbno-extra-padding\u00a0\u00bb column_padding_position=\u00a0\u00bball\u00a0\u00bb background_color_opacity=\u00a0\u00bb1&Prime; background_hover_color_opacity=\u00a0\u00bb1&Prime; column_link_target=\u00a0\u00bb_self\u00a0\u00bb column_shadow=\u00a0\u00bbnone\u00a0\u00bb column_border_radius=\u00a0\u00bbnone\u00a0\u00bb width=\u00a0\u00bb1\/6&Prime; tablet_width_inherit=\u00a0\u00bbdefault\u00a0\u00bb tablet_text_alignment=\u00a0\u00bbdefault\u00a0\u00bb phone_text_alignment=\u00a0\u00bbdefault\u00a0\u00bb overlay_strength=\u00a0\u00bb0.3&Prime; column_border_width=\u00a0\u00bbnone\u00a0\u00bb column_border_style=\u00a0\u00bbsolid\u00a0\u00bb bg_image_animation=\u00a0\u00bbnone\u00a0\u00bb][\/vc_column][\/vc_row]\n","protected":false},"excerpt":{"rendered":"<p>[vc_row type=\u00a0\u00bbin_container\u00a0\u00bb full_screen_row_position=\u00a0\u00bbmiddle\u00a0\u00bb column_margin=\u00a0\u00bbdefault\u00a0\u00bb scene_position=\u00a0\u00bbcenter\u00a0\u00bb text_color=\u00a0\u00bbdark\u00a0\u00bb text_align=\u00a0\u00bbleft\u00a0\u00bb overlay_strength=\u00a0\u00bb0.3&Prime; shape_divider_position=\u00a0\u00bbbottom\u00a0\u00bb bg_image_animation=\u00a0\u00bbnone\u00a0\u00bb][vc_column column_padding=\u00a0\u00bbno-extra-padding\u00a0\u00bb column_padding_position=\u00a0\u00bball\u00a0\u00bb background_color_opacity=\u00a0\u00bb1&Prime; background_hover_color_opacity=\u00a0\u00bb1&Prime; column_link_target=\u00a0\u00bb_self\u00a0\u00bb column_shadow=\u00a0\u00bbnone\u00a0\u00bb column_border_radius=\u00a0\u00bbnone\u00a0\u00bb width=\u00a0\u00bb1\/6&Prime; tablet_width_inherit=\u00a0\u00bbdefault\u00a0\u00bb tablet_text_alignment=\u00a0\u00bbdefault\u00a0\u00bb phone_text_alignment=\u00a0\u00bbdefault\u00a0\u00bb overlay_strength=\u00a0\u00bb0.3&Prime; column_border_width=\u00a0\u00bbnone\u00a0\u00bb column_border_style=\u00a0\u00bbsolid\u00a0\u00bb bg_image_animation=\u00a0\u00bbnone\u00a0\u00bb][\/vc_column][vc_column column_padding=\u00a0\u00bbpadding-3-percent\u00a0\u00bb column_padding_position=\u00a0\u00bball\u00a0\u00bb background_color_opacity=\u00a0\u00bb1&Prime; background_hover_color_opacity=\u00a0\u00bb1&Prime; column_link_target=\u00a0\u00bb_self\u00a0\u00bb&#8230;<\/p>\n","protected":false},"author":1,"featured_media":47,"parent":0,"menu_order":0,"comment_status":"closed","ping_status":"closed","template":"","meta":[],"yoast_head":"<!-- This site is optimized with the Yoast SEO plugin v21.8 - https:\/\/yoast.com\/wordpress\/plugins\/seo\/ -->\n<title>M\u00e9diateur de la consommation - AK Auto-moto-\u00e9cole<\/title>\n<meta name=\"description\" content=\"Contactez le m\u00e9diateur de la consommation en cas de conflit avec l&#039;Auto-\u00e9cole CER Montrouge, ses coordonn\u00e9es ci-dessous.\" \/>\n<meta name=\"robots\" content=\"noindex, follow, max-snippet:-1, max-image-preview:large, max-video-preview:-1\" \/>\n<meta property=\"og:locale\" content=\"fr_FR\" \/>\n<meta property=\"og:type\" content=\"article\" \/>\n<meta property=\"og:title\" content=\"M\u00e9diateur de la consommation - AK Auto-moto-\u00e9cole\" \/>\n<meta property=\"og:description\" content=\"Contactez le m\u00e9diateur de la consommation en cas de conflit avec l&#039;Auto-\u00e9cole CER Montrouge, ses coordonn\u00e9es ci-dessous.\" \/>\n<meta property=\"og:url\" content=\"https:\/\/de-vv.com\/cermontrouge\/mediateur-de-la-consommation\/\" \/>\n<meta property=\"og:site_name\" content=\"AK Auto-moto-\u00e9cole\" \/>\n<meta property=\"og:image\" content=\"https:\/\/de-vv.com\/cermontrouge\/wp-content\/uploads\/2023\/06\/enseignante-CER-2.jpg\" \/>\n\t<meta property=\"og:image:width\" content=\"212\" \/>\n\t<meta property=\"og:image:height\" content=\"238\" \/>\n\t<meta property=\"og:image:type\" content=\"image\/jpeg\" \/>\n<meta name=\"twitter:card\" content=\"summary_large_image\" \/>\n<meta name=\"twitter:label1\" content=\"Dur\u00e9e de lecture estim\u00e9e\" \/>\n\t<meta name=\"twitter:data1\" content=\"1 minute\" \/>\n<script type=\"application\/ld+json\" class=\"yoast-schema-graph\">{\"@context\":\"https:\/\/schema.org\",\"@graph\":[{\"@type\":\"WebPage\",\"@id\":\"https:\/\/de-vv.com\/cermontrouge\/mediateur-de-la-consommation\/\",\"url\":\"https:\/\/de-vv.com\/cermontrouge\/mediateur-de-la-consommation\/\",\"name\":\"M\u00e9diateur de la consommation - AK Auto-moto-\u00e9cole\",\"isPartOf\":{\"@id\":\"https:\/\/de-vv.com\/cermontrouge\/#website\"},\"datePublished\":\"2023-06-10T15:01:40+00:00\",\"dateModified\":\"2023-06-10T15:01:40+00:00\",\"description\":\"Contactez le m\u00e9diateur de la consommation en cas de conflit avec l'Auto-\u00e9cole CER Montrouge, ses coordonn\u00e9es ci-dessous.\",\"breadcrumb\":{\"@id\":\"https:\/\/de-vv.com\/cermontrouge\/mediateur-de-la-consommation\/#breadcrumb\"},\"inLanguage\":\"fr-FR\",\"potentialAction\":[{\"@type\":\"ReadAction\",\"target\":[\"https:\/\/de-vv.com\/cermontrouge\/mediateur-de-la-consommation\/\"]}]},{\"@type\":\"BreadcrumbList\",\"@id\":\"https:\/\/de-vv.com\/cermontrouge\/mediateur-de-la-consommation\/#breadcrumb\",\"itemListElement\":[{\"@type\":\"ListItem\",\"position\":1,\"name\":\"Accueil\",\"item\":\"https:\/\/de-vv.com\/cermontrouge\/\"},{\"@type\":\"ListItem\",\"position\":2,\"name\":\"M\u00e9diateur de la consommation\"}]},{\"@type\":\"WebSite\",\"@id\":\"https:\/\/de-vv.com\/cermontrouge\/#website\",\"url\":\"https:\/\/de-vv.com\/cermontrouge\/\",\"name\":\"AK Auto-moto-\u00e9cole\",\"description\":\"votre auto-\u00e9cole \u00e0 Montrouge\",\"potentialAction\":[{\"@type\":\"SearchAction\",\"target\":{\"@type\":\"EntryPoint\",\"urlTemplate\":\"https:\/\/de-vv.com\/cermontrouge\/?s={search_term_string}\"},\"query-input\":\"required name=search_term_string\"}],\"inLanguage\":\"fr-FR\"}]}<\/script>\n<!-- \/ Yoast SEO plugin. -->","yoast_head_json":{"title":"M\u00e9diateur de la consommation - AK Auto-moto-\u00e9cole","description":"Contactez le m\u00e9diateur de la consommation en cas de conflit avec l'Auto-\u00e9cole CER Montrouge, ses coordonn\u00e9es ci-dessous.","robots":{"index":"noindex","follow":"follow","max-snippet":"max-snippet:-1","max-image-preview":"max-image-preview:large","max-video-preview":"max-video-preview:-1"},"og_locale":"fr_FR","og_type":"article","og_title":"M\u00e9diateur de la consommation - AK Auto-moto-\u00e9cole","og_description":"Contactez le m\u00e9diateur de la consommation en cas de conflit avec l'Auto-\u00e9cole CER Montrouge, ses coordonn\u00e9es ci-dessous.","og_url":"https:\/\/de-vv.com\/cermontrouge\/mediateur-de-la-consommation\/","og_site_name":"AK Auto-moto-\u00e9cole","og_image":[{"width":212,"height":238,"url":"https:\/\/de-vv.com\/cermontrouge\/wp-content\/uploads\/2023\/06\/enseignante-CER-2.jpg","type":"image\/jpeg"}],"twitter_card":"summary_large_image","twitter_misc":{"Dur\u00e9e de lecture estim\u00e9e":"1 minute"},"schema":{"@context":"https:\/\/schema.org","@graph":[{"@type":"WebPage","@id":"https:\/\/de-vv.com\/cermontrouge\/mediateur-de-la-consommation\/","url":"https:\/\/de-vv.com\/cermontrouge\/mediateur-de-la-consommation\/","name":"M\u00e9diateur de la consommation - AK Auto-moto-\u00e9cole","isPartOf":{"@id":"https:\/\/de-vv.com\/cermontrouge\/#website"},"datePublished":"2023-06-10T15:01:40+00:00","dateModified":"2023-06-10T15:01:40+00:00","description":"Contactez le m\u00e9diateur de la consommation en cas de conflit avec l'Auto-\u00e9cole CER Montrouge, ses coordonn\u00e9es ci-dessous.","breadcrumb":{"@id":"https:\/\/de-vv.com\/cermontrouge\/mediateur-de-la-consommation\/#breadcrumb"},"inLanguage":"fr-FR","potentialAction":[{"@type":"ReadAction","target":["https:\/\/de-vv.com\/cermontrouge\/mediateur-de-la-consommation\/"]}]},{"@type":"BreadcrumbList","@id":"https:\/\/de-vv.com\/cermontrouge\/mediateur-de-la-consommation\/#breadcrumb","itemListElement":[{"@type":"ListItem","position":1,"name":"Accueil","item":"https:\/\/de-vv.com\/cermontrouge\/"},{"@type":"ListItem","position":2,"name":"M\u00e9diateur de la consommation"}]},{"@type":"WebSite","@id":"https:\/\/de-vv.com\/cermontrouge\/#website","url":"https:\/\/de-vv.com\/cermontrouge\/","name":"AK Auto-moto-\u00e9cole","description":"votre auto-\u00e9cole \u00e0 Montrouge","potentialAction":[{"@type":"SearchAction","target":{"@type":"EntryPoint","urlTemplate":"https:\/\/de-vv.com\/cermontrouge\/?s={search_term_string}"},"query-input":"required name=search_term_string"}],"inLanguage":"fr-FR"}]}},"_links":{"self":[{"href":"https:\/\/de-vv.com\/cermontrouge\/wp-json\/wp\/v2\/pages\/191"}],"collection":[{"href":"https:\/\/de-vv.com\/cermontrouge\/wp-json\/wp\/v2\/pages"}],"about":[{"href":"https:\/\/de-vv.com\/cermontrouge\/wp-json\/wp\/v2\/types\/page"}],"author":[{"embeddable":true,"href":"https:\/\/de-vv.com\/cermontrouge\/wp-json\/wp\/v2\/users\/1"}],"replies":[{"embeddable":true,"href":"https:\/\/de-vv.com\/cermontrouge\/wp-json\/wp\/v2\/comments?post=191"}],"version-history":[{"count":1,"href":"https:\/\/de-vv.com\/cermontrouge\/wp-json\/wp\/v2\/pages\/191\/revisions"}],"predecessor-version":[{"id":192,"href":"https:\/\/de-vv.com\/cermontrouge\/wp-json\/wp\/v2\/pages\/191\/revisions\/192"}],"wp:featuredmedia":[{"embeddable":true,"href":"https:\/\/de-vv.com\/cermontrouge\/wp-json\/wp\/v2\/media\/47"}],"wp:attachment":[{"href":"https:\/\/de-vv.com\/cermontrouge\/wp-json\/wp\/v2\/media?parent=191"}],"curies":[{"name":"wp","href":"https:\/\/api.w.org\/{rel}","templated":true}]}}

Médiateur de la consommation

[vc_row type= »in_container » full_screen_row_position= »middle » column_margin= »default » scene_position= »center » text_color= »dark » text_align= »left » overlay_strength= »0.3&Prime; shape_divider_position= »bottom » bg_image_animation= »none »][vc_column column_padding= »no-extra-padding » column_padding_position= »all » background_color_opacity= »1&Prime; background_hover_color_opacity= »1&Prime; column_link_target= »_self » column_shadow= »none » column_border_radius= »none » width= »1/6&Prime; tablet_width_inherit= »default » tablet_text_alignment= »default » phone_text_alignment= »default » overlay_strength= »0.3&Prime; column_border_width= »none » column_border_style= »solid » bg_image_animation= »none »][/vc_column][vc_column column_padding= »padding-3-percent » column_padding_position= »all » background_color_opacity= »1&Prime; background_hover_color_opacity= »1&Prime; column_link_target= »_self » column_shadow= »none » column_border_radius= »none » width= »2/3&Prime; tablet_width_inherit= »default » tablet_text_alignment= »default » phone_text_alignment= »default » overlay_strength= »0.3&Prime; column_border_width= »none » column_border_style= »solid » bg_image_animation= »none »][vc_column_text css= ».vc_custom_1676063813066{padding-top: 20px !important;padding-bottom: 30px !important;} »]
<h2 style="color: #e5695a;">Médiateur</h2>
[/vc_column_text][vc_column_text css= ».vc_custom_1676364247270{padding-bottom: 20px !important;} »]En application des nouvelles obligations du code de la consommation, vous êtes informés qu’en cas de litige, vous pouvez vous adresser au Médiateur de Mobilians (anciennement CNPA) :</p>
<ul>
<li>par courrier, au moyen d’un formulaire de saisine téléchargeable sur le site du médiateur, à l’adresse : M. Paul Mauriac  Médiateur dde Mobilians – 43 BIS ROUTE DE VAUGIRARD – CS 80016 – 92197 MEUDON CEDEX</li>
<li>sur son site internet <a href="https://www.mediateur-mobilians.fr">www.mediateur-mobilians.fr</a>.</li>
</ul>
[/vc_column_text][/vc_column][vc_column column_padding= »no-extra-padding » column_padding_position= »all » background_color_opacity= »1&Prime; background_hover_color_opacity= »1&Prime; column_link_target= »_self » column_shadow= »none » column_border_radius= »none » width= »1/6&Prime; tablet_width_inherit= »default » tablet_text_alignment= »default » phone_text_alignment= »default » overlay_strength= »0.3&Prime; column_border_width= »none » column_border_style= »solid » bg_image_animation= »none »][/vc_column][/vc_row]

<!-- This site is optimized with the Yoast SEO plugin v21.8 - https://yoast.com/wordpress/plugins/seo/ -->
<title>Médiateur de la consommation - AK Auto-moto-école</title>
<meta name="description" content="Contactez le médiateur de la consommation en cas de conflit avec l&#039;Auto-école CER Montrouge, ses coordonnées ci-dessous." />
<meta name="robots" content="noindex, follow, max-snippet:-1, max-image-preview:large, max-video-preview:-1" />
<meta property="og:locale" content="fr_FR" />
<meta property="og:type" content="article" />
<meta property="og:title" content="Médiateur de la consommation - AK Auto-moto-école" />
<meta property="og:description" content="Contactez le médiateur de la consommation en cas de conflit avec l&#039;Auto-école CER Montrouge, ses coordonnées ci-dessous." />
<meta property="og:url" content="https://de-vv.com/cermontrouge/mediateur-de-la-consommation/" />
<meta property="og:site_name" content="AK Auto-moto-école" />
<meta property="og:image" content="https://de-vv.com/cermontrouge/wp-content/uploads/2023/06/enseignante-CER-2.jpg" />
	<meta property="og:image:width" content="212" />
	<meta property="og:image:height" content="238" />
	<meta property="og:image:type" content="image/jpeg" />
<meta name="twitter:card" content="summary_large_image" />
<meta name="twitter:label1" content="Durée de lecture estimée" />
	<meta name="twitter:data1" content="1 minute" />
<script type="application/ld+json" class="yoast-schema-graph">{"@context":"https://schema.org","@graph":[{"@type":"WebPage","@id":"https://de-vv.com/cermontrouge/mediateur-de-la-consommation/","url":"https://de-vv.com/cermontrouge/mediateur-de-la-consommation/","name":"Médiateur de la consommation - AK Auto-moto-école","isPartOf":{"@id":"https://de-vv.com/cermontrouge/#website"},"datePublished":"2023-06-10T15:01:40+00:00","dateModified":"2023-06-10T15:01:40+00:00","description":"Contactez le médiateur de la consommation en cas de conflit avec l'Auto-école CER Montrouge, ses coordonnées ci-dessous.","breadcrumb":{"@id":"https://de-vv.com/cermontrouge/mediateur-de-la-consommation/#breadcrumb"},"inLanguage":"fr-FR","potentialAction":[{"@type":"ReadAction","target":["https://de-vv.com/cermontrouge/mediateur-de-la-consommation/"]}]},{"@type":"BreadcrumbList","@id":"https://de-vv.com/cermontrouge/mediateur-de-la-consommation/#breadcrumb","itemListElement":[{"@type":"ListItem","position":1,"name":"Accueil","item":"https://de-vv.com/cermontrouge/"},{"@type":"ListItem","position":2,"name":"Médiateur de la consommation"}]},{"@type":"WebSite","@id":"https://de-vv.com/cermontrouge/#website","url":"https://de-vv.com/cermontrouge/","name":"AK Auto-moto-école","description":"votre auto-école à Montrouge","potentialAction":[{"@type":"SearchAction","target":{"@type":"EntryPoint","urlTemplate":"https://de-vv.com/cermontrouge/?s={search_term_string}"},"query-input":"required name=search_term_string"}],"inLanguage":"fr-FR"}]}</script>
<!-- / Yoast SEO plugin. -->

Médiateur de la consommation - AK Auto-moto-école

Contactez le médiateur de la consommation en cas de conflit avec l'Auto-école CER Montrouge, ses coordonnées ci-dessous.

AK Auto-moto-école

votre auto-école à Montrouge
