{"id":238,"date":"2023-04-17T21:26:38","date_gmt":"2023-04-17T19:26:38","guid":{"rendered":"https:\/\/de-vv.com\/garedeclamart\/?page_id=238"},"modified":"2023-04-23T11:05:27","modified_gmt":"2023-04-23T09:05:27","slug":"pieces-a-fournir","status":"publish","type":"page","link":"https:\/\/de-vv.com\/garedeclamart\/pieces-a-fournir\/","title":{"rendered":"Pi\u00e8ces \u00e0 fournir"},"content":{"rendered":"[vc_row type=\u00a0\u00bbin_container\u00a0\u00bb full_screen_row_position=\u00a0\u00bbmiddle\u00a0\u00bb column_margin=\u00a0\u00bbdefault\u00a0\u00bb scene_position=\u00a0\u00bbcenter\u00a0\u00bb text_color=\u00a0\u00bbdark\u00a0\u00bb text_align=\u00a0\u00bbleft\u00a0\u00bb overlay_strength=\u00a0\u00bb0.3&Prime; shape_divider_position=\u00a0\u00bbbottom\u00a0\u00bb bg_image_animation=\u00a0\u00bbnone\u00a0\u00bb][vc_column column_padding=\u00a0\u00bbpadding-2-percent\u00a0\u00bb column_padding_position=\u00a0\u00bball\u00a0\u00bb background_color_opacity=\u00a0\u00bb1&Prime; background_hover_color_opacity=\u00a0\u00bb1&Prime; column_link_target=\u00a0\u00bb_self\u00a0\u00bb column_shadow=\u00a0\u00bbnone\u00a0\u00bb column_border_radius=\u00a0\u00bbnone\u00a0\u00bb width=\u00a0\u00bb1\/1&Prime; tablet_width_inherit=\u00a0\u00bbdefault\u00a0\u00bb tablet_text_alignment=\u00a0\u00bbdefault\u00a0\u00bb phone_text_alignment=\u00a0\u00bbdefault\u00a0\u00bb overlay_strength=\u00a0\u00bb0.3&Prime; column_border_width=\u00a0\u00bbnone\u00a0\u00bb column_border_style=\u00a0\u00bbsolid\u00a0\u00bb bg_image_animation=\u00a0\u00bbnone\u00a0\u00bb][vc_row_inner column_margin=\u00a0\u00bbdefault\u00a0\u00bb top_padding=\u00a0\u00bb20&Prime; bottom_padding=\u00a0\u00bb20&Prime; text_align=\u00a0\u00bbleft\u00a0\u00bb][vc_column_inner column_padding=\u00a0\u00bbno-extra-padding\u00a0\u00bb column_padding_position=\u00a0\u00bball\u00a0\u00bb background_color_opacity=\u00a0\u00bb1&Prime; background_hover_color_opacity=\u00a0\u00bb1&Prime; column_shadow=\u00a0\u00bbnone\u00a0\u00bb column_border_radius=\u00a0\u00bbnone\u00a0\u00bb column_link_target=\u00a0\u00bb_self\u00a0\u00bb width=\u00a0\u00bb1\/4&Prime; tablet_width_inherit=\u00a0\u00bbdefault\u00a0\u00bb overlay_strength=\u00a0\u00bb0.3&Prime; column_border_width=\u00a0\u00bbnone\u00a0\u00bb column_border_style=\u00a0\u00bbsolid\u00a0\u00bb bg_image_animation=\u00a0\u00bbnone\u00a0\u00bb offset=\u00a0\u00bbvc_hidden-sm vc_hidden-xs\u00a0\u00bb][\/vc_column_inner][vc_column_inner column_padding=\u00a0\u00bbno-extra-padding\u00a0\u00bb column_padding_position=\u00a0\u00bball\u00a0\u00bb centered_text=\u00a0\u00bbtrue\u00a0\u00bb background_color_opacity=\u00a0\u00bb1&Prime; background_hover_color_opacity=\u00a0\u00bb1&Prime; column_shadow=\u00a0\u00bbnone\u00a0\u00bb column_border_radius=\u00a0\u00bbnone\u00a0\u00bb column_link_target=\u00a0\u00bb_self\u00a0\u00bb width=\u00a0\u00bb1\/2&Prime; tablet_width_inherit=\u00a0\u00bbdefault\u00a0\u00bb overlay_strength=\u00a0\u00bb0.3&Prime; column_border_width=\u00a0\u00bbnone\u00a0\u00bb column_border_style=\u00a0\u00bbsolid\u00a0\u00bb bg_image_animation=\u00a0\u00bbnone\u00a0\u00bb][vc_column_text css=\u00a0\u00bb.vc_custom_1681759590906{padding-bottom: 20px !important;}\u00a0\u00bb]\n<h1 style=\"text-align: center; color: #0070bb;\">Pi\u00e8ces \u00e0 fournir<\/h1>\n<p style=\"text-align: center;\">Les documents n\u00e9cessaires pour la constitution de votre dossier.<\/p>\n[\/vc_column_text]<div class=\"nectar-fancy-ul\" data-list-icon=\"icon-salient-thin-line\" data-animation=\"false\" data-animation-delay=\"0\" data-color=\"accent-color\" data-spacing=\"default\" data-alignment=\"left\"> \n<ul style=\"text-align: left!important;\">\n<li>4 photos d\u2019identit\u00e9s (e-photo)<\/li>\n<li>1 photocopie de votre pi\u00e8ce d&rsquo;identit\u00e9 ou passeport<\/li>\n<li>Justificatif de domicile de moins de 3 mois<\/li>\n<li>2 enveloppes en lettre suivi 100g<\/li>\n<li>1 photocopie de la feuille de recensement (16 \u00e0 18 ans) ou<br \/>\njourn\u00e9e d\u2019appel<\/li>\n<li>1 photocopie de l\u2019ASSR2<\/li>\n<\/ul>\n <\/div>[vc_column_text css=\u00a0\u00bb.vc_custom_1682240680753{padding-bottom: 12px !important;}\u00a0\u00bb]\n<h3 style=\"text-align: center;\">Vous avez une question ?<\/h3>\n[\/vc_column_text][nectar_btn size=\u00a0\u00bblarge\u00a0\u00bb button_style=\u00a0\u00bbregular\u00a0\u00bb button_color_2=\u00a0\u00bbAccent-Color\u00a0\u00bb icon_family=\u00a0\u00bbnone\u00a0\u00bb url=\u00a0\u00bbtel:01.41.08.85.59&Prime; text=\u00a0\u00bb01 41 08 85 59&Prime; margin_top=\u00a0\u00bb5&Prime; margin_right=\u00a0\u00bb10&Prime; margin_bottom=\u00a0\u00bb5&Prime;][nectar_btn size=\u00a0\u00bblarge\u00a0\u00bb button_style=\u00a0\u00bbregular\u00a0\u00bb button_color_2=\u00a0\u00bbExtra-Color-1&Prime; solid_text_color_override=\u00a0\u00bb#ffffff\u00a0\u00bb icon_family=\u00a0\u00bbdefault_arrow\u00a0\u00bb url=\u00a0\u00bbhttps:\/\/de-vv.com\/garedeclamart\/contact\/\u00a0\u00bb text=\u00a0\u00bbPrendre RDV\u00a0\u00bb margin_top=\u00a0\u00bb5&Prime; margin_right=\u00a0\u00bb5&Prime; margin_bottom=\u00a0\u00bb5&Prime; margin_left=\u00a0\u00bb5&Prime;][\/vc_column_inner][vc_column_inner column_padding=\u00a0\u00bbno-extra-padding\u00a0\u00bb column_padding_position=\u00a0\u00bball\u00a0\u00bb background_color_opacity=\u00a0\u00bb1&Prime; background_hover_color_opacity=\u00a0\u00bb1&Prime; column_shadow=\u00a0\u00bbnone\u00a0\u00bb column_border_radius=\u00a0\u00bbnone\u00a0\u00bb column_link_target=\u00a0\u00bb_self\u00a0\u00bb width=\u00a0\u00bb1\/4&Prime; tablet_width_inherit=\u00a0\u00bbdefault\u00a0\u00bb overlay_strength=\u00a0\u00bb0.3&Prime; column_border_width=\u00a0\u00bbnone\u00a0\u00bb column_border_style=\u00a0\u00bbsolid\u00a0\u00bb bg_image_animation=\u00a0\u00bbnone\u00a0\u00bb offset=\u00a0\u00bbvc_hidden-sm vc_hidden-xs\u00a0\u00bb][\/vc_column_inner][\/vc_row_inner][\/vc_column][\/vc_row]\n","protected":false},"excerpt":{"rendered":"<p>[vc_row type=\u00a0\u00bbin_container\u00a0\u00bb full_screen_row_position=\u00a0\u00bbmiddle\u00a0\u00bb column_margin=\u00a0\u00bbdefault\u00a0\u00bb scene_position=\u00a0\u00bbcenter\u00a0\u00bb text_color=\u00a0\u00bbdark\u00a0\u00bb text_align=\u00a0\u00bbleft\u00a0\u00bb overlay_strength=\u00a0\u00bb0.3&Prime; shape_divider_position=\u00a0\u00bbbottom\u00a0\u00bb bg_image_animation=\u00a0\u00bbnone\u00a0\u00bb][vc_column column_padding=\u00a0\u00bbpadding-2-percent\u00a0\u00bb column_padding_position=\u00a0\u00bball\u00a0\u00bb background_color_opacity=\u00a0\u00bb1&Prime; background_hover_color_opacity=\u00a0\u00bb1&Prime; column_link_target=\u00a0\u00bb_self\u00a0\u00bb column_shadow=\u00a0\u00bbnone\u00a0\u00bb column_border_radius=\u00a0\u00bbnone\u00a0\u00bb width=\u00a0\u00bb1\/1&Prime; tablet_width_inherit=\u00a0\u00bbdefault\u00a0\u00bb tablet_text_alignment=\u00a0\u00bbdefault\u00a0\u00bb phone_text_alignment=\u00a0\u00bbdefault\u00a0\u00bb overlay_strength=\u00a0\u00bb0.3&Prime; column_border_width=\u00a0\u00bbnone\u00a0\u00bb column_border_style=\u00a0\u00bbsolid\u00a0\u00bb bg_image_animation=\u00a0\u00bbnone\u00a0\u00bb][vc_row_inner column_margin=\u00a0\u00bbdefault\u00a0\u00bb top_padding=\u00a0\u00bb20&Prime; bottom_padding=\u00a0\u00bb20&Prime; text_align=\u00a0\u00bbleft\u00a0\u00bb][vc_column_inner column_padding=\u00a0\u00bbno-extra-padding\u00a0\u00bb&#8230;<\/p>\n","protected":false},"author":1,"featured_media":191,"parent":0,"menu_order":0,"comment_status":"closed","ping_status":"closed","template":"","meta":[],"yoast_head":"<!-- This site is optimized with the Yoast SEO plugin v21.8.1 - https:\/\/yoast.com\/wordpress\/plugins\/seo\/ -->\n<title>Pi\u00e8ces \u00e0 fournir &#8211; Auto-\u00e9cole Gare \u00e0 Clamart<\/title>\n<meta name=\"description\" content=\"Retrouvez la liste des documents \u00e0 fournir pour s&#039;inscrire au permis auto et moto avec l&#039;Auto-\u00e9cole de la Gare de Clamart. D\u00e9marches ANTS.\" \/>\n<meta name=\"robots\" content=\"noindex, follow, max-snippet:-1, max-image-preview:large, max-video-preview:-1\" \/>\n<meta property=\"og:locale\" content=\"fr_FR\" \/>\n<meta property=\"og:type\" content=\"article\" \/>\n<meta property=\"og:title\" content=\"Pi\u00e8ces \u00e0 fournir &#8211; Auto-\u00e9cole Gare \u00e0 Clamart\" \/>\n<meta property=\"og:description\" content=\"Retrouvez la liste des documents \u00e0 fournir pour s&#039;inscrire au permis auto et moto avec l&#039;Auto-\u00e9cole de la Gare de Clamart. D\u00e9marches ANTS.\" \/>\n<meta property=\"og:url\" content=\"https:\/\/de-vv.com\/garedeclamart\/pieces-a-fournir\/\" \/>\n<meta property=\"og:site_name\" content=\"Auto-\u00e9cole Gare\" \/>\n<meta property=\"article:modified_time\" content=\"2023-04-23T09:05:27+00:00\" \/>\n<meta property=\"og:image\" content=\"https:\/\/de-vv.com\/garedeclamart\/wp-content\/uploads\/2023\/04\/Conduite-accompagnee-Auto-ecole-de-la-Gare-Clamart.png\" \/>\n\t<meta property=\"og:image:width\" content=\"768\" \/>\n\t<meta property=\"og:image:height\" content=\"512\" \/>\n\t<meta property=\"og:image:type\" content=\"image\/png\" \/>\n<meta name=\"twitter:card\" content=\"summary_large_image\" \/>\n<meta name=\"twitter:label1\" content=\"Dur\u00e9e de lecture estim\u00e9e\" \/>\n\t<meta name=\"twitter:data1\" content=\"1 minute\" \/>\n<script type=\"application\/ld+json\" class=\"yoast-schema-graph\">{\"@context\":\"https:\/\/schema.org\",\"@graph\":[{\"@type\":\"WebPage\",\"@id\":\"https:\/\/de-vv.com\/garedeclamart\/pieces-a-fournir\/\",\"url\":\"https:\/\/de-vv.com\/garedeclamart\/pieces-a-fournir\/\",\"name\":\"Pi\u00e8ces \u00e0 fournir &#8211; Auto-\u00e9cole Gare \u00e0 Clamart\",\"isPartOf\":{\"@id\":\"https:\/\/de-vv.com\/garedeclamart\/#website\"},\"datePublished\":\"2023-04-17T19:26:38+00:00\",\"dateModified\":\"2023-04-23T09:05:27+00:00\",\"description\":\"Retrouvez la liste des documents \u00e0 fournir pour s'inscrire au permis auto et moto avec l'Auto-\u00e9cole de la Gare de Clamart. D\u00e9marches ANTS.\",\"breadcrumb\":{\"@id\":\"https:\/\/de-vv.com\/garedeclamart\/pieces-a-fournir\/#breadcrumb\"},\"inLanguage\":\"fr-FR\",\"potentialAction\":[{\"@type\":\"ReadAction\",\"target\":[\"https:\/\/de-vv.com\/garedeclamart\/pieces-a-fournir\/\"]}]},{\"@type\":\"BreadcrumbList\",\"@id\":\"https:\/\/de-vv.com\/garedeclamart\/pieces-a-fournir\/#breadcrumb\",\"itemListElement\":[{\"@type\":\"ListItem\",\"position\":1,\"name\":\"Accueil\",\"item\":\"https:\/\/de-vv.com\/garedeclamart\/\"},{\"@type\":\"ListItem\",\"position\":2,\"name\":\"Pi\u00e8ces \u00e0 fournir\"}]},{\"@type\":\"WebSite\",\"@id\":\"https:\/\/de-vv.com\/garedeclamart\/#website\",\"url\":\"https:\/\/de-vv.com\/garedeclamart\/\",\"name\":\"Auto-\u00e9cole de la Gare \u00e0 Clamart\",\"description\":\"Permis Auto et Moto\",\"potentialAction\":[{\"@type\":\"SearchAction\",\"target\":{\"@type\":\"EntryPoint\",\"urlTemplate\":\"https:\/\/de-vv.com\/garedeclamart\/?s={search_term_string}\"},\"query-input\":\"required name=search_term_string\"}],\"inLanguage\":\"fr-FR\"}]}<\/script>\n<!-- \/ Yoast SEO plugin. -->","yoast_head_json":{"title":"Pi\u00e8ces \u00e0 fournir &#8211; Auto-\u00e9cole Gare \u00e0 Clamart","description":"Retrouvez la liste des documents \u00e0 fournir pour s'inscrire au permis auto et moto avec l'Auto-\u00e9cole de la Gare de Clamart. D\u00e9marches ANTS.","robots":{"index":"noindex","follow":"follow","max-snippet":"max-snippet:-1","max-image-preview":"max-image-preview:large","max-video-preview":"max-video-preview:-1"},"og_locale":"fr_FR","og_type":"article","og_title":"Pi\u00e8ces \u00e0 fournir &#8211; Auto-\u00e9cole Gare \u00e0 Clamart","og_description":"Retrouvez la liste des documents \u00e0 fournir pour s'inscrire au permis auto et moto avec l'Auto-\u00e9cole de la Gare de Clamart. D\u00e9marches ANTS.","og_url":"https:\/\/de-vv.com\/garedeclamart\/pieces-a-fournir\/","og_site_name":"Auto-\u00e9cole Gare","article_modified_time":"2023-04-23T09:05:27+00:00","og_image":[{"width":768,"height":512,"url":"https:\/\/de-vv.com\/garedeclamart\/wp-content\/uploads\/2023\/04\/Conduite-accompagnee-Auto-ecole-de-la-Gare-Clamart.png","type":"image\/png"}],"twitter_card":"summary_large_image","twitter_misc":{"Dur\u00e9e de lecture estim\u00e9e":"1 minute"},"schema":{"@context":"https:\/\/schema.org","@graph":[{"@type":"WebPage","@id":"https:\/\/de-vv.com\/garedeclamart\/pieces-a-fournir\/","url":"https:\/\/de-vv.com\/garedeclamart\/pieces-a-fournir\/","name":"Pi\u00e8ces \u00e0 fournir &#8211; Auto-\u00e9cole Gare \u00e0 Clamart","isPartOf":{"@id":"https:\/\/de-vv.com\/garedeclamart\/#website"},"datePublished":"2023-04-17T19:26:38+00:00","dateModified":"2023-04-23T09:05:27+00:00","description":"Retrouvez la liste des documents \u00e0 fournir pour s'inscrire au permis auto et moto avec l'Auto-\u00e9cole de la Gare de Clamart. D\u00e9marches ANTS.","breadcrumb":{"@id":"https:\/\/de-vv.com\/garedeclamart\/pieces-a-fournir\/#breadcrumb"},"inLanguage":"fr-FR","potentialAction":[{"@type":"ReadAction","target":["https:\/\/de-vv.com\/garedeclamart\/pieces-a-fournir\/"]}]},{"@type":"BreadcrumbList","@id":"https:\/\/de-vv.com\/garedeclamart\/pieces-a-fournir\/#breadcrumb","itemListElement":[{"@type":"ListItem","position":1,"name":"Accueil","item":"https:\/\/de-vv.com\/garedeclamart\/"},{"@type":"ListItem","position":2,"name":"Pi\u00e8ces \u00e0 fournir"}]},{"@type":"WebSite","@id":"https:\/\/de-vv.com\/garedeclamart\/#website","url":"https:\/\/de-vv.com\/garedeclamart\/","name":"Auto-\u00e9cole de la Gare \u00e0 Clamart","description":"Permis Auto et Moto","potentialAction":[{"@type":"SearchAction","target":{"@type":"EntryPoint","urlTemplate":"https:\/\/de-vv.com\/garedeclamart\/?s={search_term_string}"},"query-input":"required name=search_term_string"}],"inLanguage":"fr-FR"}]}},"_links":{"self":[{"href":"https:\/\/de-vv.com\/garedeclamart\/wp-json\/wp\/v2\/pages\/238"}],"collection":[{"href":"https:\/\/de-vv.com\/garedeclamart\/wp-json\/wp\/v2\/pages"}],"about":[{"href":"https:\/\/de-vv.com\/garedeclamart\/wp-json\/wp\/v2\/types\/page"}],"author":[{"embeddable":true,"href":"https:\/\/de-vv.com\/garedeclamart\/wp-json\/wp\/v2\/users\/1"}],"replies":[{"embeddable":true,"href":"https:\/\/de-vv.com\/garedeclamart\/wp-json\/wp\/v2\/comments?post=238"}],"version-history":[{"count":9,"href":"https:\/\/de-vv.com\/garedeclamart\/wp-json\/wp\/v2\/pages\/238\/revisions"}],"predecessor-version":[{"id":289,"href":"https:\/\/de-vv.com\/garedeclamart\/wp-json\/wp\/v2\/pages\/238\/revisions\/289"}],"wp:featuredmedia":[{"embeddable":true,"href":"https:\/\/de-vv.com\/garedeclamart\/wp-json\/wp\/v2\/media\/191"}],"wp:attachment":[{"href":"https:\/\/de-vv.com\/garedeclamart\/wp-json\/wp\/v2\/media?parent=238"}],"curies":[{"name":"wp","href":"https:\/\/api.w.org\/{rel}","templated":true}]}}