{"id":133,"date":"2023-12-25T11:14:32","date_gmt":"2023-12-25T10:14:32","guid":{"rendered":"https:\/\/de-vv.com\/poleposition\/?page_id=133"},"modified":"2023-12-25T11:14:32","modified_gmt":"2023-12-25T10:14:32","slug":"horaires-des-cours-theoriques","status":"publish","type":"page","link":"https:\/\/de-vv.com\/poleposition\/informations-utiles\/horaires-des-cours-theoriques\/","title":{"rendered":"Horaires des cours th\u00e9oriques"},"content":{"rendered":"[vc_row type=\u00a0\u00bbin_container\u00a0\u00bb full_screen_row_position=\u00a0\u00bbmiddle\u00a0\u00bb column_margin=\u00a0\u00bbdefault\u00a0\u00bb scene_position=\u00a0\u00bbcenter\u00a0\u00bb text_color=\u00a0\u00bbdark\u00a0\u00bb text_align=\u00a0\u00bbleft\u00a0\u00bb overlay_strength=\u00a0\u00bb0.3&Prime; shape_divider_position=\u00a0\u00bbbottom\u00a0\u00bb bg_image_animation=\u00a0\u00bbnone\u00a0\u00bb][vc_column column_padding=\u00a0\u00bbpadding-2-percent\u00a0\u00bb column_padding_position=\u00a0\u00bball\u00a0\u00bb background_color_opacity=\u00a0\u00bb1&Prime; background_hover_color_opacity=\u00a0\u00bb1&Prime; column_link_target=\u00a0\u00bb_self\u00a0\u00bb column_shadow=\u00a0\u00bbnone\u00a0\u00bb column_border_radius=\u00a0\u00bbnone\u00a0\u00bb width=\u00a0\u00bb1\/1&Prime; tablet_width_inherit=\u00a0\u00bbdefault\u00a0\u00bb tablet_text_alignment=\u00a0\u00bbdefault\u00a0\u00bb phone_text_alignment=\u00a0\u00bbdefault\u00a0\u00bb overlay_strength=\u00a0\u00bb0.3&Prime; column_border_width=\u00a0\u00bbnone\u00a0\u00bb column_border_style=\u00a0\u00bbsolid\u00a0\u00bb bg_image_animation=\u00a0\u00bbnone\u00a0\u00bb][vc_column_text]\n<h2>Horaires des cours th\u00e9oriques :<\/h2>\n<ul>\n<li>Mercredi de 14 heures \u00e0 18 heures<\/li>\n<li>Samedi de 10 heures \u00e0 12 heures<\/li>\n<\/ul>\n<h4>Les diff\u00e9rents types de cours th\u00e9oriques propos\u00e9s :<\/h4>\n<p>L\u2019auto-\u00e9cole propose des cours th\u00e9oriques portant sur les th\u00e9matiques de l\u2019\u00c9preuve Th\u00e9orique G\u00e9n\u00e9rale. Ces cours th\u00e9matiques sont dispens\u00e9s par un enseignant de la conduite et de la s\u00e9curit\u00e9 routi\u00e8re titulaire d\u2019une autorisation d\u2019enseigner en cours de validit\u00e9. Le moniteur fait participer les \u00e9l\u00e8ves, donne les explications n\u00e9cessaires et r\u00e9pond aux interrogations de chacun.<\/p>\n<p>L\u2019auto-\u00e9cole peut proposer \u00e9galement des cours collectifs sur les grands th\u00e8mes du code de la route, \u00e0 savoir :\u200b<\/p>\n<ul>\n<li>Alcool, Drogue, M\u00e9dicaments\u2026<\/li>\n<li>Vitesse, Ceinture de s\u00e9curit\u00e9\u2026<\/li>\n<li>Voies d\u2019acc\u00e9l\u00e9ration \/ d\u00e9c\u00e9l\u00e9ration, voies rapides, croisement \/ d\u00e9passement\u2026<\/li>\n<li>Conduite de nuit \/ intemp\u00e9ries\u2026<\/li>\n<li>Calcul des distances d\u2019arr\u00eat, temps de r\u00e9action, distance de freinage, distance de s\u00e9curit\u00e9\u2026<\/li>\n<li>\u2026<br \/>\n\u200b<\/li>\n<\/ul>\n<p>\u200bL&rsquo;auto-\u00e9cole propose \u00e9galement des plages horaires pour des entra\u00eenements \u00e0 l\u2019Epreuve Th\u00e9orique G\u00e9n\u00e9rale.<\/p>\n<p>Il s\u2019agit de cours individuels. Un moniteur est pr\u00e9sent pour r\u00e9pondre aux interrogations des \u00e9l\u00e8ves. Un suivi des scores est r\u00e9alis\u00e9 gr\u00e2ce \u00e0 l\u2019enregistrement de chaque s\u00e9ance. L\u2019\u00e9l\u00e8ve peut demander \u00e0 tout moment, sa fiche de progression th\u00e9matique, avec mise en avant des chapitres qu\u2019il doit travailler en priorit\u00e9 pour progresser.[\/vc_column_text][\/vc_column][\/vc_row]\n","protected":false},"excerpt":{"rendered":"<p>[vc_row type=\u00a0\u00bbin_container\u00a0\u00bb full_screen_row_position=\u00a0\u00bbmiddle\u00a0\u00bb column_margin=\u00a0\u00bbdefault\u00a0\u00bb scene_position=\u00a0\u00bbcenter\u00a0\u00bb text_color=\u00a0\u00bbdark\u00a0\u00bb text_align=\u00a0\u00bbleft\u00a0\u00bb overlay_strength=\u00a0\u00bb0.3&Prime; shape_divider_position=\u00a0\u00bbbottom\u00a0\u00bb bg_image_animation=\u00a0\u00bbnone\u00a0\u00bb][vc_column column_padding=\u00a0\u00bbpadding-2-percent\u00a0\u00bb column_padding_position=\u00a0\u00bball\u00a0\u00bb background_color_opacity=\u00a0\u00bb1&Prime; background_hover_color_opacity=\u00a0\u00bb1&Prime; column_link_target=\u00a0\u00bb_self\u00a0\u00bb column_shadow=\u00a0\u00bbnone\u00a0\u00bb column_border_radius=\u00a0\u00bbnone\u00a0\u00bb width=\u00a0\u00bb1\/1&Prime; tablet_width_inherit=\u00a0\u00bbdefault\u00a0\u00bb tablet_text_alignment=\u00a0\u00bbdefault\u00a0\u00bb phone_text_alignment=\u00a0\u00bbdefault\u00a0\u00bb overlay_strength=\u00a0\u00bb0.3&Prime; column_border_width=\u00a0\u00bbnone\u00a0\u00bb column_border_style=\u00a0\u00bbsolid\u00a0\u00bb bg_image_animation=\u00a0\u00bbnone\u00a0\u00bb][vc_column_text] Horaires des cours th\u00e9oriques :&#8230;<\/p>\n","protected":false},"author":1,"featured_media":0,"parent":21,"menu_order":0,"comment_status":"closed","ping_status":"closed","template":"","meta":{"footnotes":""},"yoast_head":"<!-- This site is optimized with the Yoast SEO plugin v23.5 - https:\/\/yoast.com\/wordpress\/plugins\/seo\/ -->\n<title>Horaires des cours th\u00e9oriques - Auto-\u00e9cole Pole Position 28<\/title>\n<meta name=\"robots\" content=\"noindex, follow, max-snippet:-1, max-image-preview:large, max-video-preview:-1\" \/>\n<meta property=\"og:locale\" content=\"fr_FR\" \/>\n<meta property=\"og:type\" content=\"article\" \/>\n<meta property=\"og:title\" content=\"Horaires des cours th\u00e9oriques - Auto-\u00e9cole Pole Position 28\" \/>\n<meta property=\"og:description\" content=\"[vc_row type=\u00a0\u00bbin_container\u00a0\u00bb full_screen_row_position=\u00a0\u00bbmiddle\u00a0\u00bb column_margin=\u00a0\u00bbdefault\u00a0\u00bb scene_position=\u00a0\u00bbcenter\u00a0\u00bb text_color=\u00a0\u00bbdark\u00a0\u00bb text_align=\u00a0\u00bbleft\u00a0\u00bb overlay_strength=\u00a0\u00bb0.3&Prime; shape_divider_position=\u00a0\u00bbbottom\u00a0\u00bb bg_image_animation=\u00a0\u00bbnone\u00a0\u00bb][vc_column column_padding=\u00a0\u00bbpadding-2-percent\u00a0\u00bb column_padding_position=\u00a0\u00bball\u00a0\u00bb background_color_opacity=\u00a0\u00bb1&Prime; background_hover_color_opacity=\u00a0\u00bb1&Prime; column_link_target=\u00a0\u00bb_self\u00a0\u00bb column_shadow=\u00a0\u00bbnone\u00a0\u00bb column_border_radius=\u00a0\u00bbnone\u00a0\u00bb width=\u00a0\u00bb1\/1&Prime; tablet_width_inherit=\u00a0\u00bbdefault\u00a0\u00bb tablet_text_alignment=\u00a0\u00bbdefault\u00a0\u00bb phone_text_alignment=\u00a0\u00bbdefault\u00a0\u00bb overlay_strength=\u00a0\u00bb0.3&Prime; column_border_width=\u00a0\u00bbnone\u00a0\u00bb column_border_style=\u00a0\u00bbsolid\u00a0\u00bb bg_image_animation=\u00a0\u00bbnone\u00a0\u00bb][vc_column_text] Horaires des cours th\u00e9oriques :...\" \/>\n<meta property=\"og:url\" content=\"https:\/\/de-vv.com\/poleposition\/informations-utiles\/horaires-des-cours-theoriques\/\" \/>\n<meta property=\"og:site_name\" content=\"Auto-\u00e9cole Pole Position 28\" \/>\n<meta name=\"twitter:card\" content=\"summary_large_image\" \/>\n<meta name=\"twitter:label1\" content=\"Dur\u00e9e de lecture estim\u00e9e\" \/>\n\t<meta name=\"twitter:data1\" content=\"2 minutes\" \/>\n<script type=\"application\/ld+json\" class=\"yoast-schema-graph\">{\"@context\":\"https:\/\/schema.org\",\"@graph\":[{\"@type\":\"WebPage\",\"@id\":\"https:\/\/de-vv.com\/poleposition\/informations-utiles\/horaires-des-cours-theoriques\/\",\"url\":\"https:\/\/de-vv.com\/poleposition\/informations-utiles\/horaires-des-cours-theoriques\/\",\"name\":\"Horaires des cours th\u00e9oriques - Auto-\u00e9cole Pole Position 28\",\"isPartOf\":{\"@id\":\"https:\/\/de-vv.com\/poleposition\/#website\"},\"datePublished\":\"2023-12-25T10:14:32+00:00\",\"dateModified\":\"2023-12-25T10:14:32+00:00\",\"breadcrumb\":{\"@id\":\"https:\/\/de-vv.com\/poleposition\/informations-utiles\/horaires-des-cours-theoriques\/#breadcrumb\"},\"inLanguage\":\"fr-FR\",\"potentialAction\":[{\"@type\":\"ReadAction\",\"target\":[\"https:\/\/de-vv.com\/poleposition\/informations-utiles\/horaires-des-cours-theoriques\/\"]}]},{\"@type\":\"BreadcrumbList\",\"@id\":\"https:\/\/de-vv.com\/poleposition\/informations-utiles\/horaires-des-cours-theoriques\/#breadcrumb\",\"itemListElement\":[{\"@type\":\"ListItem\",\"position\":1,\"name\":\"Accueil\",\"item\":\"https:\/\/de-vv.com\/poleposition\/\"},{\"@type\":\"ListItem\",\"position\":2,\"name\":\"Informations utiles\",\"item\":\"https:\/\/de-vv.com\/poleposition\/informations-utiles\/\"},{\"@type\":\"ListItem\",\"position\":3,\"name\":\"Horaires des cours th\u00e9oriques\"}]},{\"@type\":\"WebSite\",\"@id\":\"https:\/\/de-vv.com\/poleposition\/#website\",\"url\":\"https:\/\/de-vv.com\/poleposition\/\",\"name\":\"Auto-\u00e9cole Pole Position 28\",\"description\":\"Permis auto et moto \u00e0 Dreux\",\"potentialAction\":[{\"@type\":\"SearchAction\",\"target\":{\"@type\":\"EntryPoint\",\"urlTemplate\":\"https:\/\/de-vv.com\/poleposition\/?s={search_term_string}\"},\"query-input\":{\"@type\":\"PropertyValueSpecification\",\"valueRequired\":true,\"valueName\":\"search_term_string\"}}],\"inLanguage\":\"fr-FR\"}]}<\/script>\n<!-- \/ Yoast SEO plugin. -->","yoast_head_json":{"title":"Horaires des cours th\u00e9oriques - Auto-\u00e9cole Pole Position 28","robots":{"index":"noindex","follow":"follow","max-snippet":"max-snippet:-1","max-image-preview":"max-image-preview:large","max-video-preview":"max-video-preview:-1"},"og_locale":"fr_FR","og_type":"article","og_title":"Horaires des cours th\u00e9oriques - Auto-\u00e9cole Pole Position 28","og_description":"[vc_row type=\u00a0\u00bbin_container\u00a0\u00bb full_screen_row_position=\u00a0\u00bbmiddle\u00a0\u00bb column_margin=\u00a0\u00bbdefault\u00a0\u00bb scene_position=\u00a0\u00bbcenter\u00a0\u00bb text_color=\u00a0\u00bbdark\u00a0\u00bb text_align=\u00a0\u00bbleft\u00a0\u00bb overlay_strength=\u00a0\u00bb0.3&Prime; shape_divider_position=\u00a0\u00bbbottom\u00a0\u00bb bg_image_animation=\u00a0\u00bbnone\u00a0\u00bb][vc_column column_padding=\u00a0\u00bbpadding-2-percent\u00a0\u00bb column_padding_position=\u00a0\u00bball\u00a0\u00bb background_color_opacity=\u00a0\u00bb1&Prime; background_hover_color_opacity=\u00a0\u00bb1&Prime; column_link_target=\u00a0\u00bb_self\u00a0\u00bb column_shadow=\u00a0\u00bbnone\u00a0\u00bb column_border_radius=\u00a0\u00bbnone\u00a0\u00bb width=\u00a0\u00bb1\/1&Prime; tablet_width_inherit=\u00a0\u00bbdefault\u00a0\u00bb tablet_text_alignment=\u00a0\u00bbdefault\u00a0\u00bb phone_text_alignment=\u00a0\u00bbdefault\u00a0\u00bb overlay_strength=\u00a0\u00bb0.3&Prime; column_border_width=\u00a0\u00bbnone\u00a0\u00bb column_border_style=\u00a0\u00bbsolid\u00a0\u00bb bg_image_animation=\u00a0\u00bbnone\u00a0\u00bb][vc_column_text] Horaires des cours th\u00e9oriques :...","og_url":"https:\/\/de-vv.com\/poleposition\/informations-utiles\/horaires-des-cours-theoriques\/","og_site_name":"Auto-\u00e9cole Pole Position 28","twitter_card":"summary_large_image","twitter_misc":{"Dur\u00e9e de lecture estim\u00e9e":"2 minutes"},"schema":{"@context":"https:\/\/schema.org","@graph":[{"@type":"WebPage","@id":"https:\/\/de-vv.com\/poleposition\/informations-utiles\/horaires-des-cours-theoriques\/","url":"https:\/\/de-vv.com\/poleposition\/informations-utiles\/horaires-des-cours-theoriques\/","name":"Horaires des cours th\u00e9oriques - Auto-\u00e9cole Pole Position 28","isPartOf":{"@id":"https:\/\/de-vv.com\/poleposition\/#website"},"datePublished":"2023-12-25T10:14:32+00:00","dateModified":"2023-12-25T10:14:32+00:00","breadcrumb":{"@id":"https:\/\/de-vv.com\/poleposition\/informations-utiles\/horaires-des-cours-theoriques\/#breadcrumb"},"inLanguage":"fr-FR","potentialAction":[{"@type":"ReadAction","target":["https:\/\/de-vv.com\/poleposition\/informations-utiles\/horaires-des-cours-theoriques\/"]}]},{"@type":"BreadcrumbList","@id":"https:\/\/de-vv.com\/poleposition\/informations-utiles\/horaires-des-cours-theoriques\/#breadcrumb","itemListElement":[{"@type":"ListItem","position":1,"name":"Accueil","item":"https:\/\/de-vv.com\/poleposition\/"},{"@type":"ListItem","position":2,"name":"Informations utiles","item":"https:\/\/de-vv.com\/poleposition\/informations-utiles\/"},{"@type":"ListItem","position":3,"name":"Horaires des cours th\u00e9oriques"}]},{"@type":"WebSite","@id":"https:\/\/de-vv.com\/poleposition\/#website","url":"https:\/\/de-vv.com\/poleposition\/","name":"Auto-\u00e9cole Pole Position 28","description":"Permis auto et moto \u00e0 Dreux","potentialAction":[{"@type":"SearchAction","target":{"@type":"EntryPoint","urlTemplate":"https:\/\/de-vv.com\/poleposition\/?s={search_term_string}"},"query-input":{"@type":"PropertyValueSpecification","valueRequired":true,"valueName":"search_term_string"}}],"inLanguage":"fr-FR"}]}},"_links":{"self":[{"href":"https:\/\/de-vv.com\/poleposition\/wp-json\/wp\/v2\/pages\/133"}],"collection":[{"href":"https:\/\/de-vv.com\/poleposition\/wp-json\/wp\/v2\/pages"}],"about":[{"href":"https:\/\/de-vv.com\/poleposition\/wp-json\/wp\/v2\/types\/page"}],"author":[{"embeddable":true,"href":"https:\/\/de-vv.com\/poleposition\/wp-json\/wp\/v2\/users\/1"}],"replies":[{"embeddable":true,"href":"https:\/\/de-vv.com\/poleposition\/wp-json\/wp\/v2\/comments?post=133"}],"version-history":[{"count":1,"href":"https:\/\/de-vv.com\/poleposition\/wp-json\/wp\/v2\/pages\/133\/revisions"}],"predecessor-version":[{"id":134,"href":"https:\/\/de-vv.com\/poleposition\/wp-json\/wp\/v2\/pages\/133\/revisions\/134"}],"up":[{"embeddable":true,"href":"https:\/\/de-vv.com\/poleposition\/wp-json\/wp\/v2\/pages\/21"}],"wp:attachment":[{"href":"https:\/\/de-vv.com\/poleposition\/wp-json\/wp\/v2\/media?parent=133"}],"curies":[{"name":"wp","href":"https:\/\/api.w.org\/{rel}","templated":true}]}}